{"id":889,"date":"2022-08-26T16:14:38","date_gmt":"2022-08-26T21:14:38","guid":{"rendered":"https:\/\/librosdeoro.cafam.com.co\/libro2024\/?page_id=889"},"modified":"2022-08-29T09:42:18","modified_gmt":"2022-08-29T14:42:18","slug":"mujercafam2020","status":"publish","type":"page","link":"https:\/\/librosdeoro.cafam.com.co\/libro2024\/mujercafam2020\/","title":{"rendered":"MUJER CAFAM 2020"},"content":{"rendered":"","protected":false},"excerpt":{"rendered":"","protected":false},"author":4,"featured_media":940,"parent":0,"menu_order":0,"comment_status":"closed","ping_status":"closed","template":"","meta":{"footnotes":""},"class_list":["post-889","page","type-page","status-publish","has-post-thumbnail","hentry"],"yoast_head":"<!-- This site is optimized with the Yoast SEO plugin v23.1 - https:\/\/yoast.com\/wordpress\/plugins\/seo\/ -->\n<title>Johana Baham\u00f3n G\u00f3mez 2020-2021 - Libros de Oro 2024<\/title>\n<meta name=\"description\" content=\"Representante de Bogot\u00e1, ganadora en 2020-2021. Fundaci\u00f3n Acci\u00f3n Interna, mejorar la calidad de vida de la poblaci\u00f3n carcelaria en el pa\u00eds\" \/>\n<meta name=\"robots\" content=\"index, follow, max-snippet:-1, max-image-preview:large, max-video-preview:-1\" \/>\n<link rel=\"canonical\" href=\"https:\/\/librosdeoro.cafam.com.co\/libro2024\/mujercafam2020\/\" \/>\n<meta property=\"og:locale\" content=\"es_ES\" \/>\n<meta property=\"og:type\" content=\"article\" \/>\n<meta property=\"og:title\" content=\"Johana Baham\u00f3n G\u00f3mez 2020-2021 - Libros de Oro 2024\" \/>\n<meta property=\"og:description\" content=\"Representante de Bogot\u00e1, ganadora en 2020-2021. Fundaci\u00f3n Acci\u00f3n Interna, mejorar la calidad de vida de la poblaci\u00f3n carcelaria en el pa\u00eds\" \/>\n<meta property=\"og:url\" content=\"https:\/\/librosdeoro.cafam.com.co\/libro2024\/mujercafam2020\/\" \/>\n<meta property=\"og:site_name\" content=\"Libros de Oro 2024\" \/>\n<meta property=\"article:modified_time\" content=\"2022-08-29T14:42:18+00:00\" \/>\n<meta property=\"og:image\" content=\"https:\/\/librosdeoro.cafam.com.co\/wp-content\/uploads\/sites\/12\/2022\/08\/Johana-Bahamon-Ganadora-2020.jpg\" \/>\n\t<meta property=\"og:image:width\" content=\"450\" \/>\n\t<meta property=\"og:image:height\" content=\"600\" \/>\n\t<meta property=\"og:image:type\" content=\"image\/jpeg\" \/>\n<meta name=\"twitter:card\" content=\"summary_large_image\" \/>\n<script type=\"application\/ld+json\" class=\"yoast-schema-graph\">{\"@context\":\"https:\/\/schema.org\",\"@graph\":[{\"@type\":\"WebPage\",\"@id\":\"https:\/\/librosdeoro.cafam.com.co\/libro2024\/mujercafam2020\/\",\"url\":\"https:\/\/librosdeoro.cafam.com.co\/libro2024\/mujercafam2020\/\",\"name\":\"Johana Baham\u00f3n G\u00f3mez 2020-2021 - Libros de Oro 2024\",\"isPartOf\":{\"@id\":\"https:\/\/librosdeoro.cafam.com.co\/libro2024\/#website\"},\"primaryImageOfPage\":{\"@id\":\"https:\/\/librosdeoro.cafam.com.co\/libro2024\/mujercafam2020\/#primaryimage\"},\"image\":{\"@id\":\"https:\/\/librosdeoro.cafam.com.co\/libro2024\/mujercafam2020\/#primaryimage\"},\"thumbnailUrl\":\"https:\/\/librosdeoro.cafam.com.co\/libro2024\/wp-content\/uploads\/sites\/12\/2022\/08\/Johana-Bahamon-Ganadora-2020.jpg\",\"datePublished\":\"2022-08-26T21:14:38+00:00\",\"dateModified\":\"2022-08-29T14:42:18+00:00\",\"description\":\"Representante de Bogot\u00e1, ganadora en 2020-2021. Fundaci\u00f3n Acci\u00f3n Interna, mejorar la calidad de vida de la poblaci\u00f3n carcelaria en el pa\u00eds\",\"breadcrumb\":{\"@id\":\"https:\/\/librosdeoro.cafam.com.co\/libro2024\/mujercafam2020\/#breadcrumb\"},\"inLanguage\":\"es-CO\",\"potentialAction\":[{\"@type\":\"ReadAction\",\"target\":[\"https:\/\/librosdeoro.cafam.com.co\/libro2024\/mujercafam2020\/\"]}]},{\"@type\":\"ImageObject\",\"inLanguage\":\"es-CO\",\"@id\":\"https:\/\/librosdeoro.cafam.com.co\/libro2024\/mujercafam2020\/#primaryimage\",\"url\":\"https:\/\/librosdeoro.cafam.com.co\/libro2024\/wp-content\/uploads\/sites\/12\/2022\/08\/Johana-Bahamon-Ganadora-2020.jpg\",\"contentUrl\":\"https:\/\/librosdeoro.cafam.com.co\/libro2024\/wp-content\/uploads\/sites\/12\/2022\/08\/Johana-Bahamon-Ganadora-2020.jpg\",\"width\":450,\"height\":600,\"caption\":\"Johana Bahamon Ganadora 2020\"},{\"@type\":\"BreadcrumbList\",\"@id\":\"https:\/\/librosdeoro.cafam.com.co\/libro2024\/mujercafam2020\/#breadcrumb\",\"itemListElement\":[{\"@type\":\"ListItem\",\"position\":1,\"name\":\"Home\",\"item\":\"https:\/\/librosdeoro.cafam.com.co\/libro2024\/\"},{\"@type\":\"ListItem\",\"position\":2,\"name\":\"MUJER CAFAM 2020\"}]},{\"@type\":\"WebSite\",\"@id\":\"https:\/\/librosdeoro.cafam.com.co\/libro2024\/#website\",\"url\":\"https:\/\/librosdeoro.cafam.com.co\/libro2024\/\",\"name\":\"Libros de Oro 2024\",\"description\":\"\",\"potentialAction\":[{\"@type\":\"SearchAction\",\"target\":{\"@type\":\"EntryPoint\",\"urlTemplate\":\"https:\/\/librosdeoro.cafam.com.co\/libro2024\/?s={search_term_string}\"},\"query-input\":\"required name=search_term_string\"}],\"inLanguage\":\"es-CO\"}]}<\/script>\n<!-- \/ Yoast SEO plugin. -->","yoast_head_json":{"title":"Johana Baham\u00f3n G\u00f3mez 2020-2021 - Libros de Oro 2024","description":"Representante de Bogot\u00e1, ganadora en 2020-2021. Fundaci\u00f3n Acci\u00f3n Interna, mejorar la calidad de vida de la poblaci\u00f3n carcelaria en el pa\u00eds","robots":{"index":"index","follow":"follow","max-snippet":"max-snippet:-1","max-image-preview":"max-image-preview:large","max-video-preview":"max-video-preview:-1"},"canonical":"https:\/\/librosdeoro.cafam.com.co\/libro2024\/mujercafam2020\/","og_locale":"es_ES","og_type":"article","og_title":"Johana Baham\u00f3n G\u00f3mez 2020-2021 - Libros de Oro 2024","og_description":"Representante de Bogot\u00e1, ganadora en 2020-2021. Fundaci\u00f3n Acci\u00f3n Interna, mejorar la calidad de vida de la poblaci\u00f3n carcelaria en el pa\u00eds","og_url":"https:\/\/librosdeoro.cafam.com.co\/libro2024\/mujercafam2020\/","og_site_name":"Libros de Oro 2024","article_modified_time":"2022-08-29T14:42:18+00:00","og_image":[{"width":450,"height":600,"url":"https:\/\/librosdeoro.cafam.com.co\/wp-content\/uploads\/sites\/12\/2022\/08\/Johana-Bahamon-Ganadora-2020.jpg","type":"image\/jpeg"}],"twitter_card":"summary_large_image","schema":{"@context":"https:\/\/schema.org","@graph":[{"@type":"WebPage","@id":"https:\/\/librosdeoro.cafam.com.co\/libro2024\/mujercafam2020\/","url":"https:\/\/librosdeoro.cafam.com.co\/libro2024\/mujercafam2020\/","name":"Johana Baham\u00f3n G\u00f3mez 2020-2021 - Libros de Oro 2024","isPartOf":{"@id":"https:\/\/librosdeoro.cafam.com.co\/libro2024\/#website"},"primaryImageOfPage":{"@id":"https:\/\/librosdeoro.cafam.com.co\/libro2024\/mujercafam2020\/#primaryimage"},"image":{"@id":"https:\/\/librosdeoro.cafam.com.co\/libro2024\/mujercafam2020\/#primaryimage"},"thumbnailUrl":"https:\/\/librosdeoro.cafam.com.co\/libro2024\/wp-content\/uploads\/sites\/12\/2022\/08\/Johana-Bahamon-Ganadora-2020.jpg","datePublished":"2022-08-26T21:14:38+00:00","dateModified":"2022-08-29T14:42:18+00:00","description":"Representante de Bogot\u00e1, ganadora en 2020-2021. Fundaci\u00f3n Acci\u00f3n Interna, mejorar la calidad de vida de la poblaci\u00f3n carcelaria en el pa\u00eds","breadcrumb":{"@id":"https:\/\/librosdeoro.cafam.com.co\/libro2024\/mujercafam2020\/#breadcrumb"},"inLanguage":"es-CO","potentialAction":[{"@type":"ReadAction","target":["https:\/\/librosdeoro.cafam.com.co\/libro2024\/mujercafam2020\/"]}]},{"@type":"ImageObject","inLanguage":"es-CO","@id":"https:\/\/librosdeoro.cafam.com.co\/libro2024\/mujercafam2020\/#primaryimage","url":"https:\/\/librosdeoro.cafam.com.co\/libro2024\/wp-content\/uploads\/sites\/12\/2022\/08\/Johana-Bahamon-Ganadora-2020.jpg","contentUrl":"https:\/\/librosdeoro.cafam.com.co\/libro2024\/wp-content\/uploads\/sites\/12\/2022\/08\/Johana-Bahamon-Ganadora-2020.jpg","width":450,"height":600,"caption":"Johana Bahamon Ganadora 2020"},{"@type":"BreadcrumbList","@id":"https:\/\/librosdeoro.cafam.com.co\/libro2024\/mujercafam2020\/#breadcrumb","itemListElement":[{"@type":"ListItem","position":1,"name":"Home","item":"https:\/\/librosdeoro.cafam.com.co\/libro2024\/"},{"@type":"ListItem","position":2,"name":"MUJER CAFAM 2020"}]},{"@type":"WebSite","@id":"https:\/\/librosdeoro.cafam.com.co\/libro2024\/#website","url":"https:\/\/librosdeoro.cafam.com.co\/libro2024\/","name":"Libros de Oro 2024","description":"","potentialAction":[{"@type":"SearchAction","target":{"@type":"EntryPoint","urlTemplate":"https:\/\/librosdeoro.cafam.com.co\/libro2024\/?s={search_term_string}"},"query-input":"required name=search_term_string"}],"inLanguage":"es-CO"}]}},"_links":{"self":[{"href":"https:\/\/librosdeoro.cafam.com.co\/libro2024\/wp-json\/wp\/v2\/pages\/889","targetHints":{"allow":["GET"]}}],"collection":[{"href":"https:\/\/librosdeoro.cafam.com.co\/libro2024\/wp-json\/wp\/v2\/pages"}],"about":[{"href":"https:\/\/librosdeoro.cafam.com.co\/libro2024\/wp-json\/wp\/v2\/types\/page"}],"author":[{"embeddable":true,"href":"https:\/\/librosdeoro.cafam.com.co\/libro2024\/wp-json\/wp\/v2\/users\/4"}],"replies":[{"embeddable":true,"href":"https:\/\/librosdeoro.cafam.com.co\/libro2024\/wp-json\/wp\/v2\/comments?post=889"}],"version-history":[{"count":3,"href":"https:\/\/librosdeoro.cafam.com.co\/libro2024\/wp-json\/wp\/v2\/pages\/889\/revisions"}],"predecessor-version":[{"id":895,"href":"https:\/\/librosdeoro.cafam.com.co\/libro2024\/wp-json\/wp\/v2\/pages\/889\/revisions\/895"}],"wp:featuredmedia":[{"embeddable":true,"href":"https:\/\/librosdeoro.cafam.com.co\/libro2024\/wp-json\/wp\/v2\/media\/940"}],"wp:attachment":[{"href":"https:\/\/librosdeoro.cafam.com.co\/libro2024\/wp-json\/wp\/v2\/media?parent=889"}],"curies":[{"name":"wp","href":"https:\/\/api.w.org\/{rel}","templated":true}]}}