{"id":557,"date":"2022-07-15T16:50:02","date_gmt":"2022-07-15T16:50:02","guid":{"rendered":"https:\/\/librosdeoro.cafam.com.co\/libro2024\/?page_id=557"},"modified":"2022-07-15T17:02:35","modified_gmt":"2022-07-15T17:02:35","slug":"yolanda-gonzalez-gonzalez","status":"publish","type":"page","link":"https:\/\/librosdeoro.cafam.com.co\/libro2024\/yolanda-gonzalez-gonzalez\/","title":{"rendered":"YOLANDA GONZ\u00c1LEZ GONZ\u00c1LEZ"},"content":{"rendered":"","protected":false},"excerpt":{"rendered":"","protected":false},"author":4,"featured_media":319,"parent":0,"menu_order":0,"comment_status":"closed","ping_status":"closed","template":"","meta":{"footnotes":""},"class_list":["post-557","page","type-page","status-publish","has-post-thumbnail","hentry"],"yoast_head":"<!-- This site is optimized with the Yoast SEO plugin v23.1 - https:\/\/yoast.com\/wordpress\/plugins\/seo\/ -->\n<title>Yolanda Gonz\u00e1lez Gonz\u00e1lez 2003 - Libros de Oro 2024<\/title>\n<meta name=\"description\" content=\"Yolanda Gonz\u00e1lez, Representante de Santander, ganadora en 2003. programas de apoyo a las personas afectadas por las minas antipersonales,\" \/>\n<meta name=\"robots\" content=\"index, follow, max-snippet:-1, max-image-preview:large, max-video-preview:-1\" \/>\n<link rel=\"canonical\" href=\"https:\/\/librosdeoro.cafam.com.co\/libro2024\/yolanda-gonzalez-gonzalez\/\" \/>\n<meta property=\"og:locale\" content=\"es_ES\" \/>\n<meta property=\"og:type\" content=\"article\" \/>\n<meta property=\"og:title\" content=\"Yolanda Gonz\u00e1lez Gonz\u00e1lez 2003 - Libros de Oro 2024\" \/>\n<meta property=\"og:description\" content=\"Yolanda Gonz\u00e1lez, Representante de Santander, ganadora en 2003. programas de apoyo a las personas afectadas por las minas antipersonales,\" \/>\n<meta property=\"og:url\" content=\"https:\/\/librosdeoro.cafam.com.co\/libro2024\/yolanda-gonzalez-gonzalez\/\" \/>\n<meta property=\"og:site_name\" content=\"Libros de Oro 2024\" \/>\n<meta property=\"article:modified_time\" content=\"2022-07-15T17:02:35+00:00\" \/>\n<meta property=\"og:image\" content=\"https:\/\/librosdeoro.cafam.com.co\/wp-content\/uploads\/sites\/12\/2022\/07\/15-Yolanda-Gonzalez-Gonzalez.jpg\" \/>\n\t<meta property=\"og:image:width\" content=\"500\" \/>\n\t<meta property=\"og:image:height\" content=\"637\" \/>\n\t<meta property=\"og:image:type\" content=\"image\/jpeg\" \/>\n<meta name=\"twitter:card\" content=\"summary_large_image\" \/>\n<script type=\"application\/ld+json\" class=\"yoast-schema-graph\">{\"@context\":\"https:\/\/schema.org\",\"@graph\":[{\"@type\":\"WebPage\",\"@id\":\"https:\/\/librosdeoro.cafam.com.co\/libro2024\/yolanda-gonzalez-gonzalez\/\",\"url\":\"https:\/\/librosdeoro.cafam.com.co\/libro2024\/yolanda-gonzalez-gonzalez\/\",\"name\":\"Yolanda Gonz\u00e1lez Gonz\u00e1lez 2003 - Libros de Oro 2024\",\"isPartOf\":{\"@id\":\"https:\/\/librosdeoro.cafam.com.co\/libro2024\/#website\"},\"primaryImageOfPage\":{\"@id\":\"https:\/\/librosdeoro.cafam.com.co\/libro2024\/yolanda-gonzalez-gonzalez\/#primaryimage\"},\"image\":{\"@id\":\"https:\/\/librosdeoro.cafam.com.co\/libro2024\/yolanda-gonzalez-gonzalez\/#primaryimage\"},\"thumbnailUrl\":\"https:\/\/librosdeoro.cafam.com.co\/libro2024\/wp-content\/uploads\/sites\/12\/2022\/07\/15-Yolanda-Gonzalez-Gonzalez.jpg\",\"datePublished\":\"2022-07-15T16:50:02+00:00\",\"dateModified\":\"2022-07-15T17:02:35+00:00\",\"description\":\"Yolanda Gonz\u00e1lez, Representante de Santander, ganadora en 2003. programas de apoyo a las personas afectadas por las minas antipersonales,\",\"breadcrumb\":{\"@id\":\"https:\/\/librosdeoro.cafam.com.co\/libro2024\/yolanda-gonzalez-gonzalez\/#breadcrumb\"},\"inLanguage\":\"es-CO\",\"potentialAction\":[{\"@type\":\"ReadAction\",\"target\":[\"https:\/\/librosdeoro.cafam.com.co\/libro2024\/yolanda-gonzalez-gonzalez\/\"]}]},{\"@type\":\"ImageObject\",\"inLanguage\":\"es-CO\",\"@id\":\"https:\/\/librosdeoro.cafam.com.co\/libro2024\/yolanda-gonzalez-gonzalez\/#primaryimage\",\"url\":\"https:\/\/librosdeoro.cafam.com.co\/libro2024\/wp-content\/uploads\/sites\/12\/2022\/07\/15-Yolanda-Gonzalez-Gonzalez.jpg\",\"contentUrl\":\"https:\/\/librosdeoro.cafam.com.co\/libro2024\/wp-content\/uploads\/sites\/12\/2022\/07\/15-Yolanda-Gonzalez-Gonzalez.jpg\",\"width\":500,\"height\":637,\"caption\":\"Yolanda Gonz\u00e1lez Gonz\u00e1lez\"},{\"@type\":\"BreadcrumbList\",\"@id\":\"https:\/\/librosdeoro.cafam.com.co\/libro2024\/yolanda-gonzalez-gonzalez\/#breadcrumb\",\"itemListElement\":[{\"@type\":\"ListItem\",\"position\":1,\"name\":\"Home\",\"item\":\"https:\/\/librosdeoro.cafam.com.co\/libro2024\/\"},{\"@type\":\"ListItem\",\"position\":2,\"name\":\"YOLANDA GONZ\u00c1LEZ GONZ\u00c1LEZ\"}]},{\"@type\":\"WebSite\",\"@id\":\"https:\/\/librosdeoro.cafam.com.co\/libro2024\/#website\",\"url\":\"https:\/\/librosdeoro.cafam.com.co\/libro2024\/\",\"name\":\"Libros de Oro 2024\",\"description\":\"\",\"potentialAction\":[{\"@type\":\"SearchAction\",\"target\":{\"@type\":\"EntryPoint\",\"urlTemplate\":\"https:\/\/librosdeoro.cafam.com.co\/libro2024\/?s={search_term_string}\"},\"query-input\":\"required name=search_term_string\"}],\"inLanguage\":\"es-CO\"}]}<\/script>\n<!-- \/ Yoast SEO plugin. -->","yoast_head_json":{"title":"Yolanda Gonz\u00e1lez Gonz\u00e1lez 2003 - Libros de Oro 2024","description":"Yolanda Gonz\u00e1lez, Representante de Santander, ganadora en 2003. programas de apoyo a las personas afectadas por las minas antipersonales,","robots":{"index":"index","follow":"follow","max-snippet":"max-snippet:-1","max-image-preview":"max-image-preview:large","max-video-preview":"max-video-preview:-1"},"canonical":"https:\/\/librosdeoro.cafam.com.co\/libro2024\/yolanda-gonzalez-gonzalez\/","og_locale":"es_ES","og_type":"article","og_title":"Yolanda Gonz\u00e1lez Gonz\u00e1lez 2003 - Libros de Oro 2024","og_description":"Yolanda Gonz\u00e1lez, Representante de Santander, ganadora en 2003. programas de apoyo a las personas afectadas por las minas antipersonales,","og_url":"https:\/\/librosdeoro.cafam.com.co\/libro2024\/yolanda-gonzalez-gonzalez\/","og_site_name":"Libros de Oro 2024","article_modified_time":"2022-07-15T17:02:35+00:00","og_image":[{"width":500,"height":637,"url":"https:\/\/librosdeoro.cafam.com.co\/wp-content\/uploads\/sites\/12\/2022\/07\/15-Yolanda-Gonzalez-Gonzalez.jpg","type":"image\/jpeg"}],"twitter_card":"summary_large_image","schema":{"@context":"https:\/\/schema.org","@graph":[{"@type":"WebPage","@id":"https:\/\/librosdeoro.cafam.com.co\/libro2024\/yolanda-gonzalez-gonzalez\/","url":"https:\/\/librosdeoro.cafam.com.co\/libro2024\/yolanda-gonzalez-gonzalez\/","name":"Yolanda Gonz\u00e1lez Gonz\u00e1lez 2003 - Libros de Oro 2024","isPartOf":{"@id":"https:\/\/librosdeoro.cafam.com.co\/libro2024\/#website"},"primaryImageOfPage":{"@id":"https:\/\/librosdeoro.cafam.com.co\/libro2024\/yolanda-gonzalez-gonzalez\/#primaryimage"},"image":{"@id":"https:\/\/librosdeoro.cafam.com.co\/libro2024\/yolanda-gonzalez-gonzalez\/#primaryimage"},"thumbnailUrl":"https:\/\/librosdeoro.cafam.com.co\/libro2024\/wp-content\/uploads\/sites\/12\/2022\/07\/15-Yolanda-Gonzalez-Gonzalez.jpg","datePublished":"2022-07-15T16:50:02+00:00","dateModified":"2022-07-15T17:02:35+00:00","description":"Yolanda Gonz\u00e1lez, Representante de Santander, ganadora en 2003. programas de apoyo a las personas afectadas por las minas antipersonales,","breadcrumb":{"@id":"https:\/\/librosdeoro.cafam.com.co\/libro2024\/yolanda-gonzalez-gonzalez\/#breadcrumb"},"inLanguage":"es-CO","potentialAction":[{"@type":"ReadAction","target":["https:\/\/librosdeoro.cafam.com.co\/libro2024\/yolanda-gonzalez-gonzalez\/"]}]},{"@type":"ImageObject","inLanguage":"es-CO","@id":"https:\/\/librosdeoro.cafam.com.co\/libro2024\/yolanda-gonzalez-gonzalez\/#primaryimage","url":"https:\/\/librosdeoro.cafam.com.co\/libro2024\/wp-content\/uploads\/sites\/12\/2022\/07\/15-Yolanda-Gonzalez-Gonzalez.jpg","contentUrl":"https:\/\/librosdeoro.cafam.com.co\/libro2024\/wp-content\/uploads\/sites\/12\/2022\/07\/15-Yolanda-Gonzalez-Gonzalez.jpg","width":500,"height":637,"caption":"Yolanda Gonz\u00e1lez Gonz\u00e1lez"},{"@type":"BreadcrumbList","@id":"https:\/\/librosdeoro.cafam.com.co\/libro2024\/yolanda-gonzalez-gonzalez\/#breadcrumb","itemListElement":[{"@type":"ListItem","position":1,"name":"Home","item":"https:\/\/librosdeoro.cafam.com.co\/libro2024\/"},{"@type":"ListItem","position":2,"name":"YOLANDA GONZ\u00c1LEZ GONZ\u00c1LEZ"}]},{"@type":"WebSite","@id":"https:\/\/librosdeoro.cafam.com.co\/libro2024\/#website","url":"https:\/\/librosdeoro.cafam.com.co\/libro2024\/","name":"Libros de Oro 2024","description":"","potentialAction":[{"@type":"SearchAction","target":{"@type":"EntryPoint","urlTemplate":"https:\/\/librosdeoro.cafam.com.co\/libro2024\/?s={search_term_string}"},"query-input":"required name=search_term_string"}],"inLanguage":"es-CO"}]}},"_links":{"self":[{"href":"https:\/\/librosdeoro.cafam.com.co\/libro2024\/wp-json\/wp\/v2\/pages\/557","targetHints":{"allow":["GET"]}}],"collection":[{"href":"https:\/\/librosdeoro.cafam.com.co\/libro2024\/wp-json\/wp\/v2\/pages"}],"about":[{"href":"https:\/\/librosdeoro.cafam.com.co\/libro2024\/wp-json\/wp\/v2\/types\/page"}],"author":[{"embeddable":true,"href":"https:\/\/librosdeoro.cafam.com.co\/libro2024\/wp-json\/wp\/v2\/users\/4"}],"replies":[{"embeddable":true,"href":"https:\/\/librosdeoro.cafam.com.co\/libro2024\/wp-json\/wp\/v2\/comments?post=557"}],"version-history":[{"count":1,"href":"https:\/\/librosdeoro.cafam.com.co\/libro2024\/wp-json\/wp\/v2\/pages\/557\/revisions"}],"predecessor-version":[{"id":558,"href":"https:\/\/librosdeoro.cafam.com.co\/libro2024\/wp-json\/wp\/v2\/pages\/557\/revisions\/558"}],"wp:featuredmedia":[{"embeddable":true,"href":"https:\/\/librosdeoro.cafam.com.co\/libro2024\/wp-json\/wp\/v2\/media\/319"}],"wp:attachment":[{"href":"https:\/\/librosdeoro.cafam.com.co\/libro2024\/wp-json\/wp\/v2\/media?parent=557"}],"curies":[{"name":"wp","href":"https:\/\/api.w.org\/{rel}","templated":true}]}}