{"id":980,"date":"2022-08-29T09:32:44","date_gmt":"2022-08-29T14:32:44","guid":{"rendered":"https:\/\/librosdeoro.cafam.com.co\/libro2023\/?page_id=980"},"modified":"2022-08-30T16:27:32","modified_gmt":"2022-08-30T21:27:32","slug":"julieth-tejada-gil","status":"publish","type":"page","link":"https:\/\/librosdeoro.cafam.com.co\/libro2023\/candidatas-2020\/julieth-tejada-gil\/","title":{"rendered":"JULIETH TEJADA GIL"},"content":{"rendered":"","protected":false},"excerpt":{"rendered":"","protected":false},"author":4,"featured_media":1054,"parent":901,"menu_order":0,"comment_status":"closed","ping_status":"closed","template":"","meta":{"footnotes":""},"class_list":["post-980","page","type-page","status-publish","has-post-thumbnail","hentry"],"yoast_head":"<!-- This site is optimized with the Yoast SEO plugin v23.1 - https:\/\/yoast.com\/wordpress\/plugins\/seo\/ -->\n<title>JULIETH TEJADA GIL - Libros de Oro 2023<\/title>\n<meta name=\"description\" content=\"La Fundaci\u00f3n Lazo Rosa Colombia brinda apoyo y ayuda a la sociedad afectada por el c\u00e1ncer tanto en ni\u00f1os, ni\u00f1as adolescentes y adultos.\" \/>\n<meta name=\"robots\" content=\"index, follow, max-snippet:-1, max-image-preview:large, max-video-preview:-1\" \/>\n<link rel=\"canonical\" href=\"https:\/\/librosdeoro.cafam.com.co\/libro2023\/candidatas-2020\/julieth-tejada-gil\/\" \/>\n<meta property=\"og:locale\" content=\"es_ES\" \/>\n<meta property=\"og:type\" content=\"article\" \/>\n<meta property=\"og:title\" content=\"JULIETH TEJADA GIL - Libros de Oro 2023\" \/>\n<meta property=\"og:description\" content=\"La Fundaci\u00f3n Lazo Rosa Colombia brinda apoyo y ayuda a la sociedad afectada por el c\u00e1ncer tanto en ni\u00f1os, ni\u00f1as adolescentes y adultos.\" \/>\n<meta property=\"og:url\" content=\"https:\/\/librosdeoro.cafam.com.co\/libro2023\/candidatas-2020\/julieth-tejada-gil\/\" \/>\n<meta property=\"og:site_name\" content=\"Libros de Oro 2023\" \/>\n<meta property=\"article:modified_time\" content=\"2022-08-30T21:27:32+00:00\" \/>\n<meta property=\"og:image\" content=\"https:\/\/librosdeoro.cafam.com.co\/libro2023\/wp-content\/uploads\/sites\/11\/2022\/08\/QUINDIO-JULIETH-TEJADA-GIL.jpg\" \/>\n\t<meta property=\"og:image:width\" content=\"450\" \/>\n\t<meta property=\"og:image:height\" content=\"600\" \/>\n\t<meta property=\"og:image:type\" content=\"image\/jpeg\" \/>\n<meta name=\"twitter:card\" content=\"summary_large_image\" \/>\n<script type=\"application\/ld+json\" class=\"yoast-schema-graph\">{\"@context\":\"https:\/\/schema.org\",\"@graph\":[{\"@type\":\"WebPage\",\"@id\":\"https:\/\/librosdeoro.cafam.com.co\/libro2023\/candidatas-2020\/julieth-tejada-gil\/\",\"url\":\"https:\/\/librosdeoro.cafam.com.co\/libro2023\/candidatas-2020\/julieth-tejada-gil\/\",\"name\":\"JULIETH TEJADA GIL - Libros de Oro 2023\",\"isPartOf\":{\"@id\":\"https:\/\/librosdeoro.cafam.com.co\/libro2023\/#website\"},\"primaryImageOfPage\":{\"@id\":\"https:\/\/librosdeoro.cafam.com.co\/libro2023\/candidatas-2020\/julieth-tejada-gil\/#primaryimage\"},\"image\":{\"@id\":\"https:\/\/librosdeoro.cafam.com.co\/libro2023\/candidatas-2020\/julieth-tejada-gil\/#primaryimage\"},\"thumbnailUrl\":\"https:\/\/librosdeoro.cafam.com.co\/libro2023\/wp-content\/uploads\/sites\/11\/2022\/08\/QUINDIO-JULIETH-TEJADA-GIL.jpg\",\"datePublished\":\"2022-08-29T14:32:44+00:00\",\"dateModified\":\"2022-08-30T21:27:32+00:00\",\"description\":\"La Fundaci\u00f3n Lazo Rosa Colombia brinda apoyo y ayuda a la sociedad afectada por el c\u00e1ncer tanto en ni\u00f1os, ni\u00f1as adolescentes y adultos.\",\"breadcrumb\":{\"@id\":\"https:\/\/librosdeoro.cafam.com.co\/libro2023\/candidatas-2020\/julieth-tejada-gil\/#breadcrumb\"},\"inLanguage\":\"es-CO\",\"potentialAction\":[{\"@type\":\"ReadAction\",\"target\":[\"https:\/\/librosdeoro.cafam.com.co\/libro2023\/candidatas-2020\/julieth-tejada-gil\/\"]}]},{\"@type\":\"ImageObject\",\"inLanguage\":\"es-CO\",\"@id\":\"https:\/\/librosdeoro.cafam.com.co\/libro2023\/candidatas-2020\/julieth-tejada-gil\/#primaryimage\",\"url\":\"https:\/\/librosdeoro.cafam.com.co\/libro2023\/wp-content\/uploads\/sites\/11\/2022\/08\/QUINDIO-JULIETH-TEJADA-GIL.jpg\",\"contentUrl\":\"https:\/\/librosdeoro.cafam.com.co\/libro2023\/wp-content\/uploads\/sites\/11\/2022\/08\/QUINDIO-JULIETH-TEJADA-GIL.jpg\",\"width\":450,\"height\":600,\"caption\":\"JULIETH TEJADA GIL\"},{\"@type\":\"BreadcrumbList\",\"@id\":\"https:\/\/librosdeoro.cafam.com.co\/libro2023\/candidatas-2020\/julieth-tejada-gil\/#breadcrumb\",\"itemListElement\":[{\"@type\":\"ListItem\",\"position\":1,\"name\":\"Home\",\"item\":\"https:\/\/librosdeoro.cafam.com.co\/libro2023\/\"},{\"@type\":\"ListItem\",\"position\":2,\"name\":\"CANDIDATAS 2020\",\"item\":\"https:\/\/librosdeoro.cafam.com.co\/libro2023\/candidatas-2020\/\"},{\"@type\":\"ListItem\",\"position\":3,\"name\":\"JULIETH TEJADA GIL\"}]},{\"@type\":\"WebSite\",\"@id\":\"https:\/\/librosdeoro.cafam.com.co\/libro2023\/#website\",\"url\":\"https:\/\/librosdeoro.cafam.com.co\/libro2023\/\",\"name\":\"Libros de Oro 2023\",\"description\":\"\",\"potentialAction\":[{\"@type\":\"SearchAction\",\"target\":{\"@type\":\"EntryPoint\",\"urlTemplate\":\"https:\/\/librosdeoro.cafam.com.co\/libro2023\/?s={search_term_string}\"},\"query-input\":\"required name=search_term_string\"}],\"inLanguage\":\"es-CO\"}]}<\/script>\n<!-- \/ Yoast SEO plugin. -->","yoast_head_json":{"title":"JULIETH TEJADA GIL - Libros de Oro 2023","description":"La Fundaci\u00f3n Lazo Rosa Colombia brinda apoyo y ayuda a la sociedad afectada por el c\u00e1ncer tanto en ni\u00f1os, ni\u00f1as adolescentes y adultos.","robots":{"index":"index","follow":"follow","max-snippet":"max-snippet:-1","max-image-preview":"max-image-preview:large","max-video-preview":"max-video-preview:-1"},"canonical":"https:\/\/librosdeoro.cafam.com.co\/libro2023\/candidatas-2020\/julieth-tejada-gil\/","og_locale":"es_ES","og_type":"article","og_title":"JULIETH TEJADA GIL - Libros de Oro 2023","og_description":"La Fundaci\u00f3n Lazo Rosa Colombia brinda apoyo y ayuda a la sociedad afectada por el c\u00e1ncer tanto en ni\u00f1os, ni\u00f1as adolescentes y adultos.","og_url":"https:\/\/librosdeoro.cafam.com.co\/libro2023\/candidatas-2020\/julieth-tejada-gil\/","og_site_name":"Libros de Oro 2023","article_modified_time":"2022-08-30T21:27:32+00:00","og_image":[{"width":450,"height":600,"url":"https:\/\/librosdeoro.cafam.com.co\/libro2023\/wp-content\/uploads\/sites\/11\/2022\/08\/QUINDIO-JULIETH-TEJADA-GIL.jpg","type":"image\/jpeg"}],"twitter_card":"summary_large_image","schema":{"@context":"https:\/\/schema.org","@graph":[{"@type":"WebPage","@id":"https:\/\/librosdeoro.cafam.com.co\/libro2023\/candidatas-2020\/julieth-tejada-gil\/","url":"https:\/\/librosdeoro.cafam.com.co\/libro2023\/candidatas-2020\/julieth-tejada-gil\/","name":"JULIETH TEJADA GIL - Libros de Oro 2023","isPartOf":{"@id":"https:\/\/librosdeoro.cafam.com.co\/libro2023\/#website"},"primaryImageOfPage":{"@id":"https:\/\/librosdeoro.cafam.com.co\/libro2023\/candidatas-2020\/julieth-tejada-gil\/#primaryimage"},"image":{"@id":"https:\/\/librosdeoro.cafam.com.co\/libro2023\/candidatas-2020\/julieth-tejada-gil\/#primaryimage"},"thumbnailUrl":"https:\/\/librosdeoro.cafam.com.co\/libro2023\/wp-content\/uploads\/sites\/11\/2022\/08\/QUINDIO-JULIETH-TEJADA-GIL.jpg","datePublished":"2022-08-29T14:32:44+00:00","dateModified":"2022-08-30T21:27:32+00:00","description":"La Fundaci\u00f3n Lazo Rosa Colombia brinda apoyo y ayuda a la sociedad afectada por el c\u00e1ncer tanto en ni\u00f1os, ni\u00f1as adolescentes y adultos.","breadcrumb":{"@id":"https:\/\/librosdeoro.cafam.com.co\/libro2023\/candidatas-2020\/julieth-tejada-gil\/#breadcrumb"},"inLanguage":"es-CO","potentialAction":[{"@type":"ReadAction","target":["https:\/\/librosdeoro.cafam.com.co\/libro2023\/candidatas-2020\/julieth-tejada-gil\/"]}]},{"@type":"ImageObject","inLanguage":"es-CO","@id":"https:\/\/librosdeoro.cafam.com.co\/libro2023\/candidatas-2020\/julieth-tejada-gil\/#primaryimage","url":"https:\/\/librosdeoro.cafam.com.co\/libro2023\/wp-content\/uploads\/sites\/11\/2022\/08\/QUINDIO-JULIETH-TEJADA-GIL.jpg","contentUrl":"https:\/\/librosdeoro.cafam.com.co\/libro2023\/wp-content\/uploads\/sites\/11\/2022\/08\/QUINDIO-JULIETH-TEJADA-GIL.jpg","width":450,"height":600,"caption":"JULIETH TEJADA GIL"},{"@type":"BreadcrumbList","@id":"https:\/\/librosdeoro.cafam.com.co\/libro2023\/candidatas-2020\/julieth-tejada-gil\/#breadcrumb","itemListElement":[{"@type":"ListItem","position":1,"name":"Home","item":"https:\/\/librosdeoro.cafam.com.co\/libro2023\/"},{"@type":"ListItem","position":2,"name":"CANDIDATAS 2020","item":"https:\/\/librosdeoro.cafam.com.co\/libro2023\/candidatas-2020\/"},{"@type":"ListItem","position":3,"name":"JULIETH TEJADA GIL"}]},{"@type":"WebSite","@id":"https:\/\/librosdeoro.cafam.com.co\/libro2023\/#website","url":"https:\/\/librosdeoro.cafam.com.co\/libro2023\/","name":"Libros de Oro 2023","description":"","potentialAction":[{"@type":"SearchAction","target":{"@type":"EntryPoint","urlTemplate":"https:\/\/librosdeoro.cafam.com.co\/libro2023\/?s={search_term_string}"},"query-input":"required name=search_term_string"}],"inLanguage":"es-CO"}]}},"_links":{"self":[{"href":"https:\/\/librosdeoro.cafam.com.co\/libro2023\/wp-json\/wp\/v2\/pages\/980","targetHints":{"allow":["GET"]}}],"collection":[{"href":"https:\/\/librosdeoro.cafam.com.co\/libro2023\/wp-json\/wp\/v2\/pages"}],"about":[{"href":"https:\/\/librosdeoro.cafam.com.co\/libro2023\/wp-json\/wp\/v2\/types\/page"}],"author":[{"embeddable":true,"href":"https:\/\/librosdeoro.cafam.com.co\/libro2023\/wp-json\/wp\/v2\/users\/4"}],"replies":[{"embeddable":true,"href":"https:\/\/librosdeoro.cafam.com.co\/libro2023\/wp-json\/wp\/v2\/comments?post=980"}],"version-history":[{"count":1,"href":"https:\/\/librosdeoro.cafam.com.co\/libro2023\/wp-json\/wp\/v2\/pages\/980\/revisions"}],"predecessor-version":[{"id":981,"href":"https:\/\/librosdeoro.cafam.com.co\/libro2023\/wp-json\/wp\/v2\/pages\/980\/revisions\/981"}],"up":[{"embeddable":true,"href":"https:\/\/librosdeoro.cafam.com.co\/libro2023\/wp-json\/wp\/v2\/pages\/901"}],"wp:featuredmedia":[{"embeddable":true,"href":"https:\/\/librosdeoro.cafam.com.co\/libro2023\/wp-json\/wp\/v2\/media\/1054"}],"wp:attachment":[{"href":"https:\/\/librosdeoro.cafam.com.co\/libro2023\/wp-json\/wp\/v2\/media?parent=980"}],"curies":[{"name":"wp","href":"https:\/\/api.w.org\/{rel}","templated":true}]}}