{"id":1893,"date":"2023-08-16T10:55:23","date_gmt":"2023-08-16T15:55:23","guid":{"rendered":"https:\/\/librosdeoro.cafam.com.co\/libro2023\/?page_id=1893"},"modified":"2023-09-04T16:03:31","modified_gmt":"2023-09-04T21:03:31","slug":"mencion-especial","status":"publish","type":"page","link":"https:\/\/librosdeoro.cafam.com.co\/libro2023\/candidatas-2023\/mencion-especial\/","title":{"rendered":"Menci\u00f3n especial"},"content":{"rendered":"","protected":false},"excerpt":{"rendered":"","protected":false},"author":5,"featured_media":2118,"parent":352,"menu_order":0,"comment_status":"closed","ping_status":"closed","template":"","meta":{"footnotes":""},"class_list":["post-1893","page","type-page","status-publish","has-post-thumbnail","hentry"],"yoast_head":"<!-- This site is optimized with the Yoast SEO plugin v23.1 - https:\/\/yoast.com\/wordpress\/plugins\/seo\/ -->\n<title>Homenaje especial - Libros de Oro 2023<\/title>\n<meta name=\"description\" content=\"Menci\u00f3n Especial: En esta edici\u00f3n n\u00famero 34\u00b0 del Premio Cafam a la Mujer, el Jurado Nacional le otorg\u00f3 una menci\u00f3n especia\" \/>\n<meta name=\"robots\" content=\"index, follow, max-snippet:-1, max-image-preview:large, max-video-preview:-1\" \/>\n<link rel=\"canonical\" href=\"https:\/\/librosdeoro.cafam.com.co\/libro2023\/candidatas-2023\/mencion-especial\/\" \/>\n<meta property=\"og:locale\" content=\"es_ES\" \/>\n<meta property=\"og:type\" content=\"article\" \/>\n<meta property=\"og:title\" content=\"Homenaje especial - Libros de Oro 2023\" \/>\n<meta property=\"og:description\" content=\"Menci\u00f3n Especial: En esta edici\u00f3n n\u00famero 34\u00b0 del Premio Cafam a la Mujer, el Jurado Nacional le otorg\u00f3 una menci\u00f3n especia\" \/>\n<meta property=\"og:url\" content=\"https:\/\/librosdeoro.cafam.com.co\/libro2023\/candidatas-2023\/mencion-especial\/\" \/>\n<meta property=\"og:site_name\" content=\"Libros de Oro 2023\" \/>\n<meta property=\"article:modified_time\" content=\"2023-09-04T21:03:31+00:00\" \/>\n<meta property=\"og:image\" content=\"https:\/\/librosdeoro.cafam.com.co\/libro2023\/wp-content\/uploads\/sites\/11\/2023\/09\/martha-lucia-mencion-de-honor-1.jpg\" \/>\n\t<meta property=\"og:image:width\" content=\"770\" \/>\n\t<meta property=\"og:image:height\" content=\"936\" \/>\n\t<meta property=\"og:image:type\" content=\"image\/jpeg\" \/>\n<meta name=\"twitter:card\" content=\"summary_large_image\" \/>\n<script type=\"application\/ld+json\" class=\"yoast-schema-graph\">{\"@context\":\"https:\/\/schema.org\",\"@graph\":[{\"@type\":\"WebPage\",\"@id\":\"https:\/\/librosdeoro.cafam.com.co\/libro2023\/candidatas-2023\/mencion-especial\/\",\"url\":\"https:\/\/librosdeoro.cafam.com.co\/libro2023\/candidatas-2023\/mencion-especial\/\",\"name\":\"Homenaje especial - Libros de Oro 2023\",\"isPartOf\":{\"@id\":\"https:\/\/librosdeoro.cafam.com.co\/libro2023\/#website\"},\"primaryImageOfPage\":{\"@id\":\"https:\/\/librosdeoro.cafam.com.co\/libro2023\/candidatas-2023\/mencion-especial\/#primaryimage\"},\"image\":{\"@id\":\"https:\/\/librosdeoro.cafam.com.co\/libro2023\/candidatas-2023\/mencion-especial\/#primaryimage\"},\"thumbnailUrl\":\"https:\/\/librosdeoro.cafam.com.co\/libro2023\/wp-content\/uploads\/sites\/11\/2023\/09\/martha-lucia-mencion-de-honor-1.jpg\",\"datePublished\":\"2023-08-16T15:55:23+00:00\",\"dateModified\":\"2023-09-04T21:03:31+00:00\",\"description\":\"Menci\u00f3n Especial: En esta edici\u00f3n n\u00famero 34\u00b0 del Premio Cafam a la Mujer, el Jurado Nacional le otorg\u00f3 una menci\u00f3n especia\",\"breadcrumb\":{\"@id\":\"https:\/\/librosdeoro.cafam.com.co\/libro2023\/candidatas-2023\/mencion-especial\/#breadcrumb\"},\"inLanguage\":\"es-CO\",\"potentialAction\":[{\"@type\":\"ReadAction\",\"target\":[\"https:\/\/librosdeoro.cafam.com.co\/libro2023\/candidatas-2023\/mencion-especial\/\"]}]},{\"@type\":\"ImageObject\",\"inLanguage\":\"es-CO\",\"@id\":\"https:\/\/librosdeoro.cafam.com.co\/libro2023\/candidatas-2023\/mencion-especial\/#primaryimage\",\"url\":\"https:\/\/librosdeoro.cafam.com.co\/libro2023\/wp-content\/uploads\/sites\/11\/2023\/09\/martha-lucia-mencion-de-honor-1.jpg\",\"contentUrl\":\"https:\/\/librosdeoro.cafam.com.co\/libro2023\/wp-content\/uploads\/sites\/11\/2023\/09\/martha-lucia-mencion-de-honor-1.jpg\",\"width\":770,\"height\":936},{\"@type\":\"BreadcrumbList\",\"@id\":\"https:\/\/librosdeoro.cafam.com.co\/libro2023\/candidatas-2023\/mencion-especial\/#breadcrumb\",\"itemListElement\":[{\"@type\":\"ListItem\",\"position\":1,\"name\":\"Home\",\"item\":\"https:\/\/librosdeoro.cafam.com.co\/libro2023\/\"},{\"@type\":\"ListItem\",\"position\":2,\"name\":\"Candidatas 2023\",\"item\":\"https:\/\/librosdeoro.cafam.com.co\/libro2023\/candidatas-2023\/\"},{\"@type\":\"ListItem\",\"position\":3,\"name\":\"Menci\u00f3n especial\"}]},{\"@type\":\"WebSite\",\"@id\":\"https:\/\/librosdeoro.cafam.com.co\/libro2023\/#website\",\"url\":\"https:\/\/librosdeoro.cafam.com.co\/libro2023\/\",\"name\":\"Libros de Oro 2023\",\"description\":\"\",\"potentialAction\":[{\"@type\":\"SearchAction\",\"target\":{\"@type\":\"EntryPoint\",\"urlTemplate\":\"https:\/\/librosdeoro.cafam.com.co\/libro2023\/?s={search_term_string}\"},\"query-input\":\"required name=search_term_string\"}],\"inLanguage\":\"es-CO\"}]}<\/script>\n<!-- \/ Yoast SEO plugin. -->","yoast_head_json":{"title":"Homenaje especial - Libros de Oro 2023","description":"Menci\u00f3n Especial: En esta edici\u00f3n n\u00famero 34\u00b0 del Premio Cafam a la Mujer, el Jurado Nacional le otorg\u00f3 una menci\u00f3n especia","robots":{"index":"index","follow":"follow","max-snippet":"max-snippet:-1","max-image-preview":"max-image-preview:large","max-video-preview":"max-video-preview:-1"},"canonical":"https:\/\/librosdeoro.cafam.com.co\/libro2023\/candidatas-2023\/mencion-especial\/","og_locale":"es_ES","og_type":"article","og_title":"Homenaje especial - Libros de Oro 2023","og_description":"Menci\u00f3n Especial: En esta edici\u00f3n n\u00famero 34\u00b0 del Premio Cafam a la Mujer, el Jurado Nacional le otorg\u00f3 una menci\u00f3n especia","og_url":"https:\/\/librosdeoro.cafam.com.co\/libro2023\/candidatas-2023\/mencion-especial\/","og_site_name":"Libros de Oro 2023","article_modified_time":"2023-09-04T21:03:31+00:00","og_image":[{"width":770,"height":936,"url":"https:\/\/librosdeoro.cafam.com.co\/libro2023\/wp-content\/uploads\/sites\/11\/2023\/09\/martha-lucia-mencion-de-honor-1.jpg","type":"image\/jpeg"}],"twitter_card":"summary_large_image","schema":{"@context":"https:\/\/schema.org","@graph":[{"@type":"WebPage","@id":"https:\/\/librosdeoro.cafam.com.co\/libro2023\/candidatas-2023\/mencion-especial\/","url":"https:\/\/librosdeoro.cafam.com.co\/libro2023\/candidatas-2023\/mencion-especial\/","name":"Homenaje especial - Libros de Oro 2023","isPartOf":{"@id":"https:\/\/librosdeoro.cafam.com.co\/libro2023\/#website"},"primaryImageOfPage":{"@id":"https:\/\/librosdeoro.cafam.com.co\/libro2023\/candidatas-2023\/mencion-especial\/#primaryimage"},"image":{"@id":"https:\/\/librosdeoro.cafam.com.co\/libro2023\/candidatas-2023\/mencion-especial\/#primaryimage"},"thumbnailUrl":"https:\/\/librosdeoro.cafam.com.co\/libro2023\/wp-content\/uploads\/sites\/11\/2023\/09\/martha-lucia-mencion-de-honor-1.jpg","datePublished":"2023-08-16T15:55:23+00:00","dateModified":"2023-09-04T21:03:31+00:00","description":"Menci\u00f3n Especial: En esta edici\u00f3n n\u00famero 34\u00b0 del Premio Cafam a la Mujer, el Jurado Nacional le otorg\u00f3 una menci\u00f3n especia","breadcrumb":{"@id":"https:\/\/librosdeoro.cafam.com.co\/libro2023\/candidatas-2023\/mencion-especial\/#breadcrumb"},"inLanguage":"es-CO","potentialAction":[{"@type":"ReadAction","target":["https:\/\/librosdeoro.cafam.com.co\/libro2023\/candidatas-2023\/mencion-especial\/"]}]},{"@type":"ImageObject","inLanguage":"es-CO","@id":"https:\/\/librosdeoro.cafam.com.co\/libro2023\/candidatas-2023\/mencion-especial\/#primaryimage","url":"https:\/\/librosdeoro.cafam.com.co\/libro2023\/wp-content\/uploads\/sites\/11\/2023\/09\/martha-lucia-mencion-de-honor-1.jpg","contentUrl":"https:\/\/librosdeoro.cafam.com.co\/libro2023\/wp-content\/uploads\/sites\/11\/2023\/09\/martha-lucia-mencion-de-honor-1.jpg","width":770,"height":936},{"@type":"BreadcrumbList","@id":"https:\/\/librosdeoro.cafam.com.co\/libro2023\/candidatas-2023\/mencion-especial\/#breadcrumb","itemListElement":[{"@type":"ListItem","position":1,"name":"Home","item":"https:\/\/librosdeoro.cafam.com.co\/libro2023\/"},{"@type":"ListItem","position":2,"name":"Candidatas 2023","item":"https:\/\/librosdeoro.cafam.com.co\/libro2023\/candidatas-2023\/"},{"@type":"ListItem","position":3,"name":"Menci\u00f3n especial"}]},{"@type":"WebSite","@id":"https:\/\/librosdeoro.cafam.com.co\/libro2023\/#website","url":"https:\/\/librosdeoro.cafam.com.co\/libro2023\/","name":"Libros de Oro 2023","description":"","potentialAction":[{"@type":"SearchAction","target":{"@type":"EntryPoint","urlTemplate":"https:\/\/librosdeoro.cafam.com.co\/libro2023\/?s={search_term_string}"},"query-input":"required name=search_term_string"}],"inLanguage":"es-CO"}]}},"_links":{"self":[{"href":"https:\/\/librosdeoro.cafam.com.co\/libro2023\/wp-json\/wp\/v2\/pages\/1893","targetHints":{"allow":["GET"]}}],"collection":[{"href":"https:\/\/librosdeoro.cafam.com.co\/libro2023\/wp-json\/wp\/v2\/pages"}],"about":[{"href":"https:\/\/librosdeoro.cafam.com.co\/libro2023\/wp-json\/wp\/v2\/types\/page"}],"author":[{"embeddable":true,"href":"https:\/\/librosdeoro.cafam.com.co\/libro2023\/wp-json\/wp\/v2\/users\/5"}],"replies":[{"embeddable":true,"href":"https:\/\/librosdeoro.cafam.com.co\/libro2023\/wp-json\/wp\/v2\/comments?post=1893"}],"version-history":[{"count":3,"href":"https:\/\/librosdeoro.cafam.com.co\/libro2023\/wp-json\/wp\/v2\/pages\/1893\/revisions"}],"predecessor-version":[{"id":2125,"href":"https:\/\/librosdeoro.cafam.com.co\/libro2023\/wp-json\/wp\/v2\/pages\/1893\/revisions\/2125"}],"up":[{"embeddable":true,"href":"https:\/\/librosdeoro.cafam.com.co\/libro2023\/wp-json\/wp\/v2\/pages\/352"}],"wp:featuredmedia":[{"embeddable":true,"href":"https:\/\/librosdeoro.cafam.com.co\/libro2023\/wp-json\/wp\/v2\/media\/2118"}],"wp:attachment":[{"href":"https:\/\/librosdeoro.cafam.com.co\/libro2023\/wp-json\/wp\/v2\/media?parent=1893"}],"curies":[{"name":"wp","href":"https:\/\/api.w.org\/{rel}","templated":true}]}}