{"id":3812,"date":"2025-07-10T22:16:26","date_gmt":"2025-07-10T22:16:26","guid":{"rendered":"https:\/\/librosdeoro.cafam.com.co\/libro2020\/?page_id=3812"},"modified":"2025-07-10T22:16:26","modified_gmt":"2025-07-10T22:16:26","slug":"yencely-ariza","status":"publish","type":"page","link":"https:\/\/librosdeoro.cafam.com.co\/libro2020\/yencely-ariza\/","title":{"rendered":"Yencely Ariza"},"content":{"rendered":"<div class=\"wp-block-image\">\n<figure class=\"aligncenter\"><img decoding=\"async\" src=\"https:\/\/librosdeoro.cafam.com.co\/wp-content\/uploads\/sites\/9\/2020\/02\/VICHADA-YENCELI-ARIZA-IMAV_0161.jpg\" alt=\"\" class=\"wp-image-1677\" \/><\/figure><\/div>\n\n\n<h3 class=\"wp-block-heading\"><\/h3>\n\n\n\n<h1 class=\"wp-block-heading\">Yencely Ariza<\/h1>\n\n\n\n<h2 class=\"wp-block-heading\">Mujer Cafam Vichada<\/h2>\n\n\n\n<h3 class=\"wp-block-heading\">En pro del bienestar de los dem\u00e1s<\/h3>\n\n\n\n<figure class=\"wp-block-table\"><table class=\"has-fixed-layout\"><tbody><tr><td colspan=\"2\">Puerto Carre\u00f1o, Vichada, es un pueblo con gente humilde de bajos recursos econ\u00f3micos, donde se ve la pobreza extrema de algunas familias colombianas y venezolanas, ni\u00f1os que son abandonados por sus familias que soportan hambre, fr\u00edo y reciben malos tratos. En medio de este panorama Yencely \u2013y en honor a su hermana Erma Zulay\u2013 cre\u00f3 la Fundaci\u00f3n Salvar.T en procura de la defensa de un sinn\u00famero de personas vulnerables del Vichada, olvidadas del Gobierno nacional, con inspecciones y pueblos marginados y azotados por la violencia. Como la labor de la Fundaci\u00f3n es propender por los derechos de la poblaci\u00f3n m\u00e1s vulnerable, par le solicit\u00f3 a la Secretar\u00eda de Salud Departamental la conformaci\u00f3n del Comit\u00e9 de Discapacidad Departamental, solicitud que tuvo eco favorable y procedi\u00f3 a hacer una convocatoria para nombrar los l\u00edderes de cada discapacidad.<\/td><td colspan=\"2\">La Fundaci\u00f3n Salvar.T tiene como objeto prestar servicios para la realizaci\u00f3n de actividades de educaci\u00f3n formal y no formal con enfoque en la pol\u00edtica p\u00fablica, actividades deportivas, l\u00fadicas, recreativas, art\u00edsticas, espect\u00e1culos en vivo, proyectos de desarrollo y procesos productivos con los j\u00f3venes y ni\u00f1os con discapacidad con apoyo de sus familias, desarrollo de programas de rehabilitaci\u00f3n y prevenci\u00f3n de consumo de sustancias psicoactivas, actividades de desarrollo de la estrategia (RBC), desarrollar programas y proyectos de seguridad alimentaria para la poblaci\u00f3n m\u00e1s vulnerable, desarrollo de programas y proyectos de estilos de vida saludable, programas y proyectos para adulto cabeza de familiar, brindar servicios de apoyo a la poblaci\u00f3n vulnerable y la creaci\u00f3n de parques biosaludables.<\/td><\/tr><\/tbody><\/table><\/figure>\n\n\n\n<figure class=\"wp-block-table\"><table class=\"has-fixed-layout\"><tbody><tr><td>\u00bfQui\u00e9n es Yencely? Yencely naci\u00f3 el 24 de agosto de 1986 en Trinidad, Casanare. Es tecn\u00f3loga en Atenci\u00f3n Integral a la Primera Infancia y en Pedagog\u00eda y Psicolog\u00eda Infantil. Cuando Erma Zulay \u2013su hermana\u2013 fallece, los dem\u00e1s hermanos (9) y Yencely misma deciden crear la Fundaci\u00f3n Salvar. T. Yencely afirma que: \u201cQuiero cambiar al mundo y ver sonre\u00edr a esos grandes luchadores de sus vidas, cuando una persona quiere cambiar al mundo lo hace sin ning\u00fan inter\u00e9s y al hacerlo hacen que esas personitas [los ni\u00f1os] sean felices, ya que tambi\u00e9n les dedicamos tiempo, brind\u00e1ndoles amor ellos se sienten seguros, las cosas materiales no importan, no interesa que tanto dinero se gaste por esas personitas, lo verdaderamente importante es encontrar la felicidad de ellas\u201d.<\/td><\/tr><\/tbody><\/table><\/figure>\n\n\n\n<figure class=\"wp-block-table\"><table class=\"has-fixed-layout\"><tbody><tr><td><img loading=\"lazy\" decoding=\"async\" src=\"https:\/\/librosdeoro.cafam.com.co\/wp-content\/uploads\/sites\/9\/2020\/09\/Vichada.png\" alt=\"\" width=\"950\" height=\"525\"><\/td><\/tr><\/tbody><\/table><\/figure>\n\n\n\n<div class=\"wp-block-buttons is-content-justification-center is-layout-flex wp-container-core-buttons-is-layout-16018d1d wp-block-buttons-is-layout-flex\">\n<div class=\"wp-block-button is-style-fill\" id=\"https:\/\/librosdeoro.cafam.com.co\/libro2020\/mujeres-cafam-1989-2019\/\"><a class=\"wp-block-button__link has-col-f-9-f-9-f-9-color has-col-a-0-bd-3-f-background-color has-text-color has-background has-link-color wp-element-button\" href=\"https:\/\/librosdeoro.cafam.com.co\/libro2020\/mujeres-finalistas\/\" style=\"border-radius:16px\">Volver<\/a><\/div>\n<\/div>\n","protected":false},"excerpt":{"rendered":"<p>Yencely Ariza Mujer Cafam Vichada En pro del bienestar de los dem\u00e1s Puerto Carre\u00f1o, Vichada, es un pueblo con gente humilde de bajos recursos econ\u00f3micos, donde se ve la pobreza extrema de algunas familias colombianas y venezolanas, ni\u00f1os que son abandonados por sus familias que soportan hambre, fr\u00edo y reciben malos tratos. En medio de [&hellip;]<\/p>\n","protected":false},"author":4,"featured_media":0,"parent":0,"menu_order":0,"comment_status":"closed","ping_status":"closed","template":"","meta":{"footnotes":""},"class_list":["post-3812","page","type-page","status-publish","hentry"],"yoast_head":"<!-- This site is optimized with the Yoast SEO plugin v23.1 - https:\/\/yoast.com\/wordpress\/plugins\/seo\/ -->\n<title>Yencely Ariza - Libros de Oro 2020<\/title>\n<meta name=\"robots\" content=\"index, follow, max-snippet:-1, max-image-preview:large, max-video-preview:-1\" \/>\n<link rel=\"canonical\" href=\"https:\/\/librosdeoro.cafam.com.co\/libro2020\/yencely-ariza\/\" \/>\n<meta property=\"og:locale\" content=\"es_ES\" \/>\n<meta property=\"og:type\" content=\"article\" \/>\n<meta property=\"og:title\" content=\"Yencely Ariza - Libros de Oro 2020\" \/>\n<meta property=\"og:description\" content=\"Yencely Ariza Mujer Cafam Vichada En pro del bienestar de los dem\u00e1s Puerto Carre\u00f1o, Vichada, es un pueblo con gente humilde de bajos recursos econ\u00f3micos, donde se ve la pobreza extrema de algunas familias colombianas y venezolanas, ni\u00f1os que son abandonados por sus familias que soportan hambre, fr\u00edo y reciben malos tratos. En medio de [&hellip;]\" \/>\n<meta property=\"og:url\" content=\"https:\/\/librosdeoro.cafam.com.co\/libro2020\/yencely-ariza\/\" \/>\n<meta property=\"og:site_name\" content=\"Libros de Oro 2020\" \/>\n<meta property=\"og:image\" content=\"https:\/\/librosdeoro.cafam.com.co\/wp-content\/uploads\/sites\/9\/2020\/02\/VICHADA-YENCELI-ARIZA-IMAV_0161.jpg\" \/>\n<meta name=\"twitter:card\" content=\"summary_large_image\" \/>\n<meta name=\"twitter:label1\" content=\"Tiempo de lectura\" \/>\n\t<meta name=\"twitter:data1\" content=\"3 minutos\" \/>\n<script type=\"application\/ld+json\" class=\"yoast-schema-graph\">{\"@context\":\"https:\/\/schema.org\",\"@graph\":[{\"@type\":\"WebPage\",\"@id\":\"https:\/\/librosdeoro.cafam.com.co\/libro2020\/yencely-ariza\/\",\"url\":\"https:\/\/librosdeoro.cafam.com.co\/libro2020\/yencely-ariza\/\",\"name\":\"Yencely Ariza - Libros de Oro 2020\",\"isPartOf\":{\"@id\":\"https:\/\/librosdeoro.cafam.com.co\/libro2020\/#website\"},\"primaryImageOfPage\":{\"@id\":\"https:\/\/librosdeoro.cafam.com.co\/libro2020\/yencely-ariza\/#primaryimage\"},\"image\":{\"@id\":\"https:\/\/librosdeoro.cafam.com.co\/libro2020\/yencely-ariza\/#primaryimage\"},\"thumbnailUrl\":\"https:\/\/librosdeoro.cafam.com.co\/wp-content\/uploads\/sites\/9\/2020\/02\/VICHADA-YENCELI-ARIZA-IMAV_0161.jpg\",\"datePublished\":\"2025-07-10T22:16:26+00:00\",\"dateModified\":\"2025-07-10T22:16:26+00:00\",\"breadcrumb\":{\"@id\":\"https:\/\/librosdeoro.cafam.com.co\/libro2020\/yencely-ariza\/#breadcrumb\"},\"inLanguage\":\"es-CO\",\"potentialAction\":[{\"@type\":\"ReadAction\",\"target\":[\"https:\/\/librosdeoro.cafam.com.co\/libro2020\/yencely-ariza\/\"]}]},{\"@type\":\"ImageObject\",\"inLanguage\":\"es-CO\",\"@id\":\"https:\/\/librosdeoro.cafam.com.co\/libro2020\/yencely-ariza\/#primaryimage\",\"url\":\"https:\/\/librosdeoro.cafam.com.co\/wp-content\/uploads\/sites\/9\/2020\/02\/VICHADA-YENCELI-ARIZA-IMAV_0161.jpg\",\"contentUrl\":\"https:\/\/librosdeoro.cafam.com.co\/wp-content\/uploads\/sites\/9\/2020\/02\/VICHADA-YENCELI-ARIZA-IMAV_0161.jpg\"},{\"@type\":\"BreadcrumbList\",\"@id\":\"https:\/\/librosdeoro.cafam.com.co\/libro2020\/yencely-ariza\/#breadcrumb\",\"itemListElement\":[{\"@type\":\"ListItem\",\"position\":1,\"name\":\"Home\",\"item\":\"https:\/\/librosdeoro.cafam.com.co\/libro2020\/\"},{\"@type\":\"ListItem\",\"position\":2,\"name\":\"Yencely Ariza\"}]},{\"@type\":\"WebSite\",\"@id\":\"https:\/\/librosdeoro.cafam.com.co\/libro2020\/#website\",\"url\":\"https:\/\/librosdeoro.cafam.com.co\/libro2020\/\",\"name\":\"Libros de Oro 2020\",\"description\":\"\",\"potentialAction\":[{\"@type\":\"SearchAction\",\"target\":{\"@type\":\"EntryPoint\",\"urlTemplate\":\"https:\/\/librosdeoro.cafam.com.co\/libro2020\/?s={search_term_string}\"},\"query-input\":\"required name=search_term_string\"}],\"inLanguage\":\"es-CO\"}]}<\/script>\n<!-- \/ Yoast SEO plugin. -->","yoast_head_json":{"title":"Yencely Ariza - Libros de Oro 2020","robots":{"index":"index","follow":"follow","max-snippet":"max-snippet:-1","max-image-preview":"max-image-preview:large","max-video-preview":"max-video-preview:-1"},"canonical":"https:\/\/librosdeoro.cafam.com.co\/libro2020\/yencely-ariza\/","og_locale":"es_ES","og_type":"article","og_title":"Yencely Ariza - Libros de Oro 2020","og_description":"Yencely Ariza Mujer Cafam Vichada En pro del bienestar de los dem\u00e1s Puerto Carre\u00f1o, Vichada, es un pueblo con gente humilde de bajos recursos econ\u00f3micos, donde se ve la pobreza extrema de algunas familias colombianas y venezolanas, ni\u00f1os que son abandonados por sus familias que soportan hambre, fr\u00edo y reciben malos tratos. En medio de [&hellip;]","og_url":"https:\/\/librosdeoro.cafam.com.co\/libro2020\/yencely-ariza\/","og_site_name":"Libros de Oro 2020","og_image":[{"url":"https:\/\/librosdeoro.cafam.com.co\/wp-content\/uploads\/sites\/9\/2020\/02\/VICHADA-YENCELI-ARIZA-IMAV_0161.jpg"}],"twitter_card":"summary_large_image","twitter_misc":{"Tiempo de lectura":"3 minutos"},"schema":{"@context":"https:\/\/schema.org","@graph":[{"@type":"WebPage","@id":"https:\/\/librosdeoro.cafam.com.co\/libro2020\/yencely-ariza\/","url":"https:\/\/librosdeoro.cafam.com.co\/libro2020\/yencely-ariza\/","name":"Yencely Ariza - Libros de Oro 2020","isPartOf":{"@id":"https:\/\/librosdeoro.cafam.com.co\/libro2020\/#website"},"primaryImageOfPage":{"@id":"https:\/\/librosdeoro.cafam.com.co\/libro2020\/yencely-ariza\/#primaryimage"},"image":{"@id":"https:\/\/librosdeoro.cafam.com.co\/libro2020\/yencely-ariza\/#primaryimage"},"thumbnailUrl":"https:\/\/librosdeoro.cafam.com.co\/wp-content\/uploads\/sites\/9\/2020\/02\/VICHADA-YENCELI-ARIZA-IMAV_0161.jpg","datePublished":"2025-07-10T22:16:26+00:00","dateModified":"2025-07-10T22:16:26+00:00","breadcrumb":{"@id":"https:\/\/librosdeoro.cafam.com.co\/libro2020\/yencely-ariza\/#breadcrumb"},"inLanguage":"es-CO","potentialAction":[{"@type":"ReadAction","target":["https:\/\/librosdeoro.cafam.com.co\/libro2020\/yencely-ariza\/"]}]},{"@type":"ImageObject","inLanguage":"es-CO","@id":"https:\/\/librosdeoro.cafam.com.co\/libro2020\/yencely-ariza\/#primaryimage","url":"https:\/\/librosdeoro.cafam.com.co\/wp-content\/uploads\/sites\/9\/2020\/02\/VICHADA-YENCELI-ARIZA-IMAV_0161.jpg","contentUrl":"https:\/\/librosdeoro.cafam.com.co\/wp-content\/uploads\/sites\/9\/2020\/02\/VICHADA-YENCELI-ARIZA-IMAV_0161.jpg"},{"@type":"BreadcrumbList","@id":"https:\/\/librosdeoro.cafam.com.co\/libro2020\/yencely-ariza\/#breadcrumb","itemListElement":[{"@type":"ListItem","position":1,"name":"Home","item":"https:\/\/librosdeoro.cafam.com.co\/libro2020\/"},{"@type":"ListItem","position":2,"name":"Yencely Ariza"}]},{"@type":"WebSite","@id":"https:\/\/librosdeoro.cafam.com.co\/libro2020\/#website","url":"https:\/\/librosdeoro.cafam.com.co\/libro2020\/","name":"Libros de Oro 2020","description":"","potentialAction":[{"@type":"SearchAction","target":{"@type":"EntryPoint","urlTemplate":"https:\/\/librosdeoro.cafam.com.co\/libro2020\/?s={search_term_string}"},"query-input":"required name=search_term_string"}],"inLanguage":"es-CO"}]}},"_links":{"self":[{"href":"https:\/\/librosdeoro.cafam.com.co\/libro2020\/wp-json\/wp\/v2\/pages\/3812","targetHints":{"allow":["GET"]}}],"collection":[{"href":"https:\/\/librosdeoro.cafam.com.co\/libro2020\/wp-json\/wp\/v2\/pages"}],"about":[{"href":"https:\/\/librosdeoro.cafam.com.co\/libro2020\/wp-json\/wp\/v2\/types\/page"}],"author":[{"embeddable":true,"href":"https:\/\/librosdeoro.cafam.com.co\/libro2020\/wp-json\/wp\/v2\/users\/4"}],"replies":[{"embeddable":true,"href":"https:\/\/librosdeoro.cafam.com.co\/libro2020\/wp-json\/wp\/v2\/comments?post=3812"}],"version-history":[{"count":1,"href":"https:\/\/librosdeoro.cafam.com.co\/libro2020\/wp-json\/wp\/v2\/pages\/3812\/revisions"}],"predecessor-version":[{"id":3815,"href":"https:\/\/librosdeoro.cafam.com.co\/libro2020\/wp-json\/wp\/v2\/pages\/3812\/revisions\/3815"}],"wp:attachment":[{"href":"https:\/\/librosdeoro.cafam.com.co\/libro2020\/wp-json\/wp\/v2\/media?parent=3812"}],"curies":[{"name":"wp","href":"https:\/\/api.w.org\/{rel}","templated":true}]}}

<div class="wp-block-image">
<figure class="aligncenter"><img decoding="async" src="https://librosdeoro.cafam.com.co/wp-content/uploads/sites/9/2020/02/VICHADA-YENCELI-ARIZA-IMAV_0161.jpg" alt="" class="wp-image-1677" /></figure></div>


<h3 class="wp-block-heading"></h3>



<h1 class="wp-block-heading">Yencely Ariza</h1>



<h2 class="wp-block-heading">Mujer Cafam Vichada</h2>



<h3 class="wp-block-heading">En pro del bienestar de los demás</h3>



<figure class="wp-block-table"><table class="has-fixed-layout"><tbody><tr><td colspan="2">Puerto Carreño, Vichada, es un pueblo con gente humilde de bajos recursos económicos, donde se ve la pobreza extrema de algunas familias colombianas y venezolanas, niños que son abandonados por sus familias que soportan hambre, frío y reciben malos tratos. En medio de este panorama Yencely –y en honor a su hermana Erma Zulay– creó la Fundación Salvar.T en procura de la defensa de un sinnúmero de personas vulnerables del Vichada, olvidadas del Gobierno nacional, con inspecciones y pueblos marginados y azotados por la violencia. Como la labor de la Fundación es propender por los derechos de la población más vulnerable, par le solicitó a la Secretaría de Salud Departamental la conformación del Comité de Discapacidad Departamental, solicitud que tuvo eco favorable y procedió a hacer una convocatoria para nombrar los líderes de cada discapacidad.</td><td colspan="2">La Fundación Salvar.T tiene como objeto prestar servicios para la realización de actividades de educación formal y no formal con enfoque en la política pública, actividades deportivas, lúdicas, recreativas, artísticas, espectáculos en vivo, proyectos de desarrollo y procesos productivos con los jóvenes y niños con discapacidad con apoyo de sus familias, desarrollo de programas de rehabilitación y prevención de consumo de sustancias psicoactivas, actividades de desarrollo de la estrategia (RBC), desarrollar programas y proyectos de seguridad alimentaria para la población más vulnerable, desarrollo de programas y proyectos de estilos de vida saludable, programas y proyectos para adulto cabeza de familiar, brindar servicios de apoyo a la población vulnerable y la creación de parques biosaludables.</td></tr></tbody></table></figure>



<figure class="wp-block-table"><table class="has-fixed-layout"><tbody><tr><td>¿Quién es Yencely? Yencely nació el 24 de agosto de 1986 en Trinidad, Casanare. Es tecnóloga en Atención Integral a la Primera Infancia y en Pedagogía y Psicología Infantil. Cuando Erma Zulay –su hermana– fallece, los demás hermanos (9) y Yencely misma deciden crear la Fundación Salvar. T. Yencely afirma que: “Quiero cambiar al mundo y ver sonreír a esos grandes luchadores de sus vidas, cuando una persona quiere cambiar al mundo lo hace sin ningún interés y al hacerlo hacen que esas personitas [los niños] sean felices, ya que también les dedicamos tiempo, brindándoles amor ellos se sienten seguros, las cosas materiales no importan, no interesa que tanto dinero se gaste por esas personitas, lo verdaderamente importante es encontrar la felicidad de ellas”.</td></tr></tbody></table></figure>



<figure class="wp-block-table"><table class="has-fixed-layout"><tbody><tr><td><img loading="lazy" decoding="async" src="https://librosdeoro.cafam.com.co/wp-content/uploads/sites/9/2020/09/Vichada.png" alt="" width="950" height="525"></td></tr></tbody></table></figure>



<div class="wp-block-buttons is-content-justification-center is-layout-flex wp-container-core-buttons-is-layout-16018d1d wp-block-buttons-is-layout-flex">
<div class="wp-block-button is-style-fill" id="https://librosdeoro.cafam.com.co/libro2020/mujeres-cafam-1989-2019/"><a class="wp-block-button__link has-col-f-9-f-9-f-9-color has-col-a-0-bd-3-f-background-color has-text-color has-background has-link-color wp-element-button" href="https://librosdeoro.cafam.com.co/libro2020/mujeres-finalistas/" style="border-radius:16px">Volver</a></div>
</div>

<p>Yencely Ariza Mujer Cafam Vichada En pro del bienestar de los demás Puerto Carreño, Vichada, es un pueblo con gente humilde de bajos recursos económicos, donde se ve la pobreza extrema de algunas familias colombianas y venezolanas, niños que son abandonados por sus familias que soportan hambre, frío y reciben malos tratos. En medio de [&hellip;]</p>

<!-- This site is optimized with the Yoast SEO plugin v23.1 - https://yoast.com/wordpress/plugins/seo/ -->
<title>Yencely Ariza - Libros de Oro 2020</title>
<meta name="robots" content="index, follow, max-snippet:-1, max-image-preview:large, max-video-preview:-1" />
<link rel="canonical" href="https://librosdeoro.cafam.com.co/libro2020/yencely-ariza/" />
<meta property="og:locale" content="es_ES" />
<meta property="og:type" content="article" />
<meta property="og:title" content="Yencely Ariza - Libros de Oro 2020" />
<meta property="og:description" content="Yencely Ariza Mujer Cafam Vichada En pro del bienestar de los demás Puerto Carreño, Vichada, es un pueblo con gente humilde de bajos recursos económicos, donde se ve la pobreza extrema de algunas familias colombianas y venezolanas, niños que son abandonados por sus familias que soportan hambre, frío y reciben malos tratos. En medio de [&hellip;]" />
<meta property="og:url" content="https://librosdeoro.cafam.com.co/libro2020/yencely-ariza/" />
<meta property="og:site_name" content="Libros de Oro 2020" />
<meta property="og:image" content="https://librosdeoro.cafam.com.co/wp-content/uploads/sites/9/2020/02/VICHADA-YENCELI-ARIZA-IMAV_0161.jpg" />
<meta name="twitter:card" content="summary_large_image" />
<meta name="twitter:label1" content="Tiempo de lectura" />
	<meta name="twitter:data1" content="3 minutos" />
<script type="application/ld+json" class="yoast-schema-graph">{"@context":"https://schema.org","@graph":[{"@type":"WebPage","@id":"https://librosdeoro.cafam.com.co/libro2020/yencely-ariza/","url":"https://librosdeoro.cafam.com.co/libro2020/yencely-ariza/","name":"Yencely Ariza - Libros de Oro 2020","isPartOf":{"@id":"https://librosdeoro.cafam.com.co/libro2020/#website"},"primaryImageOfPage":{"@id":"https://librosdeoro.cafam.com.co/libro2020/yencely-ariza/#primaryimage"},"image":{"@id":"https://librosdeoro.cafam.com.co/libro2020/yencely-ariza/#primaryimage"},"thumbnailUrl":"https://librosdeoro.cafam.com.co/wp-content/uploads/sites/9/2020/02/VICHADA-YENCELI-ARIZA-IMAV_0161.jpg","datePublished":"2025-07-10T22:16:26+00:00","dateModified":"2025-07-10T22:16:26+00:00","breadcrumb":{"@id":"https://librosdeoro.cafam.com.co/libro2020/yencely-ariza/#breadcrumb"},"inLanguage":"es-CO","potentialAction":[{"@type":"ReadAction","target":["https://librosdeoro.cafam.com.co/libro2020/yencely-ariza/"]}]},{"@type":"ImageObject","inLanguage":"es-CO","@id":"https://librosdeoro.cafam.com.co/libro2020/yencely-ariza/#primaryimage","url":"https://librosdeoro.cafam.com.co/wp-content/uploads/sites/9/2020/02/VICHADA-YENCELI-ARIZA-IMAV_0161.jpg","contentUrl":"https://librosdeoro.cafam.com.co/wp-content/uploads/sites/9/2020/02/VICHADA-YENCELI-ARIZA-IMAV_0161.jpg"},{"@type":"BreadcrumbList","@id":"https://librosdeoro.cafam.com.co/libro2020/yencely-ariza/#breadcrumb","itemListElement":[{"@type":"ListItem","position":1,"name":"Home","item":"https://librosdeoro.cafam.com.co/libro2020/"},{"@type":"ListItem","position":2,"name":"Yencely Ariza"}]},{"@type":"WebSite","@id":"https://librosdeoro.cafam.com.co/libro2020/#website","url":"https://librosdeoro.cafam.com.co/libro2020/","name":"Libros de Oro 2020","description":"","potentialAction":[{"@type":"SearchAction","target":{"@type":"EntryPoint","urlTemplate":"https://librosdeoro.cafam.com.co/libro2020/?s={search_term_string}"},"query-input":"required name=search_term_string"}],"inLanguage":"es-CO"}]}</script>
<!-- / Yoast SEO plugin. -->

Yencely Ariza Mujer Cafam Vichada En pro del bienestar de los demás Puerto Carreño, Vichada, es un pueblo con gente humilde de bajos recursos económicos, donde se ve la pobreza extrema de algunas familias colombianas y venezolanas, niños que son abandonados por sus familias que soportan hambre, frío y reciben malos tratos. En medio de [&hellip;]
