{"id":3799,"date":"2025-07-10T22:06:40","date_gmt":"2025-07-10T22:06:40","guid":{"rendered":"https:\/\/librosdeoro.cafam.com.co\/libro2020\/?page_id=3799"},"modified":"2025-07-10T22:06:40","modified_gmt":"2025-07-10T22:06:40","slug":"sor-marina-solis-climaco","status":"publish","type":"page","link":"https:\/\/librosdeoro.cafam.com.co\/libro2020\/sor-marina-solis-climaco\/","title":{"rendered":"Sor Marina Sol\u00eds Cl\u00edmaco"},"content":{"rendered":"<div class=\"wp-block-image\">\n<figure class=\"aligncenter\"><img decoding=\"async\" src=\"https:\/\/librosdeoro.cafam.com.co\/wp-content\/uploads\/sites\/9\/2020\/02\/SUCRE-SOR-MARINA-SOLIZ-CLIMACO-IMAV_1229.jpg\" alt=\"\" class=\"wp-image-1677\" \/><\/figure><\/div>\n\n\n<h3 class=\"wp-block-heading\"><\/h3>\n\n\n\n<h1 class=\"wp-block-heading\">Sor Marina Sol\u00eds Cl\u00edmaco<\/h1>\n\n\n\n<h2 class=\"wp-block-heading\">Mujer Cafam Sucre<\/h2>\n\n\n\n<h3 class=\"wp-block-heading\">Del dolor a la alegr\u00eda de ayudar a los dem\u00e1s<\/h3>\n\n\n\n<figure class=\"wp-block-table\"><table class=\"has-fixed-layout\"><tbody><tr><td colspan=\"2\">La violencia, en todas sus manifestaciones y formas, se ensa\u00f1a contra los seres humanos sin importar su origen o donde habiten. A lo ancho y largo del mundo se han puesto en marcha acciones, iniciativas, programas y planes para evitarla teniendo como premisa la educaci\u00f3n, la prevenci\u00f3n y la reparaci\u00f3n a las v\u00edctimas. Sor Marina ha vivido los rigores de la violencia. Ella es una afrocolombiana v\u00edctima del desplazamiento generado por grupos al margen de la ley y ha experimentado la violencia sexual en su cuerpo, pero tiene la capacidad para levantar su cabeza en alto y buscar, a partir de su propio dolor, la defensa de los derechos humanos de otras personas. Su labor se basa en el respeto a la vida, el respeto a la dignidad, el respeto a todos los seres humanos, sin tener en cuenta su condici\u00f3n, su color de piel, su creencia o su edad.<\/td><td colspan=\"2\">En el a\u00f1o 2010 logra la construcci\u00f3n colectiva Corpamvic, por la defensa de los derechos humanos y la reconciliaci\u00f3n. Tambi\u00e9n inici\u00f3 la constituci\u00f3n del Consejo de Paz en los Montes de Mar\u00eda en el a\u00f1o 2011. Su activa participaci\u00f3n le ha permitido hacer parte de diferentes escenarios donde el objetivo es construir procesos de paz, como mesa de garant\u00eda de lideresas y defensoras de los Derechos Humanos. Enmarcando en su deber ser Sor Marina apoy\u00f3 y particip\u00f3 en la construcci\u00f3n de la Ley 1448 de 2011 o Ley de V\u00edctimas, creando con ello comit\u00e9s de derechos humanos en los municipios de Colos\u00f3, Sincelejo, San Antonio de Palmito, San Onofre, Ovejas, Morroa, Toluviejo y Los Palmitos.<\/td><\/tr><\/tbody><\/table><\/figure>\n\n\n\n<figure class=\"wp-block-table\"><table class=\"has-fixed-layout\"><tbody><tr><td>\u00bfQui\u00e9n es Sor Marina? Sor Marina naci\u00f3 en San Jos\u00e9 de Ur\u00e9, C\u00f3rdoba, el 7 de marzo de 1975, es madre de 4 hijos y ejemplo de perseverancia y de lucha, pues se capacita d\u00eda a d\u00eda para ayudar y orientar a las personas vulneradas en sus derechos humanos. Se considera facultada, a ra\u00edz de su experiencia, para ser una lideresa de las luchas de los dem\u00e1s. Al respecto afirma que: \u201cDesea continuar con la labor de seguir formando y empoderando a mujeres, j\u00f3venes, ni\u00f1os y ni\u00f1as y adulto mayor en el rescate sociocultural y en la defensa de sus derechos de manera integral, para que puedan vivir dignamente y con mejor calidad de vida\u201d.<\/td><\/tr><\/tbody><\/table><\/figure>\n\n\n\n<figure class=\"wp-block-table\"><table class=\"has-fixed-layout\"><tbody><tr><td><img loading=\"lazy\" decoding=\"async\" src=\"https:\/\/librosdeoro.cafam.com.co\/wp-content\/uploads\/sites\/9\/2020\/09\/Sucre.png\" alt=\"\" width=\"950\" height=\"525\"><\/td><\/tr><\/tbody><\/table><\/figure>\n\n\n\n<div class=\"wp-block-buttons is-content-justification-center is-layout-flex wp-container-core-buttons-is-layout-16018d1d wp-block-buttons-is-layout-flex\">\n<div class=\"wp-block-button is-style-fill\" id=\"https:\/\/librosdeoro.cafam.com.co\/libro2020\/mujeres-cafam-1989-2019\/\"><a class=\"wp-block-button__link has-col-f-9-f-9-f-9-color has-col-a-0-bd-3-f-background-color has-text-color has-background has-link-color wp-element-button\" href=\"https:\/\/librosdeoro.cafam.com.co\/libro2020\/mujeres-finalistas\/\" style=\"border-radius:16px\">Volver<\/a><\/div>\n<\/div>\n","protected":false},"excerpt":{"rendered":"<p>Sor Marina Sol\u00eds Cl\u00edmaco Mujer Cafam Sucre Del dolor a la alegr\u00eda de ayudar a los dem\u00e1s La violencia, en todas sus manifestaciones y formas, se ensa\u00f1a contra los seres humanos sin importar su origen o donde habiten. A lo ancho y largo del mundo se han puesto en marcha acciones, iniciativas, programas y planes [&hellip;]<\/p>\n","protected":false},"author":4,"featured_media":0,"parent":0,"menu_order":0,"comment_status":"closed","ping_status":"closed","template":"","meta":{"footnotes":""},"class_list":["post-3799","page","type-page","status-publish","hentry"],"yoast_head":"<!-- This site is optimized with the Yoast SEO plugin v23.1 - https:\/\/yoast.com\/wordpress\/plugins\/seo\/ -->\n<title>Sor Marina Sol\u00eds Cl\u00edmaco - Libros de Oro 2020<\/title>\n<meta name=\"robots\" content=\"index, follow, max-snippet:-1, max-image-preview:large, max-video-preview:-1\" \/>\n<link rel=\"canonical\" href=\"https:\/\/librosdeoro.cafam.com.co\/libro2020\/sor-marina-solis-climaco\/\" \/>\n<meta property=\"og:locale\" content=\"es_ES\" \/>\n<meta property=\"og:type\" content=\"article\" \/>\n<meta property=\"og:title\" content=\"Sor Marina Sol\u00eds Cl\u00edmaco - Libros de Oro 2020\" \/>\n<meta property=\"og:description\" content=\"Sor Marina Sol\u00eds Cl\u00edmaco Mujer Cafam Sucre Del dolor a la alegr\u00eda de ayudar a los dem\u00e1s La violencia, en todas sus manifestaciones y formas, se ensa\u00f1a contra los seres humanos sin importar su origen o donde habiten. A lo ancho y largo del mundo se han puesto en marcha acciones, iniciativas, programas y planes [&hellip;]\" \/>\n<meta property=\"og:url\" content=\"https:\/\/librosdeoro.cafam.com.co\/libro2020\/sor-marina-solis-climaco\/\" \/>\n<meta property=\"og:site_name\" content=\"Libros de Oro 2020\" \/>\n<meta property=\"og:image\" content=\"https:\/\/librosdeoro.cafam.com.co\/wp-content\/uploads\/sites\/9\/2020\/02\/SUCRE-SOR-MARINA-SOLIZ-CLIMACO-IMAV_1229.jpg\" \/>\n<meta name=\"twitter:card\" content=\"summary_large_image\" \/>\n<meta name=\"twitter:label1\" content=\"Tiempo de lectura\" \/>\n\t<meta name=\"twitter:data1\" content=\"3 minutos\" \/>\n<script type=\"application\/ld+json\" class=\"yoast-schema-graph\">{\"@context\":\"https:\/\/schema.org\",\"@graph\":[{\"@type\":\"WebPage\",\"@id\":\"https:\/\/librosdeoro.cafam.com.co\/libro2020\/sor-marina-solis-climaco\/\",\"url\":\"https:\/\/librosdeoro.cafam.com.co\/libro2020\/sor-marina-solis-climaco\/\",\"name\":\"Sor Marina Sol\u00eds Cl\u00edmaco - Libros de Oro 2020\",\"isPartOf\":{\"@id\":\"https:\/\/librosdeoro.cafam.com.co\/libro2020\/#website\"},\"primaryImageOfPage\":{\"@id\":\"https:\/\/librosdeoro.cafam.com.co\/libro2020\/sor-marina-solis-climaco\/#primaryimage\"},\"image\":{\"@id\":\"https:\/\/librosdeoro.cafam.com.co\/libro2020\/sor-marina-solis-climaco\/#primaryimage\"},\"thumbnailUrl\":\"https:\/\/librosdeoro.cafam.com.co\/wp-content\/uploads\/sites\/9\/2020\/02\/SUCRE-SOR-MARINA-SOLIZ-CLIMACO-IMAV_1229.jpg\",\"datePublished\":\"2025-07-10T22:06:40+00:00\",\"dateModified\":\"2025-07-10T22:06:40+00:00\",\"breadcrumb\":{\"@id\":\"https:\/\/librosdeoro.cafam.com.co\/libro2020\/sor-marina-solis-climaco\/#breadcrumb\"},\"inLanguage\":\"es-CO\",\"potentialAction\":[{\"@type\":\"ReadAction\",\"target\":[\"https:\/\/librosdeoro.cafam.com.co\/libro2020\/sor-marina-solis-climaco\/\"]}]},{\"@type\":\"ImageObject\",\"inLanguage\":\"es-CO\",\"@id\":\"https:\/\/librosdeoro.cafam.com.co\/libro2020\/sor-marina-solis-climaco\/#primaryimage\",\"url\":\"https:\/\/librosdeoro.cafam.com.co\/wp-content\/uploads\/sites\/9\/2020\/02\/SUCRE-SOR-MARINA-SOLIZ-CLIMACO-IMAV_1229.jpg\",\"contentUrl\":\"https:\/\/librosdeoro.cafam.com.co\/wp-content\/uploads\/sites\/9\/2020\/02\/SUCRE-SOR-MARINA-SOLIZ-CLIMACO-IMAV_1229.jpg\"},{\"@type\":\"BreadcrumbList\",\"@id\":\"https:\/\/librosdeoro.cafam.com.co\/libro2020\/sor-marina-solis-climaco\/#breadcrumb\",\"itemListElement\":[{\"@type\":\"ListItem\",\"position\":1,\"name\":\"Home\",\"item\":\"https:\/\/librosdeoro.cafam.com.co\/libro2020\/\"},{\"@type\":\"ListItem\",\"position\":2,\"name\":\"Sor Marina Sol\u00eds Cl\u00edmaco\"}]},{\"@type\":\"WebSite\",\"@id\":\"https:\/\/librosdeoro.cafam.com.co\/libro2020\/#website\",\"url\":\"https:\/\/librosdeoro.cafam.com.co\/libro2020\/\",\"name\":\"Libros de Oro 2020\",\"description\":\"\",\"potentialAction\":[{\"@type\":\"SearchAction\",\"target\":{\"@type\":\"EntryPoint\",\"urlTemplate\":\"https:\/\/librosdeoro.cafam.com.co\/libro2020\/?s={search_term_string}\"},\"query-input\":\"required name=search_term_string\"}],\"inLanguage\":\"es-CO\"}]}<\/script>\n<!-- \/ Yoast SEO plugin. -->","yoast_head_json":{"title":"Sor Marina Sol\u00eds Cl\u00edmaco - Libros de Oro 2020","robots":{"index":"index","follow":"follow","max-snippet":"max-snippet:-1","max-image-preview":"max-image-preview:large","max-video-preview":"max-video-preview:-1"},"canonical":"https:\/\/librosdeoro.cafam.com.co\/libro2020\/sor-marina-solis-climaco\/","og_locale":"es_ES","og_type":"article","og_title":"Sor Marina Sol\u00eds Cl\u00edmaco - Libros de Oro 2020","og_description":"Sor Marina Sol\u00eds Cl\u00edmaco Mujer Cafam Sucre Del dolor a la alegr\u00eda de ayudar a los dem\u00e1s La violencia, en todas sus manifestaciones y formas, se ensa\u00f1a contra los seres humanos sin importar su origen o donde habiten. A lo ancho y largo del mundo se han puesto en marcha acciones, iniciativas, programas y planes [&hellip;]","og_url":"https:\/\/librosdeoro.cafam.com.co\/libro2020\/sor-marina-solis-climaco\/","og_site_name":"Libros de Oro 2020","og_image":[{"url":"https:\/\/librosdeoro.cafam.com.co\/wp-content\/uploads\/sites\/9\/2020\/02\/SUCRE-SOR-MARINA-SOLIZ-CLIMACO-IMAV_1229.jpg"}],"twitter_card":"summary_large_image","twitter_misc":{"Tiempo de lectura":"3 minutos"},"schema":{"@context":"https:\/\/schema.org","@graph":[{"@type":"WebPage","@id":"https:\/\/librosdeoro.cafam.com.co\/libro2020\/sor-marina-solis-climaco\/","url":"https:\/\/librosdeoro.cafam.com.co\/libro2020\/sor-marina-solis-climaco\/","name":"Sor Marina Sol\u00eds Cl\u00edmaco - Libros de Oro 2020","isPartOf":{"@id":"https:\/\/librosdeoro.cafam.com.co\/libro2020\/#website"},"primaryImageOfPage":{"@id":"https:\/\/librosdeoro.cafam.com.co\/libro2020\/sor-marina-solis-climaco\/#primaryimage"},"image":{"@id":"https:\/\/librosdeoro.cafam.com.co\/libro2020\/sor-marina-solis-climaco\/#primaryimage"},"thumbnailUrl":"https:\/\/librosdeoro.cafam.com.co\/wp-content\/uploads\/sites\/9\/2020\/02\/SUCRE-SOR-MARINA-SOLIZ-CLIMACO-IMAV_1229.jpg","datePublished":"2025-07-10T22:06:40+00:00","dateModified":"2025-07-10T22:06:40+00:00","breadcrumb":{"@id":"https:\/\/librosdeoro.cafam.com.co\/libro2020\/sor-marina-solis-climaco\/#breadcrumb"},"inLanguage":"es-CO","potentialAction":[{"@type":"ReadAction","target":["https:\/\/librosdeoro.cafam.com.co\/libro2020\/sor-marina-solis-climaco\/"]}]},{"@type":"ImageObject","inLanguage":"es-CO","@id":"https:\/\/librosdeoro.cafam.com.co\/libro2020\/sor-marina-solis-climaco\/#primaryimage","url":"https:\/\/librosdeoro.cafam.com.co\/wp-content\/uploads\/sites\/9\/2020\/02\/SUCRE-SOR-MARINA-SOLIZ-CLIMACO-IMAV_1229.jpg","contentUrl":"https:\/\/librosdeoro.cafam.com.co\/wp-content\/uploads\/sites\/9\/2020\/02\/SUCRE-SOR-MARINA-SOLIZ-CLIMACO-IMAV_1229.jpg"},{"@type":"BreadcrumbList","@id":"https:\/\/librosdeoro.cafam.com.co\/libro2020\/sor-marina-solis-climaco\/#breadcrumb","itemListElement":[{"@type":"ListItem","position":1,"name":"Home","item":"https:\/\/librosdeoro.cafam.com.co\/libro2020\/"},{"@type":"ListItem","position":2,"name":"Sor Marina Sol\u00eds Cl\u00edmaco"}]},{"@type":"WebSite","@id":"https:\/\/librosdeoro.cafam.com.co\/libro2020\/#website","url":"https:\/\/librosdeoro.cafam.com.co\/libro2020\/","name":"Libros de Oro 2020","description":"","potentialAction":[{"@type":"SearchAction","target":{"@type":"EntryPoint","urlTemplate":"https:\/\/librosdeoro.cafam.com.co\/libro2020\/?s={search_term_string}"},"query-input":"required name=search_term_string"}],"inLanguage":"es-CO"}]}},"_links":{"self":[{"href":"https:\/\/librosdeoro.cafam.com.co\/libro2020\/wp-json\/wp\/v2\/pages\/3799","targetHints":{"allow":["GET"]}}],"collection":[{"href":"https:\/\/librosdeoro.cafam.com.co\/libro2020\/wp-json\/wp\/v2\/pages"}],"about":[{"href":"https:\/\/librosdeoro.cafam.com.co\/libro2020\/wp-json\/wp\/v2\/types\/page"}],"author":[{"embeddable":true,"href":"https:\/\/librosdeoro.cafam.com.co\/libro2020\/wp-json\/wp\/v2\/users\/4"}],"replies":[{"embeddable":true,"href":"https:\/\/librosdeoro.cafam.com.co\/libro2020\/wp-json\/wp\/v2\/comments?post=3799"}],"version-history":[{"count":1,"href":"https:\/\/librosdeoro.cafam.com.co\/libro2020\/wp-json\/wp\/v2\/pages\/3799\/revisions"}],"predecessor-version":[{"id":3800,"href":"https:\/\/librosdeoro.cafam.com.co\/libro2020\/wp-json\/wp\/v2\/pages\/3799\/revisions\/3800"}],"wp:attachment":[{"href":"https:\/\/librosdeoro.cafam.com.co\/libro2020\/wp-json\/wp\/v2\/media?parent=3799"}],"curies":[{"name":"wp","href":"https:\/\/api.w.org\/{rel}","templated":true}]}}

Sor Marina Solís Clímaco

<div class="wp-block-image">
<figure class="aligncenter"><img decoding="async" src="https://librosdeoro.cafam.com.co/wp-content/uploads/sites/9/2020/02/SUCRE-SOR-MARINA-SOLIZ-CLIMACO-IMAV_1229.jpg" alt="" class="wp-image-1677" /></figure></div>


<h3 class="wp-block-heading"></h3>



<h1 class="wp-block-heading">Sor Marina Solís Clímaco</h1>



<h2 class="wp-block-heading">Mujer Cafam Sucre</h2>



<h3 class="wp-block-heading">Del dolor a la alegría de ayudar a los demás</h3>



<figure class="wp-block-table"><table class="has-fixed-layout"><tbody><tr><td colspan="2">La violencia, en todas sus manifestaciones y formas, se ensaña contra los seres humanos sin importar su origen o donde habiten. A lo ancho y largo del mundo se han puesto en marcha acciones, iniciativas, programas y planes para evitarla teniendo como premisa la educación, la prevención y la reparación a las víctimas. Sor Marina ha vivido los rigores de la violencia. Ella es una afrocolombiana víctima del desplazamiento generado por grupos al margen de la ley y ha experimentado la violencia sexual en su cuerpo, pero tiene la capacidad para levantar su cabeza en alto y buscar, a partir de su propio dolor, la defensa de los derechos humanos de otras personas. Su labor se basa en el respeto a la vida, el respeto a la dignidad, el respeto a todos los seres humanos, sin tener en cuenta su condición, su color de piel, su creencia o su edad.</td><td colspan="2">En el año 2010 logra la construcción colectiva Corpamvic, por la defensa de los derechos humanos y la reconciliación. También inició la constitución del Consejo de Paz en los Montes de María en el año 2011. Su activa participación le ha permitido hacer parte de diferentes escenarios donde el objetivo es construir procesos de paz, como mesa de garantía de lideresas y defensoras de los Derechos Humanos. Enmarcando en su deber ser Sor Marina apoyó y participó en la construcción de la Ley 1448 de 2011 o Ley de Víctimas, creando con ello comités de derechos humanos en los municipios de Colosó, Sincelejo, San Antonio de Palmito, San Onofre, Ovejas, Morroa, Toluviejo y Los Palmitos.</td></tr></tbody></table></figure>



<figure class="wp-block-table"><table class="has-fixed-layout"><tbody><tr><td>¿Quién es Sor Marina? Sor Marina nació en San José de Uré, Córdoba, el 7 de marzo de 1975, es madre de 4 hijos y ejemplo de perseverancia y de lucha, pues se capacita día a día para ayudar y orientar a las personas vulneradas en sus derechos humanos. Se considera facultada, a raíz de su experiencia, para ser una lideresa de las luchas de los demás. Al respecto afirma que: “Desea continuar con la labor de seguir formando y empoderando a mujeres, jóvenes, niños y niñas y adulto mayor en el rescate sociocultural y en la defensa de sus derechos de manera integral, para que puedan vivir dignamente y con mejor calidad de vida”.</td></tr></tbody></table></figure>



<figure class="wp-block-table"><table class="has-fixed-layout"><tbody><tr><td><img loading="lazy" decoding="async" src="https://librosdeoro.cafam.com.co/wp-content/uploads/sites/9/2020/09/Sucre.png" alt="" width="950" height="525"></td></tr></tbody></table></figure>



<div class="wp-block-buttons is-content-justification-center is-layout-flex wp-container-core-buttons-is-layout-16018d1d wp-block-buttons-is-layout-flex">
<div class="wp-block-button is-style-fill" id="https://librosdeoro.cafam.com.co/libro2020/mujeres-cafam-1989-2019/"><a class="wp-block-button__link has-col-f-9-f-9-f-9-color has-col-a-0-bd-3-f-background-color has-text-color has-background has-link-color wp-element-button" href="https://librosdeoro.cafam.com.co/libro2020/mujeres-finalistas/" style="border-radius:16px">Volver</a></div>
</div>

<p>Sor Marina Solís Clímaco Mujer Cafam Sucre Del dolor a la alegría de ayudar a los demás La violencia, en todas sus manifestaciones y formas, se ensaña contra los seres humanos sin importar su origen o donde habiten. A lo ancho y largo del mundo se han puesto en marcha acciones, iniciativas, programas y planes [&hellip;]</p>

<!-- This site is optimized with the Yoast SEO plugin v23.1 - https://yoast.com/wordpress/plugins/seo/ -->
<title>Sor Marina Solís Clímaco - Libros de Oro 2020</title>
<meta name="robots" content="index, follow, max-snippet:-1, max-image-preview:large, max-video-preview:-1" />
<link rel="canonical" href="https://librosdeoro.cafam.com.co/libro2020/sor-marina-solis-climaco/" />
<meta property="og:locale" content="es_ES" />
<meta property="og:type" content="article" />
<meta property="og:title" content="Sor Marina Solís Clímaco - Libros de Oro 2020" />
<meta property="og:description" content="Sor Marina Solís Clímaco Mujer Cafam Sucre Del dolor a la alegría de ayudar a los demás La violencia, en todas sus manifestaciones y formas, se ensaña contra los seres humanos sin importar su origen o donde habiten. A lo ancho y largo del mundo se han puesto en marcha acciones, iniciativas, programas y planes [&hellip;]" />
<meta property="og:url" content="https://librosdeoro.cafam.com.co/libro2020/sor-marina-solis-climaco/" />
<meta property="og:site_name" content="Libros de Oro 2020" />
<meta property="og:image" content="https://librosdeoro.cafam.com.co/wp-content/uploads/sites/9/2020/02/SUCRE-SOR-MARINA-SOLIZ-CLIMACO-IMAV_1229.jpg" />
<meta name="twitter:card" content="summary_large_image" />
<meta name="twitter:label1" content="Tiempo de lectura" />
	<meta name="twitter:data1" content="3 minutos" />
<script type="application/ld+json" class="yoast-schema-graph">{"@context":"https://schema.org","@graph":[{"@type":"WebPage","@id":"https://librosdeoro.cafam.com.co/libro2020/sor-marina-solis-climaco/","url":"https://librosdeoro.cafam.com.co/libro2020/sor-marina-solis-climaco/","name":"Sor Marina Solís Clímaco - Libros de Oro 2020","isPartOf":{"@id":"https://librosdeoro.cafam.com.co/libro2020/#website"},"primaryImageOfPage":{"@id":"https://librosdeoro.cafam.com.co/libro2020/sor-marina-solis-climaco/#primaryimage"},"image":{"@id":"https://librosdeoro.cafam.com.co/libro2020/sor-marina-solis-climaco/#primaryimage"},"thumbnailUrl":"https://librosdeoro.cafam.com.co/wp-content/uploads/sites/9/2020/02/SUCRE-SOR-MARINA-SOLIZ-CLIMACO-IMAV_1229.jpg","datePublished":"2025-07-10T22:06:40+00:00","dateModified":"2025-07-10T22:06:40+00:00","breadcrumb":{"@id":"https://librosdeoro.cafam.com.co/libro2020/sor-marina-solis-climaco/#breadcrumb"},"inLanguage":"es-CO","potentialAction":[{"@type":"ReadAction","target":["https://librosdeoro.cafam.com.co/libro2020/sor-marina-solis-climaco/"]}]},{"@type":"ImageObject","inLanguage":"es-CO","@id":"https://librosdeoro.cafam.com.co/libro2020/sor-marina-solis-climaco/#primaryimage","url":"https://librosdeoro.cafam.com.co/wp-content/uploads/sites/9/2020/02/SUCRE-SOR-MARINA-SOLIZ-CLIMACO-IMAV_1229.jpg","contentUrl":"https://librosdeoro.cafam.com.co/wp-content/uploads/sites/9/2020/02/SUCRE-SOR-MARINA-SOLIZ-CLIMACO-IMAV_1229.jpg"},{"@type":"BreadcrumbList","@id":"https://librosdeoro.cafam.com.co/libro2020/sor-marina-solis-climaco/#breadcrumb","itemListElement":[{"@type":"ListItem","position":1,"name":"Home","item":"https://librosdeoro.cafam.com.co/libro2020/"},{"@type":"ListItem","position":2,"name":"Sor Marina Solís Clímaco"}]},{"@type":"WebSite","@id":"https://librosdeoro.cafam.com.co/libro2020/#website","url":"https://librosdeoro.cafam.com.co/libro2020/","name":"Libros de Oro 2020","description":"","potentialAction":[{"@type":"SearchAction","target":{"@type":"EntryPoint","urlTemplate":"https://librosdeoro.cafam.com.co/libro2020/?s={search_term_string}"},"query-input":"required name=search_term_string"}],"inLanguage":"es-CO"}]}</script>
<!-- / Yoast SEO plugin. -->

Sor Marina Solís Clímaco - Libros de Oro 2020

Sor Marina Solís Clímaco Mujer Cafam Sucre Del dolor a la alegría de ayudar a los demás La violencia, en todas sus manifestaciones y formas, se ensaña contra los seres humanos sin importar su origen o donde habiten. A lo ancho y largo del mundo se han puesto en marcha acciones, iniciativas, programas y planes [&hellip;]
