{"id":3779,"date":"2025-07-10T21:58:17","date_gmt":"2025-07-10T21:58:17","guid":{"rendered":"https:\/\/librosdeoro.cafam.com.co\/libro2020\/?page_id=3779"},"modified":"2025-07-11T17:06:19","modified_gmt":"2025-07-11T17:06:19","slug":"3779-2","status":"publish","type":"page","link":"https:\/\/librosdeoro.cafam.com.co\/libro2020\/3779-2\/","title":{"rendered":"Marleny Mafla de Ararat"},"content":{"rendered":"<div class=\"wp-block-image\">\n<figure class=\"aligncenter\"><img decoding=\"async\" src=\"https:\/\/librosdeoro.cafam.com.co\/wp-content\/uploads\/sites\/9\/2020\/02\/NORTE-DE-SANTANDER-MARLENY-MAFLA-DE-ARARAT-IMAV_0269.jpg\" alt=\"\" class=\"wp-image-1677\" \/><\/figure><\/div>\n\n\n<h3 class=\"wp-block-heading\"><\/h3>\n\n\n\n<h1 class=\"wp-block-heading\">Marleny Mafla de Ararat<\/h1>\n\n\n\n<h2 class=\"wp-block-heading\">Mujer Cafam Norte de Santander<\/h2>\n\n\n\n<h3 class=\"wp-block-heading\">Liderazgo empresarial para la transformar vidas<\/h3>\n\n\n\n<figure class=\"wp-block-table\"><table class=\"has-fixed-layout\"><tbody><tr><td colspan=\"2\">La desigualdad es un mal que galopa a toda velocidad en esta sociedad del siglo XXI, tal como lo afirma el economista franc\u00e9s Thomas Piketty. Y esa desigualdad se evidencia en todos los segmentos en los que el ser humano interviene, y m\u00e1s en la educaci\u00f3n, en su forma de gestionar sus recursos, sus medios de acci\u00f3n y de empoderar al talento humano educativo. Y como un aporte para mejorar el sector educativo a trav\u00e9s de acciones empresariales, Marleny lidera la Fundaci\u00f3n Empresarios por la Educaci\u00f3n EXE, cap\u00edtulo C\u00facuta. Esta iniciativa brinda un espacio de participaci\u00f3n al sector empresarial para contribuir con el sector educativo a trav\u00e9s de alianzas p\u00fablico-privadas que potencian la labor del sector p\u00fablico y consolidan una visi\u00f3n conjunta de la educaci\u00f3n de los ni\u00f1os, ni\u00f1as y adolescentes. A trav\u00e9s del programa Rectores L\u00edderes Transformadores (RLT) de la Fundaci\u00f3n se han formado 35 rectores de instituciones educativa p\u00fablicas desde el a\u00f1o 2015, que representan: 70 establecimientos educativas, 121 coordinadores, 897 docentes y 23.653 estudiantes. Y a trav\u00e9s del efecto cascada, se busca que los directivos transfieran las herramientas metodol\u00f3gicas del programa a la comunidad educativa y generen una visi\u00f3n organizacional de la instituci\u00f3n.<\/td><td colspan=\"2\">La segunda cohorte del programa RLT, con la participaci\u00f3n de 20 directivos docentes, cont\u00f3 con la participaci\u00f3n de las dos secretar\u00edas de educaci\u00f3n certificadas (C\u00facuta y Norte de Santander) y los recursos privados del cap\u00edtulo Norte de Santander de EXE. Este relacionamiento con el sector educativo ha propiciado la gesti\u00f3n de otros proyectos que buscan la mejora de ambientes dignos de aprendizaje, como es el caso de la construcci\u00f3n y adecuaci\u00f3n de bater\u00edas sanitarias de colegios, para lo cual se solicita a empresarios de diversos sectores (construcci\u00f3n, cer\u00e1mica, entre otros) el apoyo en especie para lograr la construcci\u00f3n de estos espacios.<\/td><\/tr><\/tbody><\/table><\/figure>\n\n\n\n<figure class=\"wp-block-table\"><table class=\"has-fixed-layout\"><tbody><tr><td>\u00bfQui\u00e9n es Marleny? Marleny es una empresaria jamunde\u00f1a, qu\u00edmica de profesi\u00f3n y licenciada en Educaci\u00f3n Vocacional, naci\u00f3 el 4 de febrero de 1942, pero tiene alma y vida cucute\u00f1a desde hace 57 a\u00f1os. En C\u00facuta se ha caracterizado por ser una l\u00edder con alto sentido social y reconocida por los diferentes gremios, empresarios, organizaciones civiles y el sector p\u00fablico por su aporte en el desarrollo de proyectos sociales y culturales que inspiran al sector empresarial para ser part\u00edcipes de estos grandes cambios. Marleny menciona que: \u201cUno tiene algunos amores en la vida y la educaci\u00f3n es el m\u00edo\u201d. Por ello, su experiencia como maestra universitaria y la insistencia de tejer una sociedad empoderada, ha incidido en el liderazgo de empresarios por la educaci\u00f3n.<\/td><\/tr><\/tbody><\/table><\/figure>\n\n\n\n<figure class=\"wp-block-table\"><table class=\"has-fixed-layout\"><tbody><tr><td><strong>Fundaci\u00f3n:<\/strong>\u00a0Empresarios por la Educaci\u00f3n \u2013 EXE<br><strong>Correo electr\u00f3nico:<\/strong>\u00a0marleny@viviendayvalores.com.co<\/td><\/tr><\/tbody><\/table><\/figure>\n\n\n\n<div class=\"wp-block-buttons is-content-justification-center is-layout-flex wp-container-core-buttons-is-layout-16018d1d wp-block-buttons-is-layout-flex\">\n<div class=\"wp-block-button is-style-fill\" id=\"https:\/\/librosdeoro.cafam.com.co\/libro2020\/mujeres-cafam-1989-2019\/\"><a class=\"wp-block-button__link has-col-f-9-f-9-f-9-color has-col-a-0-bd-3-f-background-color has-text-color has-background has-link-color wp-element-button\" href=\"https:\/\/librosdeoro.cafam.com.co\/libro2020\/mujeres-finalistas\/\" style=\"border-radius:16px\">Volver<\/a><\/div>\n<\/div>\n","protected":false},"excerpt":{"rendered":"<p>Marleny Mafla de Ararat Mujer Cafam Norte de Santander Liderazgo empresarial para la transformar vidas La desigualdad es un mal que galopa a toda velocidad en esta sociedad del siglo XXI, tal como lo afirma el economista franc\u00e9s Thomas Piketty. Y esa desigualdad se evidencia en todos los segmentos en los que el ser humano [&hellip;]<\/p>\n","protected":false},"author":4,"featured_media":0,"parent":0,"menu_order":0,"comment_status":"closed","ping_status":"closed","template":"","meta":{"footnotes":""},"class_list":["post-3779","page","type-page","status-publish","hentry"],"yoast_head":"<!-- This site is optimized with the Yoast SEO plugin v23.1 - https:\/\/yoast.com\/wordpress\/plugins\/seo\/ -->\n<title>Marleny Mafla de Ararat - Libros de Oro 2020<\/title>\n<meta name=\"robots\" content=\"index, follow, max-snippet:-1, max-image-preview:large, max-video-preview:-1\" \/>\n<link rel=\"canonical\" href=\"https:\/\/librosdeoro.cafam.com.co\/libro2020\/3779-2\/\" \/>\n<meta property=\"og:locale\" content=\"es_ES\" \/>\n<meta property=\"og:type\" content=\"article\" \/>\n<meta property=\"og:title\" content=\"Marleny Mafla de Ararat - Libros de Oro 2020\" \/>\n<meta property=\"og:description\" content=\"Marleny Mafla de Ararat Mujer Cafam Norte de Santander Liderazgo empresarial para la transformar vidas La desigualdad es un mal que galopa a toda velocidad en esta sociedad del siglo XXI, tal como lo afirma el economista franc\u00e9s Thomas Piketty. Y esa desigualdad se evidencia en todos los segmentos en los que el ser humano [&hellip;]\" \/>\n<meta property=\"og:url\" content=\"https:\/\/librosdeoro.cafam.com.co\/libro2020\/3779-2\/\" \/>\n<meta property=\"og:site_name\" content=\"Libros de Oro 2020\" \/>\n<meta property=\"article:modified_time\" content=\"2025-07-11T17:06:19+00:00\" \/>\n<meta property=\"og:image\" content=\"https:\/\/librosdeoro.cafam.com.co\/wp-content\/uploads\/sites\/9\/2020\/02\/NORTE-DE-SANTANDER-MARLENY-MAFLA-DE-ARARAT-IMAV_0269.jpg\" \/>\n<meta name=\"twitter:card\" content=\"summary_large_image\" \/>\n<script type=\"application\/ld+json\" class=\"yoast-schema-graph\">{\"@context\":\"https:\/\/schema.org\",\"@graph\":[{\"@type\":\"WebPage\",\"@id\":\"https:\/\/librosdeoro.cafam.com.co\/libro2020\/3779-2\/\",\"url\":\"https:\/\/librosdeoro.cafam.com.co\/libro2020\/3779-2\/\",\"name\":\"Marleny Mafla de Ararat - Libros de Oro 2020\",\"isPartOf\":{\"@id\":\"https:\/\/librosdeoro.cafam.com.co\/libro2020\/#website\"},\"primaryImageOfPage\":{\"@id\":\"https:\/\/librosdeoro.cafam.com.co\/libro2020\/3779-2\/#primaryimage\"},\"image\":{\"@id\":\"https:\/\/librosdeoro.cafam.com.co\/libro2020\/3779-2\/#primaryimage\"},\"thumbnailUrl\":\"https:\/\/librosdeoro.cafam.com.co\/wp-content\/uploads\/sites\/9\/2020\/02\/NORTE-DE-SANTANDER-MARLENY-MAFLA-DE-ARARAT-IMAV_0269.jpg\",\"datePublished\":\"2025-07-10T21:58:17+00:00\",\"dateModified\":\"2025-07-11T17:06:19+00:00\",\"breadcrumb\":{\"@id\":\"https:\/\/librosdeoro.cafam.com.co\/libro2020\/3779-2\/#breadcrumb\"},\"inLanguage\":\"es-CO\",\"potentialAction\":[{\"@type\":\"ReadAction\",\"target\":[\"https:\/\/librosdeoro.cafam.com.co\/libro2020\/3779-2\/\"]}]},{\"@type\":\"ImageObject\",\"inLanguage\":\"es-CO\",\"@id\":\"https:\/\/librosdeoro.cafam.com.co\/libro2020\/3779-2\/#primaryimage\",\"url\":\"https:\/\/librosdeoro.cafam.com.co\/wp-content\/uploads\/sites\/9\/2020\/02\/NORTE-DE-SANTANDER-MARLENY-MAFLA-DE-ARARAT-IMAV_0269.jpg\",\"contentUrl\":\"https:\/\/librosdeoro.cafam.com.co\/wp-content\/uploads\/sites\/9\/2020\/02\/NORTE-DE-SANTANDER-MARLENY-MAFLA-DE-ARARAT-IMAV_0269.jpg\"},{\"@type\":\"BreadcrumbList\",\"@id\":\"https:\/\/librosdeoro.cafam.com.co\/libro2020\/3779-2\/#breadcrumb\",\"itemListElement\":[{\"@type\":\"ListItem\",\"position\":1,\"name\":\"Home\",\"item\":\"https:\/\/librosdeoro.cafam.com.co\/libro2020\/\"},{\"@type\":\"ListItem\",\"position\":2,\"name\":\"Marleny Mafla de Ararat\"}]},{\"@type\":\"WebSite\",\"@id\":\"https:\/\/librosdeoro.cafam.com.co\/libro2020\/#website\",\"url\":\"https:\/\/librosdeoro.cafam.com.co\/libro2020\/\",\"name\":\"Libros de Oro 2020\",\"description\":\"\",\"potentialAction\":[{\"@type\":\"SearchAction\",\"target\":{\"@type\":\"EntryPoint\",\"urlTemplate\":\"https:\/\/librosdeoro.cafam.com.co\/libro2020\/?s={search_term_string}\"},\"query-input\":\"required name=search_term_string\"}],\"inLanguage\":\"es-CO\"}]}<\/script>\n<!-- \/ Yoast SEO plugin. -->","yoast_head_json":{"title":"Marleny Mafla de Ararat - Libros de Oro 2020","robots":{"index":"index","follow":"follow","max-snippet":"max-snippet:-1","max-image-preview":"max-image-preview:large","max-video-preview":"max-video-preview:-1"},"canonical":"https:\/\/librosdeoro.cafam.com.co\/libro2020\/3779-2\/","og_locale":"es_ES","og_type":"article","og_title":"Marleny Mafla de Ararat - Libros de Oro 2020","og_description":"Marleny Mafla de Ararat Mujer Cafam Norte de Santander Liderazgo empresarial para la transformar vidas La desigualdad es un mal que galopa a toda velocidad en esta sociedad del siglo XXI, tal como lo afirma el economista franc\u00e9s Thomas Piketty. Y esa desigualdad se evidencia en todos los segmentos en los que el ser humano [&hellip;]","og_url":"https:\/\/librosdeoro.cafam.com.co\/libro2020\/3779-2\/","og_site_name":"Libros de Oro 2020","article_modified_time":"2025-07-11T17:06:19+00:00","og_image":[{"url":"https:\/\/librosdeoro.cafam.com.co\/wp-content\/uploads\/sites\/9\/2020\/02\/NORTE-DE-SANTANDER-MARLENY-MAFLA-DE-ARARAT-IMAV_0269.jpg"}],"twitter_card":"summary_large_image","schema":{"@context":"https:\/\/schema.org","@graph":[{"@type":"WebPage","@id":"https:\/\/librosdeoro.cafam.com.co\/libro2020\/3779-2\/","url":"https:\/\/librosdeoro.cafam.com.co\/libro2020\/3779-2\/","name":"Marleny Mafla de Ararat - Libros de Oro 2020","isPartOf":{"@id":"https:\/\/librosdeoro.cafam.com.co\/libro2020\/#website"},"primaryImageOfPage":{"@id":"https:\/\/librosdeoro.cafam.com.co\/libro2020\/3779-2\/#primaryimage"},"image":{"@id":"https:\/\/librosdeoro.cafam.com.co\/libro2020\/3779-2\/#primaryimage"},"thumbnailUrl":"https:\/\/librosdeoro.cafam.com.co\/wp-content\/uploads\/sites\/9\/2020\/02\/NORTE-DE-SANTANDER-MARLENY-MAFLA-DE-ARARAT-IMAV_0269.jpg","datePublished":"2025-07-10T21:58:17+00:00","dateModified":"2025-07-11T17:06:19+00:00","breadcrumb":{"@id":"https:\/\/librosdeoro.cafam.com.co\/libro2020\/3779-2\/#breadcrumb"},"inLanguage":"es-CO","potentialAction":[{"@type":"ReadAction","target":["https:\/\/librosdeoro.cafam.com.co\/libro2020\/3779-2\/"]}]},{"@type":"ImageObject","inLanguage":"es-CO","@id":"https:\/\/librosdeoro.cafam.com.co\/libro2020\/3779-2\/#primaryimage","url":"https:\/\/librosdeoro.cafam.com.co\/wp-content\/uploads\/sites\/9\/2020\/02\/NORTE-DE-SANTANDER-MARLENY-MAFLA-DE-ARARAT-IMAV_0269.jpg","contentUrl":"https:\/\/librosdeoro.cafam.com.co\/wp-content\/uploads\/sites\/9\/2020\/02\/NORTE-DE-SANTANDER-MARLENY-MAFLA-DE-ARARAT-IMAV_0269.jpg"},{"@type":"BreadcrumbList","@id":"https:\/\/librosdeoro.cafam.com.co\/libro2020\/3779-2\/#breadcrumb","itemListElement":[{"@type":"ListItem","position":1,"name":"Home","item":"https:\/\/librosdeoro.cafam.com.co\/libro2020\/"},{"@type":"ListItem","position":2,"name":"Marleny Mafla de Ararat"}]},{"@type":"WebSite","@id":"https:\/\/librosdeoro.cafam.com.co\/libro2020\/#website","url":"https:\/\/librosdeoro.cafam.com.co\/libro2020\/","name":"Libros de Oro 2020","description":"","potentialAction":[{"@type":"SearchAction","target":{"@type":"EntryPoint","urlTemplate":"https:\/\/librosdeoro.cafam.com.co\/libro2020\/?s={search_term_string}"},"query-input":"required name=search_term_string"}],"inLanguage":"es-CO"}]}},"_links":{"self":[{"href":"https:\/\/librosdeoro.cafam.com.co\/libro2020\/wp-json\/wp\/v2\/pages\/3779","targetHints":{"allow":["GET"]}}],"collection":[{"href":"https:\/\/librosdeoro.cafam.com.co\/libro2020\/wp-json\/wp\/v2\/pages"}],"about":[{"href":"https:\/\/librosdeoro.cafam.com.co\/libro2020\/wp-json\/wp\/v2\/types\/page"}],"author":[{"embeddable":true,"href":"https:\/\/librosdeoro.cafam.com.co\/libro2020\/wp-json\/wp\/v2\/users\/4"}],"replies":[{"embeddable":true,"href":"https:\/\/librosdeoro.cafam.com.co\/libro2020\/wp-json\/wp\/v2\/comments?post=3779"}],"version-history":[{"count":2,"href":"https:\/\/librosdeoro.cafam.com.co\/libro2020\/wp-json\/wp\/v2\/pages\/3779\/revisions"}],"predecessor-version":[{"id":3832,"href":"https:\/\/librosdeoro.cafam.com.co\/libro2020\/wp-json\/wp\/v2\/pages\/3779\/revisions\/3832"}],"wp:attachment":[{"href":"https:\/\/librosdeoro.cafam.com.co\/libro2020\/wp-json\/wp\/v2\/media?parent=3779"}],"curies":[{"name":"wp","href":"https:\/\/api.w.org\/{rel}","templated":true}]}}

<div class="wp-block-image">
<figure class="aligncenter"><img decoding="async" src="https://librosdeoro.cafam.com.co/wp-content/uploads/sites/9/2020/02/NORTE-DE-SANTANDER-MARLENY-MAFLA-DE-ARARAT-IMAV_0269.jpg" alt="" class="wp-image-1677" /></figure></div>


<h3 class="wp-block-heading"></h3>



<h1 class="wp-block-heading">Marleny Mafla de Ararat</h1>



<h2 class="wp-block-heading">Mujer Cafam Norte de Santander</h2>



<h3 class="wp-block-heading">Liderazgo empresarial para la transformar vidas</h3>



<figure class="wp-block-table"><table class="has-fixed-layout"><tbody><tr><td colspan="2">La desigualdad es un mal que galopa a toda velocidad en esta sociedad del siglo XXI, tal como lo afirma el economista francés Thomas Piketty. Y esa desigualdad se evidencia en todos los segmentos en los que el ser humano interviene, y más en la educación, en su forma de gestionar sus recursos, sus medios de acción y de empoderar al talento humano educativo. Y como un aporte para mejorar el sector educativo a través de acciones empresariales, Marleny lidera la Fundación Empresarios por la Educación EXE, capítulo Cúcuta. Esta iniciativa brinda un espacio de participación al sector empresarial para contribuir con el sector educativo a través de alianzas público-privadas que potencian la labor del sector público y consolidan una visión conjunta de la educación de los niños, niñas y adolescentes. A través del programa Rectores Líderes Transformadores (RLT) de la Fundación se han formado 35 rectores de instituciones educativa públicas desde el año 2015, que representan: 70 establecimientos educativas, 121 coordinadores, 897 docentes y 23.653 estudiantes. Y a través del efecto cascada, se busca que los directivos transfieran las herramientas metodológicas del programa a la comunidad educativa y generen una visión organizacional de la institución.</td><td colspan="2">La segunda cohorte del programa RLT, con la participación de 20 directivos docentes, contó con la participación de las dos secretarías de educación certificadas (Cúcuta y Norte de Santander) y los recursos privados del capítulo Norte de Santander de EXE. Este relacionamiento con el sector educativo ha propiciado la gestión de otros proyectos que buscan la mejora de ambientes dignos de aprendizaje, como es el caso de la construcción y adecuación de baterías sanitarias de colegios, para lo cual se solicita a empresarios de diversos sectores (construcción, cerámica, entre otros) el apoyo en especie para lograr la construcción de estos espacios.</td></tr></tbody></table></figure>



<figure class="wp-block-table"><table class="has-fixed-layout"><tbody><tr><td>¿Quién es Marleny? Marleny es una empresaria jamundeña, química de profesión y licenciada en Educación Vocacional, nació el 4 de febrero de 1942, pero tiene alma y vida cucuteña desde hace 57 años. En Cúcuta se ha caracterizado por ser una líder con alto sentido social y reconocida por los diferentes gremios, empresarios, organizaciones civiles y el sector público por su aporte en el desarrollo de proyectos sociales y culturales que inspiran al sector empresarial para ser partícipes de estos grandes cambios. Marleny menciona que: “Uno tiene algunos amores en la vida y la educación es el mío”. Por ello, su experiencia como maestra universitaria y la insistencia de tejer una sociedad empoderada, ha incidido en el liderazgo de empresarios por la educación.</td></tr></tbody></table></figure>



<figure class="wp-block-table"><table class="has-fixed-layout"><tbody><tr><td><strong>Fundación:</strong> Empresarios por la Educación – EXE<br><strong>Correo electrónico:</strong> marleny@viviendayvalores.com.co</td></tr></tbody></table></figure>



<div class="wp-block-buttons is-content-justification-center is-layout-flex wp-container-core-buttons-is-layout-16018d1d wp-block-buttons-is-layout-flex">
<div class="wp-block-button is-style-fill" id="https://librosdeoro.cafam.com.co/libro2020/mujeres-cafam-1989-2019/"><a class="wp-block-button__link has-col-f-9-f-9-f-9-color has-col-a-0-bd-3-f-background-color has-text-color has-background has-link-color wp-element-button" href="https://librosdeoro.cafam.com.co/libro2020/mujeres-finalistas/" style="border-radius:16px">Volver</a></div>
</div>

<p>Marleny Mafla de Ararat Mujer Cafam Norte de Santander Liderazgo empresarial para la transformar vidas La desigualdad es un mal que galopa a toda velocidad en esta sociedad del siglo XXI, tal como lo afirma el economista francés Thomas Piketty. Y esa desigualdad se evidencia en todos los segmentos en los que el ser humano [&hellip;]</p>

<!-- This site is optimized with the Yoast SEO plugin v23.1 - https://yoast.com/wordpress/plugins/seo/ -->
<title>Marleny Mafla de Ararat - Libros de Oro 2020</title>
<meta name="robots" content="index, follow, max-snippet:-1, max-image-preview:large, max-video-preview:-1" />
<link rel="canonical" href="https://librosdeoro.cafam.com.co/libro2020/3779-2/" />
<meta property="og:locale" content="es_ES" />
<meta property="og:type" content="article" />
<meta property="og:title" content="Marleny Mafla de Ararat - Libros de Oro 2020" />
<meta property="og:description" content="Marleny Mafla de Ararat Mujer Cafam Norte de Santander Liderazgo empresarial para la transformar vidas La desigualdad es un mal que galopa a toda velocidad en esta sociedad del siglo XXI, tal como lo afirma el economista francés Thomas Piketty. Y esa desigualdad se evidencia en todos los segmentos en los que el ser humano [&hellip;]" />
<meta property="og:url" content="https://librosdeoro.cafam.com.co/libro2020/3779-2/" />
<meta property="og:site_name" content="Libros de Oro 2020" />
<meta property="article:modified_time" content="2025-07-11T17:06:19+00:00" />
<meta property="og:image" content="https://librosdeoro.cafam.com.co/wp-content/uploads/sites/9/2020/02/NORTE-DE-SANTANDER-MARLENY-MAFLA-DE-ARARAT-IMAV_0269.jpg" />
<meta name="twitter:card" content="summary_large_image" />
<script type="application/ld+json" class="yoast-schema-graph">{"@context":"https://schema.org","@graph":[{"@type":"WebPage","@id":"https://librosdeoro.cafam.com.co/libro2020/3779-2/","url":"https://librosdeoro.cafam.com.co/libro2020/3779-2/","name":"Marleny Mafla de Ararat - Libros de Oro 2020","isPartOf":{"@id":"https://librosdeoro.cafam.com.co/libro2020/#website"},"primaryImageOfPage":{"@id":"https://librosdeoro.cafam.com.co/libro2020/3779-2/#primaryimage"},"image":{"@id":"https://librosdeoro.cafam.com.co/libro2020/3779-2/#primaryimage"},"thumbnailUrl":"https://librosdeoro.cafam.com.co/wp-content/uploads/sites/9/2020/02/NORTE-DE-SANTANDER-MARLENY-MAFLA-DE-ARARAT-IMAV_0269.jpg","datePublished":"2025-07-10T21:58:17+00:00","dateModified":"2025-07-11T17:06:19+00:00","breadcrumb":{"@id":"https://librosdeoro.cafam.com.co/libro2020/3779-2/#breadcrumb"},"inLanguage":"es-CO","potentialAction":[{"@type":"ReadAction","target":["https://librosdeoro.cafam.com.co/libro2020/3779-2/"]}]},{"@type":"ImageObject","inLanguage":"es-CO","@id":"https://librosdeoro.cafam.com.co/libro2020/3779-2/#primaryimage","url":"https://librosdeoro.cafam.com.co/wp-content/uploads/sites/9/2020/02/NORTE-DE-SANTANDER-MARLENY-MAFLA-DE-ARARAT-IMAV_0269.jpg","contentUrl":"https://librosdeoro.cafam.com.co/wp-content/uploads/sites/9/2020/02/NORTE-DE-SANTANDER-MARLENY-MAFLA-DE-ARARAT-IMAV_0269.jpg"},{"@type":"BreadcrumbList","@id":"https://librosdeoro.cafam.com.co/libro2020/3779-2/#breadcrumb","itemListElement":[{"@type":"ListItem","position":1,"name":"Home","item":"https://librosdeoro.cafam.com.co/libro2020/"},{"@type":"ListItem","position":2,"name":"Marleny Mafla de Ararat"}]},{"@type":"WebSite","@id":"https://librosdeoro.cafam.com.co/libro2020/#website","url":"https://librosdeoro.cafam.com.co/libro2020/","name":"Libros de Oro 2020","description":"","potentialAction":[{"@type":"SearchAction","target":{"@type":"EntryPoint","urlTemplate":"https://librosdeoro.cafam.com.co/libro2020/?s={search_term_string}"},"query-input":"required name=search_term_string"}],"inLanguage":"es-CO"}]}</script>
<!-- / Yoast SEO plugin. -->

Marleny Mafla de Ararat Mujer Cafam Norte de Santander Liderazgo empresarial para la transformar vidas La desigualdad es un mal que galopa a toda velocidad en esta sociedad del siglo XXI, tal como lo afirma el economista francés Thomas Piketty. Y esa desigualdad se evidencia en todos los segmentos en los que el ser humano [&hellip;]
