{"id":3774,"date":"2025-07-10T21:53:16","date_gmt":"2025-07-10T21:53:16","guid":{"rendered":"https:\/\/librosdeoro.cafam.com.co\/libro2020\/?page_id=3774"},"modified":"2025-07-10T21:53:16","modified_gmt":"2025-07-10T21:53:16","slug":"rosa-ermi-banguera-rivadeneira","status":"publish","type":"page","link":"https:\/\/librosdeoro.cafam.com.co\/libro2020\/rosa-ermi-banguera-rivadeneira\/","title":{"rendered":"Rosa Ermi Banguera Rivadeneira"},"content":{"rendered":"<div class=\"wp-block-image\">\n<figure class=\"aligncenter\"><img decoding=\"async\" src=\"https:\/\/librosdeoro.cafam.com.co\/wp-content\/uploads\/sites\/9\/2020\/02\/CUNDINAMARCA-ROSA-ERMI-BANGUERA-RIVADENEIRA-IMAV_1796.jpg\" alt=\"\" class=\"wp-image-1677\" \/><\/figure><\/div>\n\n\n<h3 class=\"wp-block-heading\"><\/h3>\n\n\n\n<h1 class=\"wp-block-heading\">Rosa Ermi Banguera Rivadeneira<\/h1>\n\n\n\n<h2 class=\"wp-block-heading\">Mujer Cafam Cundinamarca<\/h2>\n\n\n\n<h3 class=\"wp-block-heading\">20 a\u00f1os forjando cadenas de libertad<\/h3>\n\n\n\n<figure class=\"wp-block-table\"><table class=\"has-fixed-layout\"><tbody><tr><td colspan=\"2\">En medio del desplazamiento una forma de unir y reivindicar el terru\u00f1o que se deja por voluntad propia o por factores derivados de la violencia es unirse, pues el ser humano es, por excelencia, un ser social que busca en sus similares la fuerza para afrontar los desaf\u00edos diarios de la vida. Y cuando Rosa Ermi lleg\u00f3 a vivir al barrio La Isla de la comuna 4 del municipio de Soacha, se sorprendi\u00f3 por la cantidad de afros que vio en condici\u00f3n de desplazamiento que proven\u00edan del pac\u00edfico y atl\u00e1ntico colombiano, ella cre\u00f3, con un grupo de mujeres en su mayor\u00eda desplazadas y en condici\u00f3n de vulnerabilidad, la Fundaci\u00f3n Femenina Perlas del Pac\u00edfico. Convencida de que es necesario visibilizar a la comunidad desplazada de Soacha, con las lideresas de su Fundaci\u00f3n acudieron a la Gobernaci\u00f3n de Cundinamarca, a la Alcald\u00eda de Soacha, entre otras entidades, para dar a conocer la conformaci\u00f3n de esta organizaci\u00f3n y solicitar el derecho a participar en la socializaci\u00f3n y construcci\u00f3n de la pol\u00edtica p\u00fablica pertinente a este sector de la poblaci\u00f3n.<\/td><td colspan=\"2\">Como resultado de esta gesti\u00f3n, el 26 de enero del 2003, con el apoyo de la Direcci\u00f3n de Cultura de la Gobernaci\u00f3n de Cundinamarca, su entidad realiza el Primer Encuentro Cultural Afrocolombiano en el barrio La Isla de Soacha. All\u00ed se pudieron apreciar muestras gastron\u00f3micas, actividades de danza, desfile de moda \u00e9tnico y expresiones culturales de la costa Pac\u00edfica y Atl\u00e1ntica. Adem\u00e1s, la Fundaci\u00f3n adquiri\u00f3 una sede en arriendo y en firm\u00f3 un convenio de cooperaci\u00f3n con la Fundaci\u00f3n Gens Mundi Casa de la Mujer Soachuna, donde se le hace entrega en calidad de comodato esta instalaci\u00f3n, incluida el \u00e1rea de planta de soya.<\/td><\/tr><\/tbody><\/table><\/figure>\n\n\n\n<figure class=\"wp-block-table\"><table class=\"has-fixed-layout\"><tbody><tr><td>\u00bfQui\u00e9n es Rosa Ermi? Rosa Ermi naci\u00f3 el 9 de mayo de 1956 en Tumaco, Nari\u00f1o, y desde peque\u00f1a fue una mujer decidida, como cuando a sus 15 a\u00f1os empez\u00f3 a trabajar para ayudar a su familia. En el a\u00f1o 1980 lleg\u00f3 a la ciudad de Bogot\u00e1 con 24 a\u00f1os, desplazada, y con nostalgia en su coraz\u00f3n por tener dejar con su madre a su hija de 1 a\u00f1o de nacida. All\u00ed, inici\u00f3 la b\u00fasqueda para trabajar en lo que se desempe\u00f1aba en su pueblo, administraci\u00f3n de almacenes, pero el racismo de aquellas \u00e9pocas solo le permiti\u00f3 vincularse a labores dom\u00e9sticas en casas de familia. Rosa expresa que: \u201cSe debe compartir conocimiento e impulsara esta comunidad \u2013en su mayor\u00eda mujeres, pero tambi\u00e9n hombres\u2013 que se han ido incorporando a este proceso a trav\u00e9s de capacitaciones, cursos, proyectos en diferentes \u00e1reas como modister\u00eda, elaboraci\u00f3n de productos en la planta de soya, tejido \u00e9tnico afro, lencer\u00eda del hogar, productos de aseo con enfoque ambiental, gastronom\u00eda y folclor es un aporte a la construcci\u00f3n de la paz, en nuestro pa\u00eds\u201d.<\/td><\/tr><\/tbody><\/table><\/figure>\n\n\n\n<figure class=\"wp-block-table\"><table class=\"has-fixed-layout\"><tbody><tr><td><img loading=\"lazy\" decoding=\"async\" src=\"https:\/\/librosdeoro.cafam.com.co\/wp-content\/uploads\/sites\/9\/2020\/09\/Cundinamarca.png\" alt=\"\" width=\"950\" height=\"525\"><\/td><\/tr><\/tbody><\/table><\/figure>\n\n\n\n<div class=\"wp-block-buttons is-content-justification-center is-layout-flex wp-container-core-buttons-is-layout-16018d1d wp-block-buttons-is-layout-flex\">\n<div class=\"wp-block-button is-style-fill\" id=\"https:\/\/librosdeoro.cafam.com.co\/libro2020\/mujeres-cafam-1989-2019\/\"><a class=\"wp-block-button__link has-col-f-9-f-9-f-9-color has-col-a-0-bd-3-f-background-color has-text-color has-background has-link-color wp-element-button\" href=\"https:\/\/librosdeoro.cafam.com.co\/libro2020\/mujeres-finalistas\/\" style=\"border-radius:16px\">Volver<\/a><\/div>\n<\/div>\n","protected":false},"excerpt":{"rendered":"<p>Rosa Ermi Banguera Rivadeneira Mujer Cafam Cundinamarca 20 a\u00f1os forjando cadenas de libertad En medio del desplazamiento una forma de unir y reivindicar el terru\u00f1o que se deja por voluntad propia o por factores derivados de la violencia es unirse, pues el ser humano es, por excelencia, un ser social que busca en sus similares [&hellip;]<\/p>\n","protected":false},"author":4,"featured_media":0,"parent":0,"menu_order":0,"comment_status":"closed","ping_status":"closed","template":"","meta":{"footnotes":""},"class_list":["post-3774","page","type-page","status-publish","hentry"],"yoast_head":"<!-- This site is optimized with the Yoast SEO plugin v23.1 - https:\/\/yoast.com\/wordpress\/plugins\/seo\/ -->\n<title>Rosa Ermi Banguera Rivadeneira - Libros de Oro 2020<\/title>\n<meta name=\"robots\" content=\"index, follow, max-snippet:-1, max-image-preview:large, max-video-preview:-1\" \/>\n<link rel=\"canonical\" href=\"https:\/\/librosdeoro.cafam.com.co\/libro2020\/rosa-ermi-banguera-rivadeneira\/\" \/>\n<meta property=\"og:locale\" content=\"es_ES\" \/>\n<meta property=\"og:type\" content=\"article\" \/>\n<meta property=\"og:title\" content=\"Rosa Ermi Banguera Rivadeneira - Libros de Oro 2020\" \/>\n<meta property=\"og:description\" content=\"Rosa Ermi Banguera Rivadeneira Mujer Cafam Cundinamarca 20 a\u00f1os forjando cadenas de libertad En medio del desplazamiento una forma de unir y reivindicar el terru\u00f1o que se deja por voluntad propia o por factores derivados de la violencia es unirse, pues el ser humano es, por excelencia, un ser social que busca en sus similares [&hellip;]\" \/>\n<meta property=\"og:url\" content=\"https:\/\/librosdeoro.cafam.com.co\/libro2020\/rosa-ermi-banguera-rivadeneira\/\" \/>\n<meta property=\"og:site_name\" content=\"Libros de Oro 2020\" \/>\n<meta property=\"og:image\" content=\"https:\/\/librosdeoro.cafam.com.co\/wp-content\/uploads\/sites\/9\/2020\/02\/CUNDINAMARCA-ROSA-ERMI-BANGUERA-RIVADENEIRA-IMAV_1796.jpg\" \/>\n<meta name=\"twitter:card\" content=\"summary_large_image\" \/>\n<meta name=\"twitter:label1\" content=\"Tiempo de lectura\" \/>\n\t<meta name=\"twitter:data1\" content=\"3 minutos\" \/>\n<script type=\"application\/ld+json\" class=\"yoast-schema-graph\">{\"@context\":\"https:\/\/schema.org\",\"@graph\":[{\"@type\":\"WebPage\",\"@id\":\"https:\/\/librosdeoro.cafam.com.co\/libro2020\/rosa-ermi-banguera-rivadeneira\/\",\"url\":\"https:\/\/librosdeoro.cafam.com.co\/libro2020\/rosa-ermi-banguera-rivadeneira\/\",\"name\":\"Rosa Ermi Banguera Rivadeneira - Libros de Oro 2020\",\"isPartOf\":{\"@id\":\"https:\/\/librosdeoro.cafam.com.co\/libro2020\/#website\"},\"primaryImageOfPage\":{\"@id\":\"https:\/\/librosdeoro.cafam.com.co\/libro2020\/rosa-ermi-banguera-rivadeneira\/#primaryimage\"},\"image\":{\"@id\":\"https:\/\/librosdeoro.cafam.com.co\/libro2020\/rosa-ermi-banguera-rivadeneira\/#primaryimage\"},\"thumbnailUrl\":\"https:\/\/librosdeoro.cafam.com.co\/wp-content\/uploads\/sites\/9\/2020\/02\/CUNDINAMARCA-ROSA-ERMI-BANGUERA-RIVADENEIRA-IMAV_1796.jpg\",\"datePublished\":\"2025-07-10T21:53:16+00:00\",\"dateModified\":\"2025-07-10T21:53:16+00:00\",\"breadcrumb\":{\"@id\":\"https:\/\/librosdeoro.cafam.com.co\/libro2020\/rosa-ermi-banguera-rivadeneira\/#breadcrumb\"},\"inLanguage\":\"es-CO\",\"potentialAction\":[{\"@type\":\"ReadAction\",\"target\":[\"https:\/\/librosdeoro.cafam.com.co\/libro2020\/rosa-ermi-banguera-rivadeneira\/\"]}]},{\"@type\":\"ImageObject\",\"inLanguage\":\"es-CO\",\"@id\":\"https:\/\/librosdeoro.cafam.com.co\/libro2020\/rosa-ermi-banguera-rivadeneira\/#primaryimage\",\"url\":\"https:\/\/librosdeoro.cafam.com.co\/wp-content\/uploads\/sites\/9\/2020\/02\/CUNDINAMARCA-ROSA-ERMI-BANGUERA-RIVADENEIRA-IMAV_1796.jpg\",\"contentUrl\":\"https:\/\/librosdeoro.cafam.com.co\/wp-content\/uploads\/sites\/9\/2020\/02\/CUNDINAMARCA-ROSA-ERMI-BANGUERA-RIVADENEIRA-IMAV_1796.jpg\"},{\"@type\":\"BreadcrumbList\",\"@id\":\"https:\/\/librosdeoro.cafam.com.co\/libro2020\/rosa-ermi-banguera-rivadeneira\/#breadcrumb\",\"itemListElement\":[{\"@type\":\"ListItem\",\"position\":1,\"name\":\"Home\",\"item\":\"https:\/\/librosdeoro.cafam.com.co\/libro2020\/\"},{\"@type\":\"ListItem\",\"position\":2,\"name\":\"Rosa Ermi Banguera Rivadeneira\"}]},{\"@type\":\"WebSite\",\"@id\":\"https:\/\/librosdeoro.cafam.com.co\/libro2020\/#website\",\"url\":\"https:\/\/librosdeoro.cafam.com.co\/libro2020\/\",\"name\":\"Libros de Oro 2020\",\"description\":\"\",\"potentialAction\":[{\"@type\":\"SearchAction\",\"target\":{\"@type\":\"EntryPoint\",\"urlTemplate\":\"https:\/\/librosdeoro.cafam.com.co\/libro2020\/?s={search_term_string}\"},\"query-input\":\"required name=search_term_string\"}],\"inLanguage\":\"es-CO\"}]}<\/script>\n<!-- \/ Yoast SEO plugin. -->","yoast_head_json":{"title":"Rosa Ermi Banguera Rivadeneira - Libros de Oro 2020","robots":{"index":"index","follow":"follow","max-snippet":"max-snippet:-1","max-image-preview":"max-image-preview:large","max-video-preview":"max-video-preview:-1"},"canonical":"https:\/\/librosdeoro.cafam.com.co\/libro2020\/rosa-ermi-banguera-rivadeneira\/","og_locale":"es_ES","og_type":"article","og_title":"Rosa Ermi Banguera Rivadeneira - Libros de Oro 2020","og_description":"Rosa Ermi Banguera Rivadeneira Mujer Cafam Cundinamarca 20 a\u00f1os forjando cadenas de libertad En medio del desplazamiento una forma de unir y reivindicar el terru\u00f1o que se deja por voluntad propia o por factores derivados de la violencia es unirse, pues el ser humano es, por excelencia, un ser social que busca en sus similares [&hellip;]","og_url":"https:\/\/librosdeoro.cafam.com.co\/libro2020\/rosa-ermi-banguera-rivadeneira\/","og_site_name":"Libros de Oro 2020","og_image":[{"url":"https:\/\/librosdeoro.cafam.com.co\/wp-content\/uploads\/sites\/9\/2020\/02\/CUNDINAMARCA-ROSA-ERMI-BANGUERA-RIVADENEIRA-IMAV_1796.jpg"}],"twitter_card":"summary_large_image","twitter_misc":{"Tiempo de lectura":"3 minutos"},"schema":{"@context":"https:\/\/schema.org","@graph":[{"@type":"WebPage","@id":"https:\/\/librosdeoro.cafam.com.co\/libro2020\/rosa-ermi-banguera-rivadeneira\/","url":"https:\/\/librosdeoro.cafam.com.co\/libro2020\/rosa-ermi-banguera-rivadeneira\/","name":"Rosa Ermi Banguera Rivadeneira - Libros de Oro 2020","isPartOf":{"@id":"https:\/\/librosdeoro.cafam.com.co\/libro2020\/#website"},"primaryImageOfPage":{"@id":"https:\/\/librosdeoro.cafam.com.co\/libro2020\/rosa-ermi-banguera-rivadeneira\/#primaryimage"},"image":{"@id":"https:\/\/librosdeoro.cafam.com.co\/libro2020\/rosa-ermi-banguera-rivadeneira\/#primaryimage"},"thumbnailUrl":"https:\/\/librosdeoro.cafam.com.co\/wp-content\/uploads\/sites\/9\/2020\/02\/CUNDINAMARCA-ROSA-ERMI-BANGUERA-RIVADENEIRA-IMAV_1796.jpg","datePublished":"2025-07-10T21:53:16+00:00","dateModified":"2025-07-10T21:53:16+00:00","breadcrumb":{"@id":"https:\/\/librosdeoro.cafam.com.co\/libro2020\/rosa-ermi-banguera-rivadeneira\/#breadcrumb"},"inLanguage":"es-CO","potentialAction":[{"@type":"ReadAction","target":["https:\/\/librosdeoro.cafam.com.co\/libro2020\/rosa-ermi-banguera-rivadeneira\/"]}]},{"@type":"ImageObject","inLanguage":"es-CO","@id":"https:\/\/librosdeoro.cafam.com.co\/libro2020\/rosa-ermi-banguera-rivadeneira\/#primaryimage","url":"https:\/\/librosdeoro.cafam.com.co\/wp-content\/uploads\/sites\/9\/2020\/02\/CUNDINAMARCA-ROSA-ERMI-BANGUERA-RIVADENEIRA-IMAV_1796.jpg","contentUrl":"https:\/\/librosdeoro.cafam.com.co\/wp-content\/uploads\/sites\/9\/2020\/02\/CUNDINAMARCA-ROSA-ERMI-BANGUERA-RIVADENEIRA-IMAV_1796.jpg"},{"@type":"BreadcrumbList","@id":"https:\/\/librosdeoro.cafam.com.co\/libro2020\/rosa-ermi-banguera-rivadeneira\/#breadcrumb","itemListElement":[{"@type":"ListItem","position":1,"name":"Home","item":"https:\/\/librosdeoro.cafam.com.co\/libro2020\/"},{"@type":"ListItem","position":2,"name":"Rosa Ermi Banguera Rivadeneira"}]},{"@type":"WebSite","@id":"https:\/\/librosdeoro.cafam.com.co\/libro2020\/#website","url":"https:\/\/librosdeoro.cafam.com.co\/libro2020\/","name":"Libros de Oro 2020","description":"","potentialAction":[{"@type":"SearchAction","target":{"@type":"EntryPoint","urlTemplate":"https:\/\/librosdeoro.cafam.com.co\/libro2020\/?s={search_term_string}"},"query-input":"required name=search_term_string"}],"inLanguage":"es-CO"}]}},"_links":{"self":[{"href":"https:\/\/librosdeoro.cafam.com.co\/libro2020\/wp-json\/wp\/v2\/pages\/3774","targetHints":{"allow":["GET"]}}],"collection":[{"href":"https:\/\/librosdeoro.cafam.com.co\/libro2020\/wp-json\/wp\/v2\/pages"}],"about":[{"href":"https:\/\/librosdeoro.cafam.com.co\/libro2020\/wp-json\/wp\/v2\/types\/page"}],"author":[{"embeddable":true,"href":"https:\/\/librosdeoro.cafam.com.co\/libro2020\/wp-json\/wp\/v2\/users\/4"}],"replies":[{"embeddable":true,"href":"https:\/\/librosdeoro.cafam.com.co\/libro2020\/wp-json\/wp\/v2\/comments?post=3774"}],"version-history":[{"count":1,"href":"https:\/\/librosdeoro.cafam.com.co\/libro2020\/wp-json\/wp\/v2\/pages\/3774\/revisions"}],"predecessor-version":[{"id":3776,"href":"https:\/\/librosdeoro.cafam.com.co\/libro2020\/wp-json\/wp\/v2\/pages\/3774\/revisions\/3776"}],"wp:attachment":[{"href":"https:\/\/librosdeoro.cafam.com.co\/libro2020\/wp-json\/wp\/v2\/media?parent=3774"}],"curies":[{"name":"wp","href":"https:\/\/api.w.org\/{rel}","templated":true}]}}