{"id":3771,"date":"2025-07-10T21:52:40","date_gmt":"2025-07-10T21:52:40","guid":{"rendered":"https:\/\/librosdeoro.cafam.com.co\/libro2020\/?page_id=3771"},"modified":"2025-07-10T21:52:40","modified_gmt":"2025-07-10T21:52:40","slug":"viviana-maria-gracia-ramos","status":"publish","type":"page","link":"https:\/\/librosdeoro.cafam.com.co\/libro2020\/viviana-maria-gracia-ramos\/","title":{"rendered":"Viviana Mar\u00eda Gracia Ramos"},"content":{"rendered":"<div class=\"wp-block-image\">\n<figure class=\"aligncenter\"><img decoding=\"async\" src=\"https:\/\/librosdeoro.cafam.com.co\/wp-content\/uploads\/sites\/9\/2020\/02\/CORDOBA-VIVIANA-MARIA-GRACIA-RAMOS-IMAV_1018.jpg\" alt=\"\" class=\"wp-image-1677\" \/><\/figure><\/div>\n\n\n<h3 class=\"wp-block-heading\"><\/h3>\n\n\n\n<h1 class=\"wp-block-heading\">Viviana Mar\u00eda Gracia Ramos<\/h1>\n\n\n\n<h2 class=\"wp-block-heading\">Mujer Cafam C\u00f3rdoba<\/h2>\n\n\n\n<h3 class=\"wp-block-heading\">Servir a los dem\u00e1s: un estilo de vida<\/h3>\n\n\n\n<figure class=\"wp-block-table\"><table class=\"has-fixed-layout\"><tbody><tr><td colspan=\"2\">La palabra \u201cministro\u201d proviene del lat\u00edn minister que significa \u201cmediador y servidor\u201d, se trata de una persona que posee cualidades para liderar una causa con fines altruistas, desprendimiento y sacrificio personal por el pr\u00f3jimo. Y Viviana Mar\u00eda es una ministra en todo el sentido de la palabra, pues desde la direcci\u00f3n de la Fundaci\u00f3n IMAT, una entidad sin \u00e1nimo de lucro que forma parte de la responsabilidad social de IMAT Oncom\u00e9dica, brinda atenci\u00f3n en especial a los ni\u00f1os, adolescentes y adultos diagnosticados con c\u00e1ncer y con dificultades econ\u00f3micas, para mejorar su calidad de vida durante el proceso y logren recuperarse satisfactoriamente. La Fundaci\u00f3n desarrolla sus actividades mediante cinco programas:<\/td><td colspan=\"2\">IMAT Lee &#8211; IMAT Ense\u00f1a: programa para apoyar y vincular en procesos de escolarizaci\u00f3n a los pacientes en tratamientos y\/o hospitalizaci\u00f3n oncol\u00f3gica pedi\u00e1trica. A trav\u00e9s de este programa, los ni\u00f1os aprenden y desarrollan habilidades de lectoescritura, comprensi\u00f3n, producci\u00f3n textual y competencias de pensamiento l\u00f3gico matem\u00e1tico. Casita IMAT Hogar de Paso: iniciativa para garantizar condiciones \u00f3ptimas de estad\u00eda a pacientes y sus acompa\u00f1antes, durante las fases de tratamiento o espacios de tiempo cortos entre un proceso de hospitalizaci\u00f3n y otro. Reciclando por un Sue\u00f1o: consiste en reciclar la mayor cantidad de envases pl\u00e1sticos, tapas, papel, latas, cart\u00f3n y vidrio que se traducen en ingresos econ\u00f3micos que permiten financiar el mejoramiento de la calidad de vida de los pacientes con c\u00e1ncer que ingresan en IMAT Oncom\u00e9dica S. A. Plan Padrino: estrategia de recolecci\u00f3n de fondos que implementa la Fundaci\u00f3n IMAT y consiste en que una persona natural o jur\u00eddica aporta una donaci\u00f3n fija mensual ($50.000) por un per\u00edodo m\u00ednimo de un a\u00f1o, para apoyar el tratamiento de un ni\u00f1o, ni\u00f1a o adolescente que la Fundaci\u00f3n le asigna. Tienda IMAT: brinda diversos art\u00edculos a c\u00f3modos precios para detalles y fechas especiales, paquetes para regalos corporativos, recordatorios de eventos y cumplea\u00f1os, como velas luminosas, libretas, bol\u00edgrafos, velas navide\u00f1as, llaveros, entre otros.<\/td><\/tr><\/tbody><\/table><\/figure>\n\n\n\n<figure class=\"wp-block-table\"><table class=\"has-fixed-layout\"><tbody><tr><td>\u00bfQui\u00e9n es Viviana? Viviana Mar\u00eda naci\u00f3 en el 22 de agosto de 1974, en Medell\u00edn, es odont\u00f3loga de la Universidad Metropolitana de Barranquilla y lleg\u00f3 como voluntaria a Fundaci\u00f3n IMAT en el a\u00f1o 2015, luego de 15 a\u00f1os de trabajo en coordinaci\u00f3n de pr\u00e1cticas cl\u00ednicas en la EPS Coomeva en el departamento de C\u00f3rdoba y despu\u00e9s de conocer algunos casos de ni\u00f1os con diagn\u00f3sticos oncol\u00f3gicos. La meta de Viviana es: \u201cLa construcci\u00f3n del hogar de paso propio de la Fundaci\u00f3n, que libere del pago de arriendo; y por segundo a\u00f1o consecutivo, vincular 10 mujeres con c\u00e1ncer de mama, madres solteras y cabezas de hogar con m\u00e1s de 2 hijos, para acompa\u00f1arlas y apoyarlas durante su tratamiento\u201d.<\/td><\/tr><\/tbody><\/table><\/figure>\n\n\n\n<figure class=\"wp-block-table\"><table class=\"has-fixed-layout\"><tbody><tr><td><img loading=\"lazy\" decoding=\"async\" src=\"https:\/\/librosdeoro.cafam.com.co\/wp-content\/uploads\/sites\/9\/2020\/09\/Cordoba.png\" alt=\"\" width=\"950\" height=\"525\"><\/td><\/tr><\/tbody><\/table><\/figure>\n\n\n\n<div class=\"wp-block-buttons is-content-justification-center is-layout-flex wp-container-core-buttons-is-layout-16018d1d wp-block-buttons-is-layout-flex\">\n<div class=\"wp-block-button is-style-fill\" id=\"https:\/\/librosdeoro.cafam.com.co\/libro2020\/mujeres-cafam-1989-2019\/\"><a class=\"wp-block-button__link has-col-f-9-f-9-f-9-color has-col-a-0-bd-3-f-background-color has-text-color has-background has-link-color wp-element-button\" href=\"https:\/\/librosdeoro.cafam.com.co\/libro2020\/mujeres-finalistas\/\" style=\"border-radius:16px\">Volver<\/a><\/div>\n<\/div>\n","protected":false},"excerpt":{"rendered":"<p>Viviana Mar\u00eda Gracia Ramos Mujer Cafam C\u00f3rdoba Servir a los dem\u00e1s: un estilo de vida La palabra \u201cministro\u201d proviene del lat\u00edn minister que significa \u201cmediador y servidor\u201d, se trata de una persona que posee cualidades para liderar una causa con fines altruistas, desprendimiento y sacrificio personal por el pr\u00f3jimo. Y Viviana Mar\u00eda es una ministra [&hellip;]<\/p>\n","protected":false},"author":4,"featured_media":0,"parent":0,"menu_order":0,"comment_status":"closed","ping_status":"closed","template":"","meta":{"footnotes":""},"class_list":["post-3771","page","type-page","status-publish","hentry"],"yoast_head":"<!-- This site is optimized with the Yoast SEO plugin v23.1 - https:\/\/yoast.com\/wordpress\/plugins\/seo\/ -->\n<title>Viviana Mar\u00eda Gracia Ramos - Libros de Oro 2020<\/title>\n<meta name=\"robots\" content=\"index, follow, max-snippet:-1, max-image-preview:large, max-video-preview:-1\" \/>\n<link rel=\"canonical\" href=\"https:\/\/librosdeoro.cafam.com.co\/libro2020\/viviana-maria-gracia-ramos\/\" \/>\n<meta property=\"og:locale\" content=\"es_ES\" \/>\n<meta property=\"og:type\" content=\"article\" \/>\n<meta property=\"og:title\" content=\"Viviana Mar\u00eda Gracia Ramos - Libros de Oro 2020\" \/>\n<meta property=\"og:description\" content=\"Viviana Mar\u00eda Gracia Ramos Mujer Cafam C\u00f3rdoba Servir a los dem\u00e1s: un estilo de vida La palabra \u201cministro\u201d proviene del lat\u00edn minister que significa \u201cmediador y servidor\u201d, se trata de una persona que posee cualidades para liderar una causa con fines altruistas, desprendimiento y sacrificio personal por el pr\u00f3jimo. Y Viviana Mar\u00eda es una ministra [&hellip;]\" \/>\n<meta property=\"og:url\" content=\"https:\/\/librosdeoro.cafam.com.co\/libro2020\/viviana-maria-gracia-ramos\/\" \/>\n<meta property=\"og:site_name\" content=\"Libros de Oro 2020\" \/>\n<meta property=\"og:image\" content=\"https:\/\/librosdeoro.cafam.com.co\/wp-content\/uploads\/sites\/9\/2020\/02\/CORDOBA-VIVIANA-MARIA-GRACIA-RAMOS-IMAV_1018.jpg\" \/>\n<meta name=\"twitter:card\" content=\"summary_large_image\" \/>\n<meta name=\"twitter:label1\" content=\"Tiempo de lectura\" \/>\n\t<meta name=\"twitter:data1\" content=\"3 minutos\" \/>\n<script type=\"application\/ld+json\" class=\"yoast-schema-graph\">{\"@context\":\"https:\/\/schema.org\",\"@graph\":[{\"@type\":\"WebPage\",\"@id\":\"https:\/\/librosdeoro.cafam.com.co\/libro2020\/viviana-maria-gracia-ramos\/\",\"url\":\"https:\/\/librosdeoro.cafam.com.co\/libro2020\/viviana-maria-gracia-ramos\/\",\"name\":\"Viviana Mar\u00eda Gracia Ramos - Libros de Oro 2020\",\"isPartOf\":{\"@id\":\"https:\/\/librosdeoro.cafam.com.co\/libro2020\/#website\"},\"primaryImageOfPage\":{\"@id\":\"https:\/\/librosdeoro.cafam.com.co\/libro2020\/viviana-maria-gracia-ramos\/#primaryimage\"},\"image\":{\"@id\":\"https:\/\/librosdeoro.cafam.com.co\/libro2020\/viviana-maria-gracia-ramos\/#primaryimage\"},\"thumbnailUrl\":\"https:\/\/librosdeoro.cafam.com.co\/wp-content\/uploads\/sites\/9\/2020\/02\/CORDOBA-VIVIANA-MARIA-GRACIA-RAMOS-IMAV_1018.jpg\",\"datePublished\":\"2025-07-10T21:52:40+00:00\",\"dateModified\":\"2025-07-10T21:52:40+00:00\",\"breadcrumb\":{\"@id\":\"https:\/\/librosdeoro.cafam.com.co\/libro2020\/viviana-maria-gracia-ramos\/#breadcrumb\"},\"inLanguage\":\"es-CO\",\"potentialAction\":[{\"@type\":\"ReadAction\",\"target\":[\"https:\/\/librosdeoro.cafam.com.co\/libro2020\/viviana-maria-gracia-ramos\/\"]}]},{\"@type\":\"ImageObject\",\"inLanguage\":\"es-CO\",\"@id\":\"https:\/\/librosdeoro.cafam.com.co\/libro2020\/viviana-maria-gracia-ramos\/#primaryimage\",\"url\":\"https:\/\/librosdeoro.cafam.com.co\/wp-content\/uploads\/sites\/9\/2020\/02\/CORDOBA-VIVIANA-MARIA-GRACIA-RAMOS-IMAV_1018.jpg\",\"contentUrl\":\"https:\/\/librosdeoro.cafam.com.co\/wp-content\/uploads\/sites\/9\/2020\/02\/CORDOBA-VIVIANA-MARIA-GRACIA-RAMOS-IMAV_1018.jpg\"},{\"@type\":\"BreadcrumbList\",\"@id\":\"https:\/\/librosdeoro.cafam.com.co\/libro2020\/viviana-maria-gracia-ramos\/#breadcrumb\",\"itemListElement\":[{\"@type\":\"ListItem\",\"position\":1,\"name\":\"Home\",\"item\":\"https:\/\/librosdeoro.cafam.com.co\/libro2020\/\"},{\"@type\":\"ListItem\",\"position\":2,\"name\":\"Viviana Mar\u00eda Gracia Ramos\"}]},{\"@type\":\"WebSite\",\"@id\":\"https:\/\/librosdeoro.cafam.com.co\/libro2020\/#website\",\"url\":\"https:\/\/librosdeoro.cafam.com.co\/libro2020\/\",\"name\":\"Libros de Oro 2020\",\"description\":\"\",\"potentialAction\":[{\"@type\":\"SearchAction\",\"target\":{\"@type\":\"EntryPoint\",\"urlTemplate\":\"https:\/\/librosdeoro.cafam.com.co\/libro2020\/?s={search_term_string}\"},\"query-input\":\"required name=search_term_string\"}],\"inLanguage\":\"es-CO\"}]}<\/script>\n<!-- \/ Yoast SEO plugin. -->","yoast_head_json":{"title":"Viviana Mar\u00eda Gracia Ramos - Libros de Oro 2020","robots":{"index":"index","follow":"follow","max-snippet":"max-snippet:-1","max-image-preview":"max-image-preview:large","max-video-preview":"max-video-preview:-1"},"canonical":"https:\/\/librosdeoro.cafam.com.co\/libro2020\/viviana-maria-gracia-ramos\/","og_locale":"es_ES","og_type":"article","og_title":"Viviana Mar\u00eda Gracia Ramos - Libros de Oro 2020","og_description":"Viviana Mar\u00eda Gracia Ramos Mujer Cafam C\u00f3rdoba Servir a los dem\u00e1s: un estilo de vida La palabra \u201cministro\u201d proviene del lat\u00edn minister que significa \u201cmediador y servidor\u201d, se trata de una persona que posee cualidades para liderar una causa con fines altruistas, desprendimiento y sacrificio personal por el pr\u00f3jimo. Y Viviana Mar\u00eda es una ministra [&hellip;]","og_url":"https:\/\/librosdeoro.cafam.com.co\/libro2020\/viviana-maria-gracia-ramos\/","og_site_name":"Libros de Oro 2020","og_image":[{"url":"https:\/\/librosdeoro.cafam.com.co\/wp-content\/uploads\/sites\/9\/2020\/02\/CORDOBA-VIVIANA-MARIA-GRACIA-RAMOS-IMAV_1018.jpg"}],"twitter_card":"summary_large_image","twitter_misc":{"Tiempo de lectura":"3 minutos"},"schema":{"@context":"https:\/\/schema.org","@graph":[{"@type":"WebPage","@id":"https:\/\/librosdeoro.cafam.com.co\/libro2020\/viviana-maria-gracia-ramos\/","url":"https:\/\/librosdeoro.cafam.com.co\/libro2020\/viviana-maria-gracia-ramos\/","name":"Viviana Mar\u00eda Gracia Ramos - Libros de Oro 2020","isPartOf":{"@id":"https:\/\/librosdeoro.cafam.com.co\/libro2020\/#website"},"primaryImageOfPage":{"@id":"https:\/\/librosdeoro.cafam.com.co\/libro2020\/viviana-maria-gracia-ramos\/#primaryimage"},"image":{"@id":"https:\/\/librosdeoro.cafam.com.co\/libro2020\/viviana-maria-gracia-ramos\/#primaryimage"},"thumbnailUrl":"https:\/\/librosdeoro.cafam.com.co\/wp-content\/uploads\/sites\/9\/2020\/02\/CORDOBA-VIVIANA-MARIA-GRACIA-RAMOS-IMAV_1018.jpg","datePublished":"2025-07-10T21:52:40+00:00","dateModified":"2025-07-10T21:52:40+00:00","breadcrumb":{"@id":"https:\/\/librosdeoro.cafam.com.co\/libro2020\/viviana-maria-gracia-ramos\/#breadcrumb"},"inLanguage":"es-CO","potentialAction":[{"@type":"ReadAction","target":["https:\/\/librosdeoro.cafam.com.co\/libro2020\/viviana-maria-gracia-ramos\/"]}]},{"@type":"ImageObject","inLanguage":"es-CO","@id":"https:\/\/librosdeoro.cafam.com.co\/libro2020\/viviana-maria-gracia-ramos\/#primaryimage","url":"https:\/\/librosdeoro.cafam.com.co\/wp-content\/uploads\/sites\/9\/2020\/02\/CORDOBA-VIVIANA-MARIA-GRACIA-RAMOS-IMAV_1018.jpg","contentUrl":"https:\/\/librosdeoro.cafam.com.co\/wp-content\/uploads\/sites\/9\/2020\/02\/CORDOBA-VIVIANA-MARIA-GRACIA-RAMOS-IMAV_1018.jpg"},{"@type":"BreadcrumbList","@id":"https:\/\/librosdeoro.cafam.com.co\/libro2020\/viviana-maria-gracia-ramos\/#breadcrumb","itemListElement":[{"@type":"ListItem","position":1,"name":"Home","item":"https:\/\/librosdeoro.cafam.com.co\/libro2020\/"},{"@type":"ListItem","position":2,"name":"Viviana Mar\u00eda Gracia Ramos"}]},{"@type":"WebSite","@id":"https:\/\/librosdeoro.cafam.com.co\/libro2020\/#website","url":"https:\/\/librosdeoro.cafam.com.co\/libro2020\/","name":"Libros de Oro 2020","description":"","potentialAction":[{"@type":"SearchAction","target":{"@type":"EntryPoint","urlTemplate":"https:\/\/librosdeoro.cafam.com.co\/libro2020\/?s={search_term_string}"},"query-input":"required name=search_term_string"}],"inLanguage":"es-CO"}]}},"_links":{"self":[{"href":"https:\/\/librosdeoro.cafam.com.co\/libro2020\/wp-json\/wp\/v2\/pages\/3771","targetHints":{"allow":["GET"]}}],"collection":[{"href":"https:\/\/librosdeoro.cafam.com.co\/libro2020\/wp-json\/wp\/v2\/pages"}],"about":[{"href":"https:\/\/librosdeoro.cafam.com.co\/libro2020\/wp-json\/wp\/v2\/types\/page"}],"author":[{"embeddable":true,"href":"https:\/\/librosdeoro.cafam.com.co\/libro2020\/wp-json\/wp\/v2\/users\/4"}],"replies":[{"embeddable":true,"href":"https:\/\/librosdeoro.cafam.com.co\/libro2020\/wp-json\/wp\/v2\/comments?post=3771"}],"version-history":[{"count":1,"href":"https:\/\/librosdeoro.cafam.com.co\/libro2020\/wp-json\/wp\/v2\/pages\/3771\/revisions"}],"predecessor-version":[{"id":3773,"href":"https:\/\/librosdeoro.cafam.com.co\/libro2020\/wp-json\/wp\/v2\/pages\/3771\/revisions\/3773"}],"wp:attachment":[{"href":"https:\/\/librosdeoro.cafam.com.co\/libro2020\/wp-json\/wp\/v2\/media?parent=3771"}],"curies":[{"name":"wp","href":"https:\/\/api.w.org\/{rel}","templated":true}]}}