{"id":3757,"date":"2025-07-10T21:37:39","date_gmt":"2025-07-10T21:37:39","guid":{"rendered":"https:\/\/librosdeoro.cafam.com.co\/libro2020\/?page_id=3757"},"modified":"2025-07-10T21:37:40","modified_gmt":"2025-07-10T21:37:40","slug":"faustina-mora-gutierrez","status":"publish","type":"page","link":"https:\/\/librosdeoro.cafam.com.co\/libro2020\/faustina-mora-gutierrez\/","title":{"rendered":"Faustina Mora Guti\u00e9rrez"},"content":{"rendered":"<div class=\"wp-block-image\">\n<figure class=\"aligncenter\"><img decoding=\"async\" src=\"https:\/\/librosdeoro.cafam.com.co\/wp-content\/uploads\/sites\/9\/2020\/02\/CAUCA-FAUSTINA-MORA-GUTIERREZ-IMAV_1475.jpg\" alt=\"\" class=\"wp-image-1677\" \/><\/figure><\/div>\n\n\n<h3 class=\"wp-block-heading\"><\/h3>\n\n\n\n<h1 class=\"wp-block-heading\">Faustina Mora Guti\u00e9rrez<\/h1>\n\n\n\n<h2 class=\"wp-block-heading\">Mujer Cafam Cauca<\/h2>\n\n\n\n<h3 class=\"wp-block-heading\">Ayuda para los hijos necesitados de Dios<\/h3>\n\n\n\n<figure class=\"wp-block-table\"><table class=\"has-fixed-layout\"><tbody><tr><td colspan=\"2\">El buen humor es el \u201cremedio infalible\u201d para todas las dolencias del alma y las f\u00edsicas, y que adem\u00e1s le sirve como herramienta a Faustina para obtener donaciones con las cuales ayuda, de forma desinteresada, a cualquier persona que lo necesite sin importar d\u00f3nde se encuentre y sin discriminar por su raza, condici\u00f3n o credo. El trabajo social comunitario de Faustina empieza, cuando la madre de ella invitaba a los indigentes o habitantes de calle a que almorzaran en su misma mesa, pues ella siempre hac\u00eda comida dem\u00e1s para los hijos de Dios que sufren por diferentes situaciones.<\/td><td colspan=\"2\">All\u00ed empez\u00f3 el deseo de Faustina por saber lo que ocurre con estas personas y qu\u00e9 se siente pasar la noche afuera sufriendo por falta de comida, de ropa, estar expuestos a la lluvia, el fr\u00edo y otras vicisitudes, por lo que decidi\u00f3 ayudarlas de manera alegre y desprendida; y para ello recurre a varios disfraces para lograr las donaciones o hacer pasar un momento de alegr\u00eda a los m\u00e1s necesitados de su departamento. Su labor la desarrolla tambi\u00e9n para el Cotolengo de los ni\u00f1os y ni\u00f1as de la hermana Sor In\u00e9s en la vereda San Bernardino, a donde lleva ropa nueva o usada, alimentos, utensilios\u2026 en fin, todo lo que pueda recolectar, adem\u00e1s de la ayuda que pide para los m\u00e1s necesitados desde su puesto de venta de arepas y envueltos.<\/td><\/tr><\/tbody><\/table><\/figure>\n\n\n\n<figure class=\"wp-block-table\"><table class=\"has-fixed-layout\"><tbody><tr><td>\u00bfQui\u00e9n es Faustina? Faustina naci\u00f3 en Pereira, Risaralda, el 8 de diciembre de 1966, es madre de 3 hijos a quienes considera, junto con su esposo, \u201cun regalo y bendici\u00f3n del padre celestial\u201d. En palabras de Faustina: \u201cAyudo a las mujeres embarazadas de bajos recursos que algunas veces no tienen comida y ropa para recibir al beb\u00e9, me encargo de conseguir la primera muda para que la criatura se vista con ropa nueva y luego consigo usada pero en buen estado para llevarle. Tambi\u00e9n he conseguido mercados para familias de veredas que tienen mucha necesidad. Consegu\u00ed con ayuda de Dios y el buen coraz\u00f3n de la gente, una silla de ruedas para el joven Andr\u00e9s Piamba que estuvo postrado en cama y en el suelo durante 28 a\u00f1os de su vida y por fin en el mes de septiembre del 2019 logr\u00e9 cumplir el sue\u00f1o de Andr\u00e9s en la vereda Puelenje, pero fue Dios y el coraz\u00f3n de alguien que escuch\u00f3 el llamado de Dios a favor del joven\u201d.<\/td><\/tr><\/tbody><\/table><\/figure>\n\n\n\n<figure class=\"wp-block-table\"><table class=\"has-fixed-layout\"><tbody><tr><td><img loading=\"lazy\" decoding=\"async\" src=\"https:\/\/librosdeoro.cafam.com.co\/wp-content\/uploads\/sites\/9\/2020\/09\/Cauca.png\" alt=\"\" width=\"950\" height=\"525\"><\/td><\/tr><\/tbody><\/table><\/figure>\n\n\n\n<div class=\"wp-block-buttons is-content-justification-center is-layout-flex wp-container-core-buttons-is-layout-16018d1d wp-block-buttons-is-layout-flex\">\n<div class=\"wp-block-button is-style-fill\" id=\"https:\/\/librosdeoro.cafam.com.co\/libro2020\/mujeres-cafam-1989-2019\/\"><a class=\"wp-block-button__link has-col-f-9-f-9-f-9-color has-col-a-0-bd-3-f-background-color has-text-color has-background has-link-color wp-element-button\" href=\"https:\/\/librosdeoro.cafam.com.co\/libro2020\/mujeres-finalistas\/\" style=\"border-radius:16px\">Volver<\/a><\/div>\n<\/div>\n","protected":false},"excerpt":{"rendered":"<p>Faustina Mora Guti\u00e9rrez Mujer Cafam Cauca Ayuda para los hijos necesitados de Dios El buen humor es el \u201cremedio infalible\u201d para todas las dolencias del alma y las f\u00edsicas, y que adem\u00e1s le sirve como herramienta a Faustina para obtener donaciones con las cuales ayuda, de forma desinteresada, a cualquier persona que lo necesite sin [&hellip;]<\/p>\n","protected":false},"author":4,"featured_media":0,"parent":0,"menu_order":0,"comment_status":"closed","ping_status":"closed","template":"","meta":{"footnotes":""},"class_list":["post-3757","page","type-page","status-publish","hentry"],"yoast_head":"<!-- This site is optimized with the Yoast SEO plugin v23.1 - https:\/\/yoast.com\/wordpress\/plugins\/seo\/ -->\n<title>Faustina Mora Guti\u00e9rrez - Libros de Oro 2020<\/title>\n<meta name=\"robots\" content=\"index, follow, max-snippet:-1, max-image-preview:large, max-video-preview:-1\" \/>\n<link rel=\"canonical\" href=\"https:\/\/librosdeoro.cafam.com.co\/libro2020\/faustina-mora-gutierrez\/\" \/>\n<meta property=\"og:locale\" content=\"es_ES\" \/>\n<meta property=\"og:type\" content=\"article\" \/>\n<meta property=\"og:title\" content=\"Faustina Mora Guti\u00e9rrez - Libros de Oro 2020\" \/>\n<meta property=\"og:description\" content=\"Faustina Mora Guti\u00e9rrez Mujer Cafam Cauca Ayuda para los hijos necesitados de Dios El buen humor es el \u201cremedio infalible\u201d para todas las dolencias del alma y las f\u00edsicas, y que adem\u00e1s le sirve como herramienta a Faustina para obtener donaciones con las cuales ayuda, de forma desinteresada, a cualquier persona que lo necesite sin [&hellip;]\" \/>\n<meta property=\"og:url\" content=\"https:\/\/librosdeoro.cafam.com.co\/libro2020\/faustina-mora-gutierrez\/\" \/>\n<meta property=\"og:site_name\" content=\"Libros de Oro 2020\" \/>\n<meta property=\"article:modified_time\" content=\"2025-07-10T21:37:40+00:00\" \/>\n<meta property=\"og:image\" content=\"https:\/\/librosdeoro.cafam.com.co\/wp-content\/uploads\/sites\/9\/2020\/02\/CAUCA-FAUSTINA-MORA-GUTIERREZ-IMAV_1475.jpg\" \/>\n<meta name=\"twitter:card\" content=\"summary_large_image\" \/>\n<meta name=\"twitter:label1\" content=\"Tiempo de lectura\" \/>\n\t<meta name=\"twitter:data1\" content=\"3 minutos\" \/>\n<script type=\"application\/ld+json\" class=\"yoast-schema-graph\">{\"@context\":\"https:\/\/schema.org\",\"@graph\":[{\"@type\":\"WebPage\",\"@id\":\"https:\/\/librosdeoro.cafam.com.co\/libro2020\/faustina-mora-gutierrez\/\",\"url\":\"https:\/\/librosdeoro.cafam.com.co\/libro2020\/faustina-mora-gutierrez\/\",\"name\":\"Faustina Mora Guti\u00e9rrez - Libros de Oro 2020\",\"isPartOf\":{\"@id\":\"https:\/\/librosdeoro.cafam.com.co\/libro2020\/#website\"},\"primaryImageOfPage\":{\"@id\":\"https:\/\/librosdeoro.cafam.com.co\/libro2020\/faustina-mora-gutierrez\/#primaryimage\"},\"image\":{\"@id\":\"https:\/\/librosdeoro.cafam.com.co\/libro2020\/faustina-mora-gutierrez\/#primaryimage\"},\"thumbnailUrl\":\"https:\/\/librosdeoro.cafam.com.co\/wp-content\/uploads\/sites\/9\/2020\/02\/CAUCA-FAUSTINA-MORA-GUTIERREZ-IMAV_1475.jpg\",\"datePublished\":\"2025-07-10T21:37:39+00:00\",\"dateModified\":\"2025-07-10T21:37:40+00:00\",\"breadcrumb\":{\"@id\":\"https:\/\/librosdeoro.cafam.com.co\/libro2020\/faustina-mora-gutierrez\/#breadcrumb\"},\"inLanguage\":\"es-CO\",\"potentialAction\":[{\"@type\":\"ReadAction\",\"target\":[\"https:\/\/librosdeoro.cafam.com.co\/libro2020\/faustina-mora-gutierrez\/\"]}]},{\"@type\":\"ImageObject\",\"inLanguage\":\"es-CO\",\"@id\":\"https:\/\/librosdeoro.cafam.com.co\/libro2020\/faustina-mora-gutierrez\/#primaryimage\",\"url\":\"https:\/\/librosdeoro.cafam.com.co\/wp-content\/uploads\/sites\/9\/2020\/02\/CAUCA-FAUSTINA-MORA-GUTIERREZ-IMAV_1475.jpg\",\"contentUrl\":\"https:\/\/librosdeoro.cafam.com.co\/wp-content\/uploads\/sites\/9\/2020\/02\/CAUCA-FAUSTINA-MORA-GUTIERREZ-IMAV_1475.jpg\"},{\"@type\":\"BreadcrumbList\",\"@id\":\"https:\/\/librosdeoro.cafam.com.co\/libro2020\/faustina-mora-gutierrez\/#breadcrumb\",\"itemListElement\":[{\"@type\":\"ListItem\",\"position\":1,\"name\":\"Home\",\"item\":\"https:\/\/librosdeoro.cafam.com.co\/libro2020\/\"},{\"@type\":\"ListItem\",\"position\":2,\"name\":\"Faustina Mora Guti\u00e9rrez\"}]},{\"@type\":\"WebSite\",\"@id\":\"https:\/\/librosdeoro.cafam.com.co\/libro2020\/#website\",\"url\":\"https:\/\/librosdeoro.cafam.com.co\/libro2020\/\",\"name\":\"Libros de Oro 2020\",\"description\":\"\",\"potentialAction\":[{\"@type\":\"SearchAction\",\"target\":{\"@type\":\"EntryPoint\",\"urlTemplate\":\"https:\/\/librosdeoro.cafam.com.co\/libro2020\/?s={search_term_string}\"},\"query-input\":\"required name=search_term_string\"}],\"inLanguage\":\"es-CO\"}]}<\/script>\n<!-- \/ Yoast SEO plugin. -->","yoast_head_json":{"title":"Faustina Mora Guti\u00e9rrez - Libros de Oro 2020","robots":{"index":"index","follow":"follow","max-snippet":"max-snippet:-1","max-image-preview":"max-image-preview:large","max-video-preview":"max-video-preview:-1"},"canonical":"https:\/\/librosdeoro.cafam.com.co\/libro2020\/faustina-mora-gutierrez\/","og_locale":"es_ES","og_type":"article","og_title":"Faustina Mora Guti\u00e9rrez - Libros de Oro 2020","og_description":"Faustina Mora Guti\u00e9rrez Mujer Cafam Cauca Ayuda para los hijos necesitados de Dios El buen humor es el \u201cremedio infalible\u201d para todas las dolencias del alma y las f\u00edsicas, y que adem\u00e1s le sirve como herramienta a Faustina para obtener donaciones con las cuales ayuda, de forma desinteresada, a cualquier persona que lo necesite sin [&hellip;]","og_url":"https:\/\/librosdeoro.cafam.com.co\/libro2020\/faustina-mora-gutierrez\/","og_site_name":"Libros de Oro 2020","article_modified_time":"2025-07-10T21:37:40+00:00","og_image":[{"url":"https:\/\/librosdeoro.cafam.com.co\/wp-content\/uploads\/sites\/9\/2020\/02\/CAUCA-FAUSTINA-MORA-GUTIERREZ-IMAV_1475.jpg"}],"twitter_card":"summary_large_image","twitter_misc":{"Tiempo de lectura":"3 minutos"},"schema":{"@context":"https:\/\/schema.org","@graph":[{"@type":"WebPage","@id":"https:\/\/librosdeoro.cafam.com.co\/libro2020\/faustina-mora-gutierrez\/","url":"https:\/\/librosdeoro.cafam.com.co\/libro2020\/faustina-mora-gutierrez\/","name":"Faustina Mora Guti\u00e9rrez - Libros de Oro 2020","isPartOf":{"@id":"https:\/\/librosdeoro.cafam.com.co\/libro2020\/#website"},"primaryImageOfPage":{"@id":"https:\/\/librosdeoro.cafam.com.co\/libro2020\/faustina-mora-gutierrez\/#primaryimage"},"image":{"@id":"https:\/\/librosdeoro.cafam.com.co\/libro2020\/faustina-mora-gutierrez\/#primaryimage"},"thumbnailUrl":"https:\/\/librosdeoro.cafam.com.co\/wp-content\/uploads\/sites\/9\/2020\/02\/CAUCA-FAUSTINA-MORA-GUTIERREZ-IMAV_1475.jpg","datePublished":"2025-07-10T21:37:39+00:00","dateModified":"2025-07-10T21:37:40+00:00","breadcrumb":{"@id":"https:\/\/librosdeoro.cafam.com.co\/libro2020\/faustina-mora-gutierrez\/#breadcrumb"},"inLanguage":"es-CO","potentialAction":[{"@type":"ReadAction","target":["https:\/\/librosdeoro.cafam.com.co\/libro2020\/faustina-mora-gutierrez\/"]}]},{"@type":"ImageObject","inLanguage":"es-CO","@id":"https:\/\/librosdeoro.cafam.com.co\/libro2020\/faustina-mora-gutierrez\/#primaryimage","url":"https:\/\/librosdeoro.cafam.com.co\/wp-content\/uploads\/sites\/9\/2020\/02\/CAUCA-FAUSTINA-MORA-GUTIERREZ-IMAV_1475.jpg","contentUrl":"https:\/\/librosdeoro.cafam.com.co\/wp-content\/uploads\/sites\/9\/2020\/02\/CAUCA-FAUSTINA-MORA-GUTIERREZ-IMAV_1475.jpg"},{"@type":"BreadcrumbList","@id":"https:\/\/librosdeoro.cafam.com.co\/libro2020\/faustina-mora-gutierrez\/#breadcrumb","itemListElement":[{"@type":"ListItem","position":1,"name":"Home","item":"https:\/\/librosdeoro.cafam.com.co\/libro2020\/"},{"@type":"ListItem","position":2,"name":"Faustina Mora Guti\u00e9rrez"}]},{"@type":"WebSite","@id":"https:\/\/librosdeoro.cafam.com.co\/libro2020\/#website","url":"https:\/\/librosdeoro.cafam.com.co\/libro2020\/","name":"Libros de Oro 2020","description":"","potentialAction":[{"@type":"SearchAction","target":{"@type":"EntryPoint","urlTemplate":"https:\/\/librosdeoro.cafam.com.co\/libro2020\/?s={search_term_string}"},"query-input":"required name=search_term_string"}],"inLanguage":"es-CO"}]}},"_links":{"self":[{"href":"https:\/\/librosdeoro.cafam.com.co\/libro2020\/wp-json\/wp\/v2\/pages\/3757","targetHints":{"allow":["GET"]}}],"collection":[{"href":"https:\/\/librosdeoro.cafam.com.co\/libro2020\/wp-json\/wp\/v2\/pages"}],"about":[{"href":"https:\/\/librosdeoro.cafam.com.co\/libro2020\/wp-json\/wp\/v2\/types\/page"}],"author":[{"embeddable":true,"href":"https:\/\/librosdeoro.cafam.com.co\/libro2020\/wp-json\/wp\/v2\/users\/4"}],"replies":[{"embeddable":true,"href":"https:\/\/librosdeoro.cafam.com.co\/libro2020\/wp-json\/wp\/v2\/comments?post=3757"}],"version-history":[{"count":1,"href":"https:\/\/librosdeoro.cafam.com.co\/libro2020\/wp-json\/wp\/v2\/pages\/3757\/revisions"}],"predecessor-version":[{"id":3759,"href":"https:\/\/librosdeoro.cafam.com.co\/libro2020\/wp-json\/wp\/v2\/pages\/3757\/revisions\/3759"}],"wp:attachment":[{"href":"https:\/\/librosdeoro.cafam.com.co\/libro2020\/wp-json\/wp\/v2\/media?parent=3757"}],"curies":[{"name":"wp","href":"https:\/\/api.w.org\/{rel}","templated":true}]}}