{"id":3694,"date":"2025-07-10T13:53:50","date_gmt":"2025-07-10T13:53:50","guid":{"rendered":"https:\/\/librosdeoro.cafam.com.co\/libro2020\/?page_id=3694"},"modified":"2025-07-10T13:57:42","modified_gmt":"2025-07-10T13:57:42","slug":"johana-bahamon-gomez","status":"publish","type":"page","link":"https:\/\/librosdeoro.cafam.com.co\/libro2020\/johana-bahamon-gomez\/","title":{"rendered":"Johana Baham\u00f3n G\u00f3mez"},"content":{"rendered":"\n<div class=\"wp-block-columns is-layout-flex wp-container-core-columns-is-layout-9d6595d7 wp-block-columns-is-layout-flex\">\n<div class=\"wp-block-column is-layout-flow wp-block-column-is-layout-flow\" style=\"flex-basis:33.33%\">\n<figure class=\"wp-block-image size-large\"><img loading=\"lazy\" decoding=\"async\" width=\"806\" height=\"1030\" src=\"https:\/\/librosdeoro.cafam.com.co\/libro2020\/wp-content\/uploads\/sites\/9\/2020\/06\/32\u00ba-2020baja-806x1030.jpg\" alt=\"\" class=\"wp-image-2581\" srcset=\"https:\/\/librosdeoro.cafam.com.co\/libro2020\/wp-content\/uploads\/sites\/9\/2020\/06\/32\u00ba-2020baja-806x1030.jpg 806w, https:\/\/librosdeoro.cafam.com.co\/libro2020\/wp-content\/uploads\/sites\/9\/2020\/06\/32\u00ba-2020baja-235x300.jpg 235w, https:\/\/librosdeoro.cafam.com.co\/libro2020\/wp-content\/uploads\/sites\/9\/2020\/06\/32\u00ba-2020baja-768x982.jpg 768w, https:\/\/librosdeoro.cafam.com.co\/libro2020\/wp-content\/uploads\/sites\/9\/2020\/06\/32\u00ba-2020baja-552x705.jpg 552w, https:\/\/librosdeoro.cafam.com.co\/libro2020\/wp-content\/uploads\/sites\/9\/2020\/06\/32\u00ba-2020baja.jpg 1000w\" sizes=\"auto, (max-width: 806px) 100vw, 806px\" \/><\/figure>\n<\/div>\n\n\n\n<div class=\"wp-block-column is-layout-flow wp-block-column-is-layout-flow\" style=\"flex-basis:66.66%\"><h2 class=\"wp-block-post-title\">Johana Baham\u00f3n G\u00f3mez<\/h2>\n\n\n<p><strong>Segundas Oportunidades.<\/strong><\/p>\n\n\n\n<p>Johana cre\u00f3 la Fundaci\u00f3n Acci\u00f3n Interna en el 2012 para mejorar la calidad de vida de la poblaci\u00f3n carcelaria y pospenada de Colombia mediante tres programas: Teatro Interno, Crecimiento Interno y Trabajo Interno, cada uno con sus propios proyectos y actividades productivas como el Restaurante Interno en Cartagena o la primera Agencia de Publicidad en el mundo en la c\u00e1rcel La Modelo de Bogot\u00e1.<\/p>\n\n\n\n<div class=\"wp-block-buttons is-content-justification-center is-layout-flex wp-container-core-buttons-is-layout-16018d1d wp-block-buttons-is-layout-flex\">\n<div class=\"wp-block-button is-style-fill\" id=\"https:\/\/librosdeoro.cafam.com.co\/libro2020\/mujeres-cafam-1989-2019\/\"><a class=\"wp-block-button__link has-col-f-9-f-9-f-9-color has-col-a-0-bd-3-f-background-color has-text-color has-background has-link-color wp-element-button\" href=\"https:\/\/librosdeoro.cafam.com.co\/libro2020\/mujeres-cafam-1989-2019\/\" style=\"border-radius:16px\">Volver<\/a><\/div>\n<\/div>\n<\/div>\n<\/div>\n","protected":false},"excerpt":{"rendered":"<p>Segundas Oportunidades. Johana cre\u00f3 la Fundaci\u00f3n Acci\u00f3n Interna en el 2012 para mejorar la calidad de vida de la poblaci\u00f3n carcelaria y pospenada de Colombia mediante tres programas: Teatro Interno, Crecimiento Interno y Trabajo Interno, cada uno con sus propios proyectos y actividades productivas como el Restaurante Interno en Cartagena o la primera Agencia de [&hellip;]<\/p>\n","protected":false},"author":4,"featured_media":0,"parent":0,"menu_order":0,"comment_status":"closed","ping_status":"closed","template":"","meta":{"footnotes":""},"class_list":["post-3694","page","type-page","status-publish","hentry"],"yoast_head":"<!-- This site is optimized with the Yoast SEO plugin v23.1 - https:\/\/yoast.com\/wordpress\/plugins\/seo\/ -->\n<title>Johana Baham\u00f3n G\u00f3mez - Libros de Oro 2020<\/title>\n<meta name=\"robots\" content=\"index, follow, max-snippet:-1, max-image-preview:large, max-video-preview:-1\" \/>\n<link rel=\"canonical\" href=\"https:\/\/librosdeoro.cafam.com.co\/libro2020\/johana-bahamon-gomez\/\" \/>\n<meta property=\"og:locale\" content=\"es_ES\" \/>\n<meta property=\"og:type\" content=\"article\" \/>\n<meta property=\"og:title\" content=\"Johana Baham\u00f3n G\u00f3mez - Libros de Oro 2020\" \/>\n<meta property=\"og:description\" content=\"Segundas Oportunidades. Johana cre\u00f3 la Fundaci\u00f3n Acci\u00f3n Interna en el 2012 para mejorar la calidad de vida de la poblaci\u00f3n carcelaria y pospenada de Colombia mediante tres programas: Teatro Interno, Crecimiento Interno y Trabajo Interno, cada uno con sus propios proyectos y actividades productivas como el Restaurante Interno en Cartagena o la primera Agencia de [&hellip;]\" \/>\n<meta property=\"og:url\" content=\"https:\/\/librosdeoro.cafam.com.co\/libro2020\/johana-bahamon-gomez\/\" \/>\n<meta property=\"og:site_name\" content=\"Libros de Oro 2020\" \/>\n<meta property=\"article:modified_time\" content=\"2025-07-10T13:57:42+00:00\" \/>\n<meta name=\"twitter:card\" content=\"summary_large_image\" \/>\n<meta name=\"twitter:label1\" content=\"Tiempo de lectura\" \/>\n\t<meta name=\"twitter:data1\" content=\"1 minuto\" \/>\n<script type=\"application\/ld+json\" class=\"yoast-schema-graph\">{\"@context\":\"https:\/\/schema.org\",\"@graph\":[{\"@type\":\"WebPage\",\"@id\":\"https:\/\/librosdeoro.cafam.com.co\/libro2020\/johana-bahamon-gomez\/\",\"url\":\"https:\/\/librosdeoro.cafam.com.co\/libro2020\/johana-bahamon-gomez\/\",\"name\":\"Johana Baham\u00f3n G\u00f3mez - Libros de Oro 2020\",\"isPartOf\":{\"@id\":\"https:\/\/librosdeoro.cafam.com.co\/libro2020\/#website\"},\"datePublished\":\"2025-07-10T13:53:50+00:00\",\"dateModified\":\"2025-07-10T13:57:42+00:00\",\"breadcrumb\":{\"@id\":\"https:\/\/librosdeoro.cafam.com.co\/libro2020\/johana-bahamon-gomez\/#breadcrumb\"},\"inLanguage\":\"es-CO\",\"potentialAction\":[{\"@type\":\"ReadAction\",\"target\":[\"https:\/\/librosdeoro.cafam.com.co\/libro2020\/johana-bahamon-gomez\/\"]}]},{\"@type\":\"BreadcrumbList\",\"@id\":\"https:\/\/librosdeoro.cafam.com.co\/libro2020\/johana-bahamon-gomez\/#breadcrumb\",\"itemListElement\":[{\"@type\":\"ListItem\",\"position\":1,\"name\":\"Home\",\"item\":\"https:\/\/librosdeoro.cafam.com.co\/libro2020\/\"},{\"@type\":\"ListItem\",\"position\":2,\"name\":\"Johana Baham\u00f3n G\u00f3mez\"}]},{\"@type\":\"WebSite\",\"@id\":\"https:\/\/librosdeoro.cafam.com.co\/libro2020\/#website\",\"url\":\"https:\/\/librosdeoro.cafam.com.co\/libro2020\/\",\"name\":\"Libros de Oro 2020\",\"description\":\"\",\"potentialAction\":[{\"@type\":\"SearchAction\",\"target\":{\"@type\":\"EntryPoint\",\"urlTemplate\":\"https:\/\/librosdeoro.cafam.com.co\/libro2020\/?s={search_term_string}\"},\"query-input\":\"required name=search_term_string\"}],\"inLanguage\":\"es-CO\"}]}<\/script>\n<!-- \/ Yoast SEO plugin. -->","yoast_head_json":{"title":"Johana Baham\u00f3n G\u00f3mez - Libros de Oro 2020","robots":{"index":"index","follow":"follow","max-snippet":"max-snippet:-1","max-image-preview":"max-image-preview:large","max-video-preview":"max-video-preview:-1"},"canonical":"https:\/\/librosdeoro.cafam.com.co\/libro2020\/johana-bahamon-gomez\/","og_locale":"es_ES","og_type":"article","og_title":"Johana Baham\u00f3n G\u00f3mez - Libros de Oro 2020","og_description":"Segundas Oportunidades. Johana cre\u00f3 la Fundaci\u00f3n Acci\u00f3n Interna en el 2012 para mejorar la calidad de vida de la poblaci\u00f3n carcelaria y pospenada de Colombia mediante tres programas: Teatro Interno, Crecimiento Interno y Trabajo Interno, cada uno con sus propios proyectos y actividades productivas como el Restaurante Interno en Cartagena o la primera Agencia de [&hellip;]","og_url":"https:\/\/librosdeoro.cafam.com.co\/libro2020\/johana-bahamon-gomez\/","og_site_name":"Libros de Oro 2020","article_modified_time":"2025-07-10T13:57:42+00:00","twitter_card":"summary_large_image","twitter_misc":{"Tiempo de lectura":"1 minuto"},"schema":{"@context":"https:\/\/schema.org","@graph":[{"@type":"WebPage","@id":"https:\/\/librosdeoro.cafam.com.co\/libro2020\/johana-bahamon-gomez\/","url":"https:\/\/librosdeoro.cafam.com.co\/libro2020\/johana-bahamon-gomez\/","name":"Johana Baham\u00f3n G\u00f3mez - Libros de Oro 2020","isPartOf":{"@id":"https:\/\/librosdeoro.cafam.com.co\/libro2020\/#website"},"datePublished":"2025-07-10T13:53:50+00:00","dateModified":"2025-07-10T13:57:42+00:00","breadcrumb":{"@id":"https:\/\/librosdeoro.cafam.com.co\/libro2020\/johana-bahamon-gomez\/#breadcrumb"},"inLanguage":"es-CO","potentialAction":[{"@type":"ReadAction","target":["https:\/\/librosdeoro.cafam.com.co\/libro2020\/johana-bahamon-gomez\/"]}]},{"@type":"BreadcrumbList","@id":"https:\/\/librosdeoro.cafam.com.co\/libro2020\/johana-bahamon-gomez\/#breadcrumb","itemListElement":[{"@type":"ListItem","position":1,"name":"Home","item":"https:\/\/librosdeoro.cafam.com.co\/libro2020\/"},{"@type":"ListItem","position":2,"name":"Johana Baham\u00f3n G\u00f3mez"}]},{"@type":"WebSite","@id":"https:\/\/librosdeoro.cafam.com.co\/libro2020\/#website","url":"https:\/\/librosdeoro.cafam.com.co\/libro2020\/","name":"Libros de Oro 2020","description":"","potentialAction":[{"@type":"SearchAction","target":{"@type":"EntryPoint","urlTemplate":"https:\/\/librosdeoro.cafam.com.co\/libro2020\/?s={search_term_string}"},"query-input":"required name=search_term_string"}],"inLanguage":"es-CO"}]}},"_links":{"self":[{"href":"https:\/\/librosdeoro.cafam.com.co\/libro2020\/wp-json\/wp\/v2\/pages\/3694","targetHints":{"allow":["GET"]}}],"collection":[{"href":"https:\/\/librosdeoro.cafam.com.co\/libro2020\/wp-json\/wp\/v2\/pages"}],"about":[{"href":"https:\/\/librosdeoro.cafam.com.co\/libro2020\/wp-json\/wp\/v2\/types\/page"}],"author":[{"embeddable":true,"href":"https:\/\/librosdeoro.cafam.com.co\/libro2020\/wp-json\/wp\/v2\/users\/4"}],"replies":[{"embeddable":true,"href":"https:\/\/librosdeoro.cafam.com.co\/libro2020\/wp-json\/wp\/v2\/comments?post=3694"}],"version-history":[{"count":1,"href":"https:\/\/librosdeoro.cafam.com.co\/libro2020\/wp-json\/wp\/v2\/pages\/3694\/revisions"}],"predecessor-version":[{"id":3695,"href":"https:\/\/librosdeoro.cafam.com.co\/libro2020\/wp-json\/wp\/v2\/pages\/3694\/revisions\/3695"}],"wp:attachment":[{"href":"https:\/\/librosdeoro.cafam.com.co\/libro2020\/wp-json\/wp\/v2\/media?parent=3694"}],"curies":[{"name":"wp","href":"https:\/\/api.w.org\/{rel}","templated":true}]}}