{"id":3689,"date":"2025-07-09T22:40:55","date_gmt":"2025-07-09T22:40:55","guid":{"rendered":"https:\/\/librosdeoro.cafam.com.co\/libro2020\/?page_id=3689"},"modified":"2025-07-09T22:40:55","modified_gmt":"2025-07-09T22:40:55","slug":"jenny-de-la-torre-cordoba","status":"publish","type":"page","link":"https:\/\/librosdeoro.cafam.com.co\/libro2020\/jenny-de-la-torre-cordoba\/","title":{"rendered":"Jenny De la Torre C\u00f3rdoba"},"content":{"rendered":"\n<div class=\"wp-block-columns is-layout-flex wp-container-core-columns-is-layout-9d6595d7 wp-block-columns-is-layout-flex\">\n<div class=\"wp-block-column is-layout-flow wp-block-column-is-layout-flow\" style=\"flex-basis:33.33%\">\n<figure class=\"wp-block-image size-large\"><img loading=\"lazy\" decoding=\"async\" width=\"742\" height=\"1030\" src=\"https:\/\/librosdeoro.cafam.com.co\/libro2020\/wp-content\/uploads\/sites\/9\/2020\/06\/30\u00ba-2018-742x1030.jpg\" alt=\"\" class=\"wp-image-2583\" srcset=\"https:\/\/librosdeoro.cafam.com.co\/libro2020\/wp-content\/uploads\/sites\/9\/2020\/06\/30\u00ba-2018-742x1030.jpg 742w, https:\/\/librosdeoro.cafam.com.co\/libro2020\/wp-content\/uploads\/sites\/9\/2020\/06\/30\u00ba-2018-216x300.jpg 216w, https:\/\/librosdeoro.cafam.com.co\/libro2020\/wp-content\/uploads\/sites\/9\/2020\/06\/30\u00ba-2018-768x1066.jpg 768w, https:\/\/librosdeoro.cafam.com.co\/libro2020\/wp-content\/uploads\/sites\/9\/2020\/06\/30\u00ba-2018-508x705.jpg 508w, https:\/\/librosdeoro.cafam.com.co\/libro2020\/wp-content\/uploads\/sites\/9\/2020\/06\/30\u00ba-2018.jpg 1000w\" sizes=\"auto, (max-width: 742px) 100vw, 742px\" \/><\/figure>\n<\/div>\n\n\n\n<div class=\"wp-block-column is-layout-flow wp-block-column-is-layout-flow\" style=\"flex-basis:66.66%\"><h2 class=\"wp-block-post-title\">Jenny De la Torre C\u00f3rdoba<\/h2>\n\n\n<p><strong>Empoderamiento para las mujeres afro<\/strong><\/p>\n\n\n\n<p>La defensa de la mujer es la principal motivaci\u00f3n de Jenny De la Torre, quien a diario est\u00e1 dedicada al empoderamiento de la mujer y las comunidades afrodescendientes. Tras el liderazgo de varias asociaciones de car\u00e1cter social, hoy es miembro de la Red de mujeres afrocolombianas Kambiri y lidera la Fundaci\u00f3n mujeres del mundo Anna Perenna. Esta organizaci\u00f3n impacta en promedio a 6.000 personas del pa\u00eds.<\/p>\n\n\n\n<div class=\"wp-block-buttons is-content-justification-center is-layout-flex wp-container-core-buttons-is-layout-16018d1d wp-block-buttons-is-layout-flex\">\n<div class=\"wp-block-button is-style-fill\" id=\"https:\/\/librosdeoro.cafam.com.co\/libro2020\/mujeres-cafam-1989-2019\/\"><a class=\"wp-block-button__link has-col-f-9-f-9-f-9-color has-col-a-0-bd-3-f-background-color has-text-color has-background has-link-color wp-element-button\" href=\"https:\/\/librosdeoro.cafam.com.co\/libro2020\/mujeres-cafam-1989-2019\/\" style=\"border-radius:16px\">Volver<\/a><\/div>\n<\/div>\n<\/div>\n<\/div>\n","protected":false},"excerpt":{"rendered":"<p>Empoderamiento para las mujeres afro La defensa de la mujer es la principal motivaci\u00f3n de Jenny De la Torre, quien a diario est\u00e1 dedicada al empoderamiento de la mujer y las comunidades afrodescendientes. Tras el liderazgo de varias asociaciones de car\u00e1cter social, hoy es miembro de la Red de mujeres afrocolombianas Kambiri y lidera la [&hellip;]<\/p>\n","protected":false},"author":4,"featured_media":0,"parent":0,"menu_order":0,"comment_status":"closed","ping_status":"closed","template":"","meta":{"footnotes":""},"class_list":["post-3689","page","type-page","status-publish","hentry"],"yoast_head":"<!-- This site is optimized with the Yoast SEO plugin v23.1 - https:\/\/yoast.com\/wordpress\/plugins\/seo\/ -->\n<title>Jenny De la Torre C\u00f3rdoba - Libros de Oro 2020<\/title>\n<meta name=\"robots\" content=\"index, follow, max-snippet:-1, max-image-preview:large, max-video-preview:-1\" \/>\n<link rel=\"canonical\" href=\"https:\/\/librosdeoro.cafam.com.co\/libro2020\/jenny-de-la-torre-cordoba\/\" \/>\n<meta property=\"og:locale\" content=\"es_ES\" \/>\n<meta property=\"og:type\" content=\"article\" \/>\n<meta property=\"og:title\" content=\"Jenny De la Torre C\u00f3rdoba - Libros de Oro 2020\" \/>\n<meta property=\"og:description\" content=\"Empoderamiento para las mujeres afro La defensa de la mujer es la principal motivaci\u00f3n de Jenny De la Torre, quien a diario est\u00e1 dedicada al empoderamiento de la mujer y las comunidades afrodescendientes. Tras el liderazgo de varias asociaciones de car\u00e1cter social, hoy es miembro de la Red de mujeres afrocolombianas Kambiri y lidera la [&hellip;]\" \/>\n<meta property=\"og:url\" content=\"https:\/\/librosdeoro.cafam.com.co\/libro2020\/jenny-de-la-torre-cordoba\/\" \/>\n<meta property=\"og:site_name\" content=\"Libros de Oro 2020\" \/>\n<meta name=\"twitter:card\" content=\"summary_large_image\" \/>\n<meta name=\"twitter:label1\" content=\"Tiempo de lectura\" \/>\n\t<meta name=\"twitter:data1\" content=\"1 minuto\" \/>\n<script type=\"application\/ld+json\" class=\"yoast-schema-graph\">{\"@context\":\"https:\/\/schema.org\",\"@graph\":[{\"@type\":\"WebPage\",\"@id\":\"https:\/\/librosdeoro.cafam.com.co\/libro2020\/jenny-de-la-torre-cordoba\/\",\"url\":\"https:\/\/librosdeoro.cafam.com.co\/libro2020\/jenny-de-la-torre-cordoba\/\",\"name\":\"Jenny De la Torre C\u00f3rdoba - Libros de Oro 2020\",\"isPartOf\":{\"@id\":\"https:\/\/librosdeoro.cafam.com.co\/libro2020\/#website\"},\"datePublished\":\"2025-07-09T22:40:55+00:00\",\"dateModified\":\"2025-07-09T22:40:55+00:00\",\"breadcrumb\":{\"@id\":\"https:\/\/librosdeoro.cafam.com.co\/libro2020\/jenny-de-la-torre-cordoba\/#breadcrumb\"},\"inLanguage\":\"es-CO\",\"potentialAction\":[{\"@type\":\"ReadAction\",\"target\":[\"https:\/\/librosdeoro.cafam.com.co\/libro2020\/jenny-de-la-torre-cordoba\/\"]}]},{\"@type\":\"BreadcrumbList\",\"@id\":\"https:\/\/librosdeoro.cafam.com.co\/libro2020\/jenny-de-la-torre-cordoba\/#breadcrumb\",\"itemListElement\":[{\"@type\":\"ListItem\",\"position\":1,\"name\":\"Home\",\"item\":\"https:\/\/librosdeoro.cafam.com.co\/libro2020\/\"},{\"@type\":\"ListItem\",\"position\":2,\"name\":\"Jenny De la Torre C\u00f3rdoba\"}]},{\"@type\":\"WebSite\",\"@id\":\"https:\/\/librosdeoro.cafam.com.co\/libro2020\/#website\",\"url\":\"https:\/\/librosdeoro.cafam.com.co\/libro2020\/\",\"name\":\"Libros de Oro 2020\",\"description\":\"\",\"potentialAction\":[{\"@type\":\"SearchAction\",\"target\":{\"@type\":\"EntryPoint\",\"urlTemplate\":\"https:\/\/librosdeoro.cafam.com.co\/libro2020\/?s={search_term_string}\"},\"query-input\":\"required name=search_term_string\"}],\"inLanguage\":\"es-CO\"}]}<\/script>\n<!-- \/ Yoast SEO plugin. -->","yoast_head_json":{"title":"Jenny De la Torre C\u00f3rdoba - Libros de Oro 2020","robots":{"index":"index","follow":"follow","max-snippet":"max-snippet:-1","max-image-preview":"max-image-preview:large","max-video-preview":"max-video-preview:-1"},"canonical":"https:\/\/librosdeoro.cafam.com.co\/libro2020\/jenny-de-la-torre-cordoba\/","og_locale":"es_ES","og_type":"article","og_title":"Jenny De la Torre C\u00f3rdoba - Libros de Oro 2020","og_description":"Empoderamiento para las mujeres afro La defensa de la mujer es la principal motivaci\u00f3n de Jenny De la Torre, quien a diario est\u00e1 dedicada al empoderamiento de la mujer y las comunidades afrodescendientes. Tras el liderazgo de varias asociaciones de car\u00e1cter social, hoy es miembro de la Red de mujeres afrocolombianas Kambiri y lidera la [&hellip;]","og_url":"https:\/\/librosdeoro.cafam.com.co\/libro2020\/jenny-de-la-torre-cordoba\/","og_site_name":"Libros de Oro 2020","twitter_card":"summary_large_image","twitter_misc":{"Tiempo de lectura":"1 minuto"},"schema":{"@context":"https:\/\/schema.org","@graph":[{"@type":"WebPage","@id":"https:\/\/librosdeoro.cafam.com.co\/libro2020\/jenny-de-la-torre-cordoba\/","url":"https:\/\/librosdeoro.cafam.com.co\/libro2020\/jenny-de-la-torre-cordoba\/","name":"Jenny De la Torre C\u00f3rdoba - Libros de Oro 2020","isPartOf":{"@id":"https:\/\/librosdeoro.cafam.com.co\/libro2020\/#website"},"datePublished":"2025-07-09T22:40:55+00:00","dateModified":"2025-07-09T22:40:55+00:00","breadcrumb":{"@id":"https:\/\/librosdeoro.cafam.com.co\/libro2020\/jenny-de-la-torre-cordoba\/#breadcrumb"},"inLanguage":"es-CO","potentialAction":[{"@type":"ReadAction","target":["https:\/\/librosdeoro.cafam.com.co\/libro2020\/jenny-de-la-torre-cordoba\/"]}]},{"@type":"BreadcrumbList","@id":"https:\/\/librosdeoro.cafam.com.co\/libro2020\/jenny-de-la-torre-cordoba\/#breadcrumb","itemListElement":[{"@type":"ListItem","position":1,"name":"Home","item":"https:\/\/librosdeoro.cafam.com.co\/libro2020\/"},{"@type":"ListItem","position":2,"name":"Jenny De la Torre C\u00f3rdoba"}]},{"@type":"WebSite","@id":"https:\/\/librosdeoro.cafam.com.co\/libro2020\/#website","url":"https:\/\/librosdeoro.cafam.com.co\/libro2020\/","name":"Libros de Oro 2020","description":"","potentialAction":[{"@type":"SearchAction","target":{"@type":"EntryPoint","urlTemplate":"https:\/\/librosdeoro.cafam.com.co\/libro2020\/?s={search_term_string}"},"query-input":"required name=search_term_string"}],"inLanguage":"es-CO"}]}},"_links":{"self":[{"href":"https:\/\/librosdeoro.cafam.com.co\/libro2020\/wp-json\/wp\/v2\/pages\/3689","targetHints":{"allow":["GET"]}}],"collection":[{"href":"https:\/\/librosdeoro.cafam.com.co\/libro2020\/wp-json\/wp\/v2\/pages"}],"about":[{"href":"https:\/\/librosdeoro.cafam.com.co\/libro2020\/wp-json\/wp\/v2\/types\/page"}],"author":[{"embeddable":true,"href":"https:\/\/librosdeoro.cafam.com.co\/libro2020\/wp-json\/wp\/v2\/users\/4"}],"replies":[{"embeddable":true,"href":"https:\/\/librosdeoro.cafam.com.co\/libro2020\/wp-json\/wp\/v2\/comments?post=3689"}],"version-history":[{"count":1,"href":"https:\/\/librosdeoro.cafam.com.co\/libro2020\/wp-json\/wp\/v2\/pages\/3689\/revisions"}],"predecessor-version":[{"id":3691,"href":"https:\/\/librosdeoro.cafam.com.co\/libro2020\/wp-json\/wp\/v2\/pages\/3689\/revisions\/3691"}],"wp:attachment":[{"href":"https:\/\/librosdeoro.cafam.com.co\/libro2020\/wp-json\/wp\/v2\/media?parent=3689"}],"curies":[{"name":"wp","href":"https:\/\/api.w.org\/{rel}","templated":true}]}}

Jenny De la Torre Córdoba

<div class="wp-block-columns is-layout-flex wp-container-core-columns-is-layout-9d6595d7 wp-block-columns-is-layout-flex">
<div class="wp-block-column is-layout-flow wp-block-column-is-layout-flow" style="flex-basis:33.33%">
<figure class="wp-block-image size-large"><img loading="lazy" decoding="async" width="742" height="1030" src="https://librosdeoro.cafam.com.co/libro2020/wp-content/uploads/sites/9/2020/06/30º-2018-742x1030.jpg" alt="" class="wp-image-2583" srcset="https://librosdeoro.cafam.com.co/libro2020/wp-content/uploads/sites/9/2020/06/30º-2018-742x1030.jpg 742w, https://librosdeoro.cafam.com.co/libro2020/wp-content/uploads/sites/9/2020/06/30º-2018-216x300.jpg 216w, https://librosdeoro.cafam.com.co/libro2020/wp-content/uploads/sites/9/2020/06/30º-2018-768x1066.jpg 768w, https://librosdeoro.cafam.com.co/libro2020/wp-content/uploads/sites/9/2020/06/30º-2018-508x705.jpg 508w, https://librosdeoro.cafam.com.co/libro2020/wp-content/uploads/sites/9/2020/06/30º-2018.jpg 1000w" sizes="auto, (max-width: 742px) 100vw, 742px" /></figure>
</div>



<div class="wp-block-column is-layout-flow wp-block-column-is-layout-flow" style="flex-basis:66.66%"><h2 class="wp-block-post-title">Jenny De la Torre Córdoba</h2>


<p><strong>Empoderamiento para las mujeres afro</strong></p>



<p>La defensa de la mujer es la principal motivación de Jenny De la Torre, quien a diario está dedicada al empoderamiento de la mujer y las comunidades afrodescendientes. Tras el liderazgo de varias asociaciones de carácter social, hoy es miembro de la Red de mujeres afrocolombianas Kambiri y lidera la Fundación mujeres del mundo Anna Perenna. Esta organización impacta en promedio a 6.000 personas del país.</p>



<div class="wp-block-buttons is-content-justification-center is-layout-flex wp-container-core-buttons-is-layout-16018d1d wp-block-buttons-is-layout-flex">
<div class="wp-block-button is-style-fill" id="https://librosdeoro.cafam.com.co/libro2020/mujeres-cafam-1989-2019/"><a class="wp-block-button__link has-col-f-9-f-9-f-9-color has-col-a-0-bd-3-f-background-color has-text-color has-background has-link-color wp-element-button" href="https://librosdeoro.cafam.com.co/libro2020/mujeres-cafam-1989-2019/" style="border-radius:16px">Volver</a></div>
</div>
</div>
</div>

<p>Empoderamiento para las mujeres afro La defensa de la mujer es la principal motivación de Jenny De la Torre, quien a diario está dedicada al empoderamiento de la mujer y las comunidades afrodescendientes. Tras el liderazgo de varias asociaciones de carácter social, hoy es miembro de la Red de mujeres afrocolombianas Kambiri y lidera la [&hellip;]</p>

<!-- This site is optimized with the Yoast SEO plugin v23.1 - https://yoast.com/wordpress/plugins/seo/ -->
<title>Jenny De la Torre Córdoba - Libros de Oro 2020</title>
<meta name="robots" content="index, follow, max-snippet:-1, max-image-preview:large, max-video-preview:-1" />
<link rel="canonical" href="https://librosdeoro.cafam.com.co/libro2020/jenny-de-la-torre-cordoba/" />
<meta property="og:locale" content="es_ES" />
<meta property="og:type" content="article" />
<meta property="og:title" content="Jenny De la Torre Córdoba - Libros de Oro 2020" />
<meta property="og:description" content="Empoderamiento para las mujeres afro La defensa de la mujer es la principal motivación de Jenny De la Torre, quien a diario está dedicada al empoderamiento de la mujer y las comunidades afrodescendientes. Tras el liderazgo de varias asociaciones de carácter social, hoy es miembro de la Red de mujeres afrocolombianas Kambiri y lidera la [&hellip;]" />
<meta property="og:url" content="https://librosdeoro.cafam.com.co/libro2020/jenny-de-la-torre-cordoba/" />
<meta property="og:site_name" content="Libros de Oro 2020" />
<meta name="twitter:card" content="summary_large_image" />
<meta name="twitter:label1" content="Tiempo de lectura" />
	<meta name="twitter:data1" content="1 minuto" />
<script type="application/ld+json" class="yoast-schema-graph">{"@context":"https://schema.org","@graph":[{"@type":"WebPage","@id":"https://librosdeoro.cafam.com.co/libro2020/jenny-de-la-torre-cordoba/","url":"https://librosdeoro.cafam.com.co/libro2020/jenny-de-la-torre-cordoba/","name":"Jenny De la Torre Córdoba - Libros de Oro 2020","isPartOf":{"@id":"https://librosdeoro.cafam.com.co/libro2020/#website"},"datePublished":"2025-07-09T22:40:55+00:00","dateModified":"2025-07-09T22:40:55+00:00","breadcrumb":{"@id":"https://librosdeoro.cafam.com.co/libro2020/jenny-de-la-torre-cordoba/#breadcrumb"},"inLanguage":"es-CO","potentialAction":[{"@type":"ReadAction","target":["https://librosdeoro.cafam.com.co/libro2020/jenny-de-la-torre-cordoba/"]}]},{"@type":"BreadcrumbList","@id":"https://librosdeoro.cafam.com.co/libro2020/jenny-de-la-torre-cordoba/#breadcrumb","itemListElement":[{"@type":"ListItem","position":1,"name":"Home","item":"https://librosdeoro.cafam.com.co/libro2020/"},{"@type":"ListItem","position":2,"name":"Jenny De la Torre Córdoba"}]},{"@type":"WebSite","@id":"https://librosdeoro.cafam.com.co/libro2020/#website","url":"https://librosdeoro.cafam.com.co/libro2020/","name":"Libros de Oro 2020","description":"","potentialAction":[{"@type":"SearchAction","target":{"@type":"EntryPoint","urlTemplate":"https://librosdeoro.cafam.com.co/libro2020/?s={search_term_string}"},"query-input":"required name=search_term_string"}],"inLanguage":"es-CO"}]}</script>
<!-- / Yoast SEO plugin. -->

Jenny De la Torre Córdoba - Libros de Oro 2020

Empoderamiento para las mujeres afro La defensa de la mujer es la principal motivación de Jenny De la Torre, quien a diario está dedicada al empoderamiento de la mujer y las comunidades afrodescendientes. Tras el liderazgo de varias asociaciones de carácter social, hoy es miembro de la Red de mujeres afrocolombianas Kambiri y lidera la [&hellip;]
