{"id":3681,"date":"2025-07-09T22:35:48","date_gmt":"2025-07-09T22:35:48","guid":{"rendered":"https:\/\/librosdeoro.cafam.com.co\/libro2020\/?page_id=3681"},"modified":"2025-07-09T22:35:49","modified_gmt":"2025-07-09T22:35:49","slug":"ana-lucia-lopez-salazar","status":"publish","type":"page","link":"https:\/\/librosdeoro.cafam.com.co\/libro2020\/ana-lucia-lopez-salazar\/","title":{"rendered":"Ana Luc\u00eda L\u00f3pez Salazar"},"content":{"rendered":"\n<div class=\"wp-block-columns is-layout-flex wp-container-core-columns-is-layout-9d6595d7 wp-block-columns-is-layout-flex\">\n<div class=\"wp-block-column is-layout-flow wp-block-column-is-layout-flow\" style=\"flex-basis:33.33%\">\n<figure class=\"wp-block-image size-large\"><img loading=\"lazy\" decoding=\"async\" width=\"759\" height=\"1030\" src=\"https:\/\/librosdeoro.cafam.com.co\/libro2020\/wp-content\/uploads\/sites\/9\/2020\/06\/26\u00ba-2014-759x1030.jpg\" alt=\"\" class=\"wp-image-2587\" srcset=\"https:\/\/librosdeoro.cafam.com.co\/libro2020\/wp-content\/uploads\/sites\/9\/2020\/06\/26\u00ba-2014-759x1030.jpg 759w, https:\/\/librosdeoro.cafam.com.co\/libro2020\/wp-content\/uploads\/sites\/9\/2020\/06\/26\u00ba-2014-221x300.jpg 221w, https:\/\/librosdeoro.cafam.com.co\/libro2020\/wp-content\/uploads\/sites\/9\/2020\/06\/26\u00ba-2014-768x1042.jpg 768w, https:\/\/librosdeoro.cafam.com.co\/libro2020\/wp-content\/uploads\/sites\/9\/2020\/06\/26\u00ba-2014-520x705.jpg 520w, https:\/\/librosdeoro.cafam.com.co\/libro2020\/wp-content\/uploads\/sites\/9\/2020\/06\/26\u00ba-2014.jpg 1000w\" sizes=\"auto, (max-width: 759px) 100vw, 759px\" \/><\/figure>\n<\/div>\n\n\n\n<div class=\"wp-block-column is-layout-flow wp-block-column-is-layout-flow\" style=\"flex-basis:66.66%\"><h2 class=\"wp-block-post-title\">Ana Luc\u00eda L\u00f3pez Salazar<\/h2>\n\n\n<p><strong>Inquebrantable<\/strong><\/p>\n\n\n\n<p>En 2007 fund\u00f3 la Patrulla Social del Pac\u00edfico y en 2008 particip\u00f3 en la creaci\u00f3n de la Fundaci\u00f3n Italocolombiana del Monte Tabor, ambas dedicadas a mejorar la salud y las condiciones socioecon\u00f3micas de las poblaciones marginadas en el Valle del Cauca.<\/p>\n\n\n\n<div class=\"wp-block-buttons is-content-justification-center is-layout-flex wp-container-core-buttons-is-layout-16018d1d wp-block-buttons-is-layout-flex\">\n<div class=\"wp-block-button is-style-fill\" id=\"https:\/\/librosdeoro.cafam.com.co\/libro2020\/mujeres-cafam-1989-2019\/\"><a class=\"wp-block-button__link has-col-f-9-f-9-f-9-color has-col-a-0-bd-3-f-background-color has-text-color has-background has-link-color wp-element-button\" href=\"https:\/\/librosdeoro.cafam.com.co\/libro2020\/mujeres-cafam-1989-2019\/\" style=\"border-radius:16px\">Volver<\/a><\/div>\n<\/div>\n<\/div>\n<\/div>\n","protected":false},"excerpt":{"rendered":"<p>Inquebrantable En 2007 fund\u00f3 la Patrulla Social del Pac\u00edfico y en 2008 particip\u00f3 en la creaci\u00f3n de la Fundaci\u00f3n Italocolombiana del Monte Tabor, ambas dedicadas a mejorar la salud y las condiciones socioecon\u00f3micas de las poblaciones marginadas en el Valle del Cauca.<\/p>\n","protected":false},"author":4,"featured_media":0,"parent":0,"menu_order":0,"comment_status":"closed","ping_status":"closed","template":"","meta":{"footnotes":""},"class_list":["post-3681","page","type-page","status-publish","hentry"],"yoast_head":"<!-- This site is optimized with the Yoast SEO plugin v23.1 - https:\/\/yoast.com\/wordpress\/plugins\/seo\/ -->\n<title>Ana Luc\u00eda L\u00f3pez Salazar - Libros de Oro 2020<\/title>\n<meta name=\"robots\" content=\"index, follow, max-snippet:-1, max-image-preview:large, max-video-preview:-1\" \/>\n<link rel=\"canonical\" href=\"https:\/\/librosdeoro.cafam.com.co\/libro2020\/ana-lucia-lopez-salazar\/\" \/>\n<meta property=\"og:locale\" content=\"es_ES\" \/>\n<meta property=\"og:type\" content=\"article\" \/>\n<meta property=\"og:title\" content=\"Ana Luc\u00eda L\u00f3pez Salazar - Libros de Oro 2020\" \/>\n<meta property=\"og:description\" content=\"Inquebrantable En 2007 fund\u00f3 la Patrulla Social del Pac\u00edfico y en 2008 particip\u00f3 en la creaci\u00f3n de la Fundaci\u00f3n Italocolombiana del Monte Tabor, ambas dedicadas a mejorar la salud y las condiciones socioecon\u00f3micas de las poblaciones marginadas en el Valle del Cauca.\" \/>\n<meta property=\"og:url\" content=\"https:\/\/librosdeoro.cafam.com.co\/libro2020\/ana-lucia-lopez-salazar\/\" \/>\n<meta property=\"og:site_name\" content=\"Libros de Oro 2020\" \/>\n<meta property=\"article:modified_time\" content=\"2025-07-09T22:35:49+00:00\" \/>\n<meta name=\"twitter:card\" content=\"summary_large_image\" \/>\n<meta name=\"twitter:label1\" content=\"Tiempo de lectura\" \/>\n\t<meta name=\"twitter:data1\" content=\"1 minuto\" \/>\n<script type=\"application\/ld+json\" class=\"yoast-schema-graph\">{\"@context\":\"https:\/\/schema.org\",\"@graph\":[{\"@type\":\"WebPage\",\"@id\":\"https:\/\/librosdeoro.cafam.com.co\/libro2020\/ana-lucia-lopez-salazar\/\",\"url\":\"https:\/\/librosdeoro.cafam.com.co\/libro2020\/ana-lucia-lopez-salazar\/\",\"name\":\"Ana Luc\u00eda L\u00f3pez Salazar - Libros de Oro 2020\",\"isPartOf\":{\"@id\":\"https:\/\/librosdeoro.cafam.com.co\/libro2020\/#website\"},\"datePublished\":\"2025-07-09T22:35:48+00:00\",\"dateModified\":\"2025-07-09T22:35:49+00:00\",\"breadcrumb\":{\"@id\":\"https:\/\/librosdeoro.cafam.com.co\/libro2020\/ana-lucia-lopez-salazar\/#breadcrumb\"},\"inLanguage\":\"es-CO\",\"potentialAction\":[{\"@type\":\"ReadAction\",\"target\":[\"https:\/\/librosdeoro.cafam.com.co\/libro2020\/ana-lucia-lopez-salazar\/\"]}]},{\"@type\":\"BreadcrumbList\",\"@id\":\"https:\/\/librosdeoro.cafam.com.co\/libro2020\/ana-lucia-lopez-salazar\/#breadcrumb\",\"itemListElement\":[{\"@type\":\"ListItem\",\"position\":1,\"name\":\"Home\",\"item\":\"https:\/\/librosdeoro.cafam.com.co\/libro2020\/\"},{\"@type\":\"ListItem\",\"position\":2,\"name\":\"Ana Luc\u00eda L\u00f3pez Salazar\"}]},{\"@type\":\"WebSite\",\"@id\":\"https:\/\/librosdeoro.cafam.com.co\/libro2020\/#website\",\"url\":\"https:\/\/librosdeoro.cafam.com.co\/libro2020\/\",\"name\":\"Libros de Oro 2020\",\"description\":\"\",\"potentialAction\":[{\"@type\":\"SearchAction\",\"target\":{\"@type\":\"EntryPoint\",\"urlTemplate\":\"https:\/\/librosdeoro.cafam.com.co\/libro2020\/?s={search_term_string}\"},\"query-input\":\"required name=search_term_string\"}],\"inLanguage\":\"es-CO\"}]}<\/script>\n<!-- \/ Yoast SEO plugin. -->","yoast_head_json":{"title":"Ana Luc\u00eda L\u00f3pez Salazar - Libros de Oro 2020","robots":{"index":"index","follow":"follow","max-snippet":"max-snippet:-1","max-image-preview":"max-image-preview:large","max-video-preview":"max-video-preview:-1"},"canonical":"https:\/\/librosdeoro.cafam.com.co\/libro2020\/ana-lucia-lopez-salazar\/","og_locale":"es_ES","og_type":"article","og_title":"Ana Luc\u00eda L\u00f3pez Salazar - Libros de Oro 2020","og_description":"Inquebrantable En 2007 fund\u00f3 la Patrulla Social del Pac\u00edfico y en 2008 particip\u00f3 en la creaci\u00f3n de la Fundaci\u00f3n Italocolombiana del Monte Tabor, ambas dedicadas a mejorar la salud y las condiciones socioecon\u00f3micas de las poblaciones marginadas en el Valle del Cauca.","og_url":"https:\/\/librosdeoro.cafam.com.co\/libro2020\/ana-lucia-lopez-salazar\/","og_site_name":"Libros de Oro 2020","article_modified_time":"2025-07-09T22:35:49+00:00","twitter_card":"summary_large_image","twitter_misc":{"Tiempo de lectura":"1 minuto"},"schema":{"@context":"https:\/\/schema.org","@graph":[{"@type":"WebPage","@id":"https:\/\/librosdeoro.cafam.com.co\/libro2020\/ana-lucia-lopez-salazar\/","url":"https:\/\/librosdeoro.cafam.com.co\/libro2020\/ana-lucia-lopez-salazar\/","name":"Ana Luc\u00eda L\u00f3pez Salazar - Libros de Oro 2020","isPartOf":{"@id":"https:\/\/librosdeoro.cafam.com.co\/libro2020\/#website"},"datePublished":"2025-07-09T22:35:48+00:00","dateModified":"2025-07-09T22:35:49+00:00","breadcrumb":{"@id":"https:\/\/librosdeoro.cafam.com.co\/libro2020\/ana-lucia-lopez-salazar\/#breadcrumb"},"inLanguage":"es-CO","potentialAction":[{"@type":"ReadAction","target":["https:\/\/librosdeoro.cafam.com.co\/libro2020\/ana-lucia-lopez-salazar\/"]}]},{"@type":"BreadcrumbList","@id":"https:\/\/librosdeoro.cafam.com.co\/libro2020\/ana-lucia-lopez-salazar\/#breadcrumb","itemListElement":[{"@type":"ListItem","position":1,"name":"Home","item":"https:\/\/librosdeoro.cafam.com.co\/libro2020\/"},{"@type":"ListItem","position":2,"name":"Ana Luc\u00eda L\u00f3pez Salazar"}]},{"@type":"WebSite","@id":"https:\/\/librosdeoro.cafam.com.co\/libro2020\/#website","url":"https:\/\/librosdeoro.cafam.com.co\/libro2020\/","name":"Libros de Oro 2020","description":"","potentialAction":[{"@type":"SearchAction","target":{"@type":"EntryPoint","urlTemplate":"https:\/\/librosdeoro.cafam.com.co\/libro2020\/?s={search_term_string}"},"query-input":"required name=search_term_string"}],"inLanguage":"es-CO"}]}},"_links":{"self":[{"href":"https:\/\/librosdeoro.cafam.com.co\/libro2020\/wp-json\/wp\/v2\/pages\/3681","targetHints":{"allow":["GET"]}}],"collection":[{"href":"https:\/\/librosdeoro.cafam.com.co\/libro2020\/wp-json\/wp\/v2\/pages"}],"about":[{"href":"https:\/\/librosdeoro.cafam.com.co\/libro2020\/wp-json\/wp\/v2\/types\/page"}],"author":[{"embeddable":true,"href":"https:\/\/librosdeoro.cafam.com.co\/libro2020\/wp-json\/wp\/v2\/users\/4"}],"replies":[{"embeddable":true,"href":"https:\/\/librosdeoro.cafam.com.co\/libro2020\/wp-json\/wp\/v2\/comments?post=3681"}],"version-history":[{"count":1,"href":"https:\/\/librosdeoro.cafam.com.co\/libro2020\/wp-json\/wp\/v2\/pages\/3681\/revisions"}],"predecessor-version":[{"id":3682,"href":"https:\/\/librosdeoro.cafam.com.co\/libro2020\/wp-json\/wp\/v2\/pages\/3681\/revisions\/3682"}],"wp:attachment":[{"href":"https:\/\/librosdeoro.cafam.com.co\/libro2020\/wp-json\/wp\/v2\/media?parent=3681"}],"curies":[{"name":"wp","href":"https:\/\/api.w.org\/{rel}","templated":true}]}}

Ana Lucía López Salazar

<div class="wp-block-columns is-layout-flex wp-container-core-columns-is-layout-9d6595d7 wp-block-columns-is-layout-flex">
<div class="wp-block-column is-layout-flow wp-block-column-is-layout-flow" style="flex-basis:33.33%">
<figure class="wp-block-image size-large"><img loading="lazy" decoding="async" width="759" height="1030" src="https://librosdeoro.cafam.com.co/libro2020/wp-content/uploads/sites/9/2020/06/26º-2014-759x1030.jpg" alt="" class="wp-image-2587" srcset="https://librosdeoro.cafam.com.co/libro2020/wp-content/uploads/sites/9/2020/06/26º-2014-759x1030.jpg 759w, https://librosdeoro.cafam.com.co/libro2020/wp-content/uploads/sites/9/2020/06/26º-2014-221x300.jpg 221w, https://librosdeoro.cafam.com.co/libro2020/wp-content/uploads/sites/9/2020/06/26º-2014-768x1042.jpg 768w, https://librosdeoro.cafam.com.co/libro2020/wp-content/uploads/sites/9/2020/06/26º-2014-520x705.jpg 520w, https://librosdeoro.cafam.com.co/libro2020/wp-content/uploads/sites/9/2020/06/26º-2014.jpg 1000w" sizes="auto, (max-width: 759px) 100vw, 759px" /></figure>
</div>



<div class="wp-block-column is-layout-flow wp-block-column-is-layout-flow" style="flex-basis:66.66%"><h2 class="wp-block-post-title">Ana Lucía López Salazar</h2>


<p><strong>Inquebrantable</strong></p>



<p>En 2007 fundó la Patrulla Social del Pacífico y en 2008 participó en la creación de la Fundación Italocolombiana del Monte Tabor, ambas dedicadas a mejorar la salud y las condiciones socioeconómicas de las poblaciones marginadas en el Valle del Cauca.</p>



<div class="wp-block-buttons is-content-justification-center is-layout-flex wp-container-core-buttons-is-layout-16018d1d wp-block-buttons-is-layout-flex">
<div class="wp-block-button is-style-fill" id="https://librosdeoro.cafam.com.co/libro2020/mujeres-cafam-1989-2019/"><a class="wp-block-button__link has-col-f-9-f-9-f-9-color has-col-a-0-bd-3-f-background-color has-text-color has-background has-link-color wp-element-button" href="https://librosdeoro.cafam.com.co/libro2020/mujeres-cafam-1989-2019/" style="border-radius:16px">Volver</a></div>
</div>
</div>
</div>

<p>Inquebrantable En 2007 fundó la Patrulla Social del Pacífico y en 2008 participó en la creación de la Fundación Italocolombiana del Monte Tabor, ambas dedicadas a mejorar la salud y las condiciones socioeconómicas de las poblaciones marginadas en el Valle del Cauca.</p>

<!-- This site is optimized with the Yoast SEO plugin v23.1 - https://yoast.com/wordpress/plugins/seo/ -->
<title>Ana Lucía López Salazar - Libros de Oro 2020</title>
<meta name="robots" content="index, follow, max-snippet:-1, max-image-preview:large, max-video-preview:-1" />
<link rel="canonical" href="https://librosdeoro.cafam.com.co/libro2020/ana-lucia-lopez-salazar/" />
<meta property="og:locale" content="es_ES" />
<meta property="og:type" content="article" />
<meta property="og:title" content="Ana Lucía López Salazar - Libros de Oro 2020" />
<meta property="og:description" content="Inquebrantable En 2007 fundó la Patrulla Social del Pacífico y en 2008 participó en la creación de la Fundación Italocolombiana del Monte Tabor, ambas dedicadas a mejorar la salud y las condiciones socioeconómicas de las poblaciones marginadas en el Valle del Cauca." />
<meta property="og:url" content="https://librosdeoro.cafam.com.co/libro2020/ana-lucia-lopez-salazar/" />
<meta property="og:site_name" content="Libros de Oro 2020" />
<meta property="article:modified_time" content="2025-07-09T22:35:49+00:00" />
<meta name="twitter:card" content="summary_large_image" />
<meta name="twitter:label1" content="Tiempo de lectura" />
	<meta name="twitter:data1" content="1 minuto" />
<script type="application/ld+json" class="yoast-schema-graph">{"@context":"https://schema.org","@graph":[{"@type":"WebPage","@id":"https://librosdeoro.cafam.com.co/libro2020/ana-lucia-lopez-salazar/","url":"https://librosdeoro.cafam.com.co/libro2020/ana-lucia-lopez-salazar/","name":"Ana Lucía López Salazar - Libros de Oro 2020","isPartOf":{"@id":"https://librosdeoro.cafam.com.co/libro2020/#website"},"datePublished":"2025-07-09T22:35:48+00:00","dateModified":"2025-07-09T22:35:49+00:00","breadcrumb":{"@id":"https://librosdeoro.cafam.com.co/libro2020/ana-lucia-lopez-salazar/#breadcrumb"},"inLanguage":"es-CO","potentialAction":[{"@type":"ReadAction","target":["https://librosdeoro.cafam.com.co/libro2020/ana-lucia-lopez-salazar/"]}]},{"@type":"BreadcrumbList","@id":"https://librosdeoro.cafam.com.co/libro2020/ana-lucia-lopez-salazar/#breadcrumb","itemListElement":[{"@type":"ListItem","position":1,"name":"Home","item":"https://librosdeoro.cafam.com.co/libro2020/"},{"@type":"ListItem","position":2,"name":"Ana Lucía López Salazar"}]},{"@type":"WebSite","@id":"https://librosdeoro.cafam.com.co/libro2020/#website","url":"https://librosdeoro.cafam.com.co/libro2020/","name":"Libros de Oro 2020","description":"","potentialAction":[{"@type":"SearchAction","target":{"@type":"EntryPoint","urlTemplate":"https://librosdeoro.cafam.com.co/libro2020/?s={search_term_string}"},"query-input":"required name=search_term_string"}],"inLanguage":"es-CO"}]}</script>
<!-- / Yoast SEO plugin. -->

Ana Lucía López Salazar - Libros de Oro 2020

Inquebrantable En 2007 fundó la Patrulla Social del Pacífico y en 2008 participó en la creación de la Fundación Italocolombiana del Monte Tabor, ambas dedicadas a mejorar la salud y las condiciones socioeconómicas de las poblaciones marginadas en el Valle del Cauca.
