{"id":3677,"date":"2025-07-09T22:34:19","date_gmt":"2025-07-09T22:34:19","guid":{"rendered":"https:\/\/librosdeoro.cafam.com.co\/libro2020\/?page_id=3677"},"modified":"2025-07-09T22:34:20","modified_gmt":"2025-07-09T22:34:20","slug":"aydee-liliana-meza-henao","status":"publish","type":"page","link":"https:\/\/librosdeoro.cafam.com.co\/libro2020\/aydee-liliana-meza-henao\/","title":{"rendered":"Aydee Liliana Meza Henao"},"content":{"rendered":"\n<div class=\"wp-block-columns is-layout-flex wp-container-core-columns-is-layout-9d6595d7 wp-block-columns-is-layout-flex\">\n<div class=\"wp-block-column is-layout-flow wp-block-column-is-layout-flow\" style=\"flex-basis:33.33%\">\n<figure class=\"wp-block-image size-large\"><img loading=\"lazy\" decoding=\"async\" width=\"759\" height=\"1030\" src=\"https:\/\/librosdeoro.cafam.com.co\/libro2020\/wp-content\/uploads\/sites\/9\/2020\/06\/24\u00ba-2012-759x1030.jpg\" alt=\"\" class=\"wp-image-2589\" srcset=\"https:\/\/librosdeoro.cafam.com.co\/libro2020\/wp-content\/uploads\/sites\/9\/2020\/06\/24\u00ba-2012-759x1030.jpg 759w, https:\/\/librosdeoro.cafam.com.co\/libro2020\/wp-content\/uploads\/sites\/9\/2020\/06\/24\u00ba-2012-221x300.jpg 221w, https:\/\/librosdeoro.cafam.com.co\/libro2020\/wp-content\/uploads\/sites\/9\/2020\/06\/24\u00ba-2012-768x1042.jpg 768w, https:\/\/librosdeoro.cafam.com.co\/libro2020\/wp-content\/uploads\/sites\/9\/2020\/06\/24\u00ba-2012-520x705.jpg 520w, https:\/\/librosdeoro.cafam.com.co\/libro2020\/wp-content\/uploads\/sites\/9\/2020\/06\/24\u00ba-2012.jpg 1000w\" sizes=\"auto, (max-width: 759px) 100vw, 759px\" \/><\/figure>\n<\/div>\n\n\n\n<div class=\"wp-block-column is-layout-flow wp-block-column-is-layout-flow\" style=\"flex-basis:66.66%\"><h2 class=\"wp-block-post-title\">Aydee Liliana Meza Henao<\/h2>\n\n\n<p><strong>Rehabilitaci\u00f3n<\/strong><\/p>\n\n\n\n<p>En la Fundaci\u00f3n Nuez, creada en 1990, rehabilita cognitiva y f\u00edsicamente a ni\u00f1os discapacitados a trav\u00e9s de la musicoterapia. Cre\u00f3 la primera filarm\u00f3nica de personas con discapacidad de Colombia, en la que los sonidos se convierten en m\u00fasica.<\/p>\n\n\n\n<div class=\"wp-block-buttons is-content-justification-center is-layout-flex wp-container-core-buttons-is-layout-16018d1d wp-block-buttons-is-layout-flex\">\n<div class=\"wp-block-button is-style-fill\" id=\"https:\/\/librosdeoro.cafam.com.co\/libro2020\/mujeres-cafam-1989-2019\/\"><a class=\"wp-block-button__link has-col-f-9-f-9-f-9-color has-col-a-0-bd-3-f-background-color has-text-color has-background has-link-color wp-element-button\" href=\"https:\/\/librosdeoro.cafam.com.co\/libro2020\/mujeres-cafam-1989-2019\/\" style=\"border-radius:16px\">Volver<\/a><\/div>\n<\/div>\n<\/div>\n<\/div>\n","protected":false},"excerpt":{"rendered":"<p>Rehabilitaci\u00f3n En la Fundaci\u00f3n Nuez, creada en 1990, rehabilita cognitiva y f\u00edsicamente a ni\u00f1os discapacitados a trav\u00e9s de la musicoterapia. Cre\u00f3 la primera filarm\u00f3nica de personas con discapacidad de Colombia, en la que los sonidos se convierten en m\u00fasica.<\/p>\n","protected":false},"author":4,"featured_media":0,"parent":0,"menu_order":0,"comment_status":"closed","ping_status":"closed","template":"","meta":{"footnotes":""},"class_list":["post-3677","page","type-page","status-publish","hentry"],"yoast_head":"<!-- This site is optimized with the Yoast SEO plugin v23.1 - https:\/\/yoast.com\/wordpress\/plugins\/seo\/ -->\n<title>Aydee Liliana Meza Henao - Libros de Oro 2020<\/title>\n<meta name=\"robots\" content=\"index, follow, max-snippet:-1, max-image-preview:large, max-video-preview:-1\" \/>\n<link rel=\"canonical\" href=\"https:\/\/librosdeoro.cafam.com.co\/libro2020\/aydee-liliana-meza-henao\/\" \/>\n<meta property=\"og:locale\" content=\"es_ES\" \/>\n<meta property=\"og:type\" content=\"article\" \/>\n<meta property=\"og:title\" content=\"Aydee Liliana Meza Henao - Libros de Oro 2020\" \/>\n<meta property=\"og:description\" content=\"Rehabilitaci\u00f3n En la Fundaci\u00f3n Nuez, creada en 1990, rehabilita cognitiva y f\u00edsicamente a ni\u00f1os discapacitados a trav\u00e9s de la musicoterapia. Cre\u00f3 la primera filarm\u00f3nica de personas con discapacidad de Colombia, en la que los sonidos se convierten en m\u00fasica.\" \/>\n<meta property=\"og:url\" content=\"https:\/\/librosdeoro.cafam.com.co\/libro2020\/aydee-liliana-meza-henao\/\" \/>\n<meta property=\"og:site_name\" content=\"Libros de Oro 2020\" \/>\n<meta property=\"article:modified_time\" content=\"2025-07-09T22:34:20+00:00\" \/>\n<meta name=\"twitter:card\" content=\"summary_large_image\" \/>\n<meta name=\"twitter:label1\" content=\"Tiempo de lectura\" \/>\n\t<meta name=\"twitter:data1\" content=\"1 minuto\" \/>\n<script type=\"application\/ld+json\" class=\"yoast-schema-graph\">{\"@context\":\"https:\/\/schema.org\",\"@graph\":[{\"@type\":\"WebPage\",\"@id\":\"https:\/\/librosdeoro.cafam.com.co\/libro2020\/aydee-liliana-meza-henao\/\",\"url\":\"https:\/\/librosdeoro.cafam.com.co\/libro2020\/aydee-liliana-meza-henao\/\",\"name\":\"Aydee Liliana Meza Henao - Libros de Oro 2020\",\"isPartOf\":{\"@id\":\"https:\/\/librosdeoro.cafam.com.co\/libro2020\/#website\"},\"datePublished\":\"2025-07-09T22:34:19+00:00\",\"dateModified\":\"2025-07-09T22:34:20+00:00\",\"breadcrumb\":{\"@id\":\"https:\/\/librosdeoro.cafam.com.co\/libro2020\/aydee-liliana-meza-henao\/#breadcrumb\"},\"inLanguage\":\"es-CO\",\"potentialAction\":[{\"@type\":\"ReadAction\",\"target\":[\"https:\/\/librosdeoro.cafam.com.co\/libro2020\/aydee-liliana-meza-henao\/\"]}]},{\"@type\":\"BreadcrumbList\",\"@id\":\"https:\/\/librosdeoro.cafam.com.co\/libro2020\/aydee-liliana-meza-henao\/#breadcrumb\",\"itemListElement\":[{\"@type\":\"ListItem\",\"position\":1,\"name\":\"Home\",\"item\":\"https:\/\/librosdeoro.cafam.com.co\/libro2020\/\"},{\"@type\":\"ListItem\",\"position\":2,\"name\":\"Aydee Liliana Meza Henao\"}]},{\"@type\":\"WebSite\",\"@id\":\"https:\/\/librosdeoro.cafam.com.co\/libro2020\/#website\",\"url\":\"https:\/\/librosdeoro.cafam.com.co\/libro2020\/\",\"name\":\"Libros de Oro 2020\",\"description\":\"\",\"potentialAction\":[{\"@type\":\"SearchAction\",\"target\":{\"@type\":\"EntryPoint\",\"urlTemplate\":\"https:\/\/librosdeoro.cafam.com.co\/libro2020\/?s={search_term_string}\"},\"query-input\":\"required name=search_term_string\"}],\"inLanguage\":\"es-CO\"}]}<\/script>\n<!-- \/ Yoast SEO plugin. -->","yoast_head_json":{"title":"Aydee Liliana Meza Henao - Libros de Oro 2020","robots":{"index":"index","follow":"follow","max-snippet":"max-snippet:-1","max-image-preview":"max-image-preview:large","max-video-preview":"max-video-preview:-1"},"canonical":"https:\/\/librosdeoro.cafam.com.co\/libro2020\/aydee-liliana-meza-henao\/","og_locale":"es_ES","og_type":"article","og_title":"Aydee Liliana Meza Henao - Libros de Oro 2020","og_description":"Rehabilitaci\u00f3n En la Fundaci\u00f3n Nuez, creada en 1990, rehabilita cognitiva y f\u00edsicamente a ni\u00f1os discapacitados a trav\u00e9s de la musicoterapia. Cre\u00f3 la primera filarm\u00f3nica de personas con discapacidad de Colombia, en la que los sonidos se convierten en m\u00fasica.","og_url":"https:\/\/librosdeoro.cafam.com.co\/libro2020\/aydee-liliana-meza-henao\/","og_site_name":"Libros de Oro 2020","article_modified_time":"2025-07-09T22:34:20+00:00","twitter_card":"summary_large_image","twitter_misc":{"Tiempo de lectura":"1 minuto"},"schema":{"@context":"https:\/\/schema.org","@graph":[{"@type":"WebPage","@id":"https:\/\/librosdeoro.cafam.com.co\/libro2020\/aydee-liliana-meza-henao\/","url":"https:\/\/librosdeoro.cafam.com.co\/libro2020\/aydee-liliana-meza-henao\/","name":"Aydee Liliana Meza Henao - Libros de Oro 2020","isPartOf":{"@id":"https:\/\/librosdeoro.cafam.com.co\/libro2020\/#website"},"datePublished":"2025-07-09T22:34:19+00:00","dateModified":"2025-07-09T22:34:20+00:00","breadcrumb":{"@id":"https:\/\/librosdeoro.cafam.com.co\/libro2020\/aydee-liliana-meza-henao\/#breadcrumb"},"inLanguage":"es-CO","potentialAction":[{"@type":"ReadAction","target":["https:\/\/librosdeoro.cafam.com.co\/libro2020\/aydee-liliana-meza-henao\/"]}]},{"@type":"BreadcrumbList","@id":"https:\/\/librosdeoro.cafam.com.co\/libro2020\/aydee-liliana-meza-henao\/#breadcrumb","itemListElement":[{"@type":"ListItem","position":1,"name":"Home","item":"https:\/\/librosdeoro.cafam.com.co\/libro2020\/"},{"@type":"ListItem","position":2,"name":"Aydee Liliana Meza Henao"}]},{"@type":"WebSite","@id":"https:\/\/librosdeoro.cafam.com.co\/libro2020\/#website","url":"https:\/\/librosdeoro.cafam.com.co\/libro2020\/","name":"Libros de Oro 2020","description":"","potentialAction":[{"@type":"SearchAction","target":{"@type":"EntryPoint","urlTemplate":"https:\/\/librosdeoro.cafam.com.co\/libro2020\/?s={search_term_string}"},"query-input":"required name=search_term_string"}],"inLanguage":"es-CO"}]}},"_links":{"self":[{"href":"https:\/\/librosdeoro.cafam.com.co\/libro2020\/wp-json\/wp\/v2\/pages\/3677","targetHints":{"allow":["GET"]}}],"collection":[{"href":"https:\/\/librosdeoro.cafam.com.co\/libro2020\/wp-json\/wp\/v2\/pages"}],"about":[{"href":"https:\/\/librosdeoro.cafam.com.co\/libro2020\/wp-json\/wp\/v2\/types\/page"}],"author":[{"embeddable":true,"href":"https:\/\/librosdeoro.cafam.com.co\/libro2020\/wp-json\/wp\/v2\/users\/4"}],"replies":[{"embeddable":true,"href":"https:\/\/librosdeoro.cafam.com.co\/libro2020\/wp-json\/wp\/v2\/comments?post=3677"}],"version-history":[{"count":1,"href":"https:\/\/librosdeoro.cafam.com.co\/libro2020\/wp-json\/wp\/v2\/pages\/3677\/revisions"}],"predecessor-version":[{"id":3678,"href":"https:\/\/librosdeoro.cafam.com.co\/libro2020\/wp-json\/wp\/v2\/pages\/3677\/revisions\/3678"}],"wp:attachment":[{"href":"https:\/\/librosdeoro.cafam.com.co\/libro2020\/wp-json\/wp\/v2\/media?parent=3677"}],"curies":[{"name":"wp","href":"https:\/\/api.w.org\/{rel}","templated":true}]}}

<div class="wp-block-columns is-layout-flex wp-container-core-columns-is-layout-9d6595d7 wp-block-columns-is-layout-flex">
<div class="wp-block-column is-layout-flow wp-block-column-is-layout-flow" style="flex-basis:33.33%">
<figure class="wp-block-image size-large"><img loading="lazy" decoding="async" width="759" height="1030" src="https://librosdeoro.cafam.com.co/libro2020/wp-content/uploads/sites/9/2020/06/24º-2012-759x1030.jpg" alt="" class="wp-image-2589" srcset="https://librosdeoro.cafam.com.co/libro2020/wp-content/uploads/sites/9/2020/06/24º-2012-759x1030.jpg 759w, https://librosdeoro.cafam.com.co/libro2020/wp-content/uploads/sites/9/2020/06/24º-2012-221x300.jpg 221w, https://librosdeoro.cafam.com.co/libro2020/wp-content/uploads/sites/9/2020/06/24º-2012-768x1042.jpg 768w, https://librosdeoro.cafam.com.co/libro2020/wp-content/uploads/sites/9/2020/06/24º-2012-520x705.jpg 520w, https://librosdeoro.cafam.com.co/libro2020/wp-content/uploads/sites/9/2020/06/24º-2012.jpg 1000w" sizes="auto, (max-width: 759px) 100vw, 759px" /></figure>
</div>



<div class="wp-block-column is-layout-flow wp-block-column-is-layout-flow" style="flex-basis:66.66%"><h2 class="wp-block-post-title">Aydee Liliana Meza Henao</h2>


<p><strong>Rehabilitación</strong></p>



<p>En la Fundación Nuez, creada en 1990, rehabilita cognitiva y físicamente a niños discapacitados a través de la musicoterapia. Creó la primera filarmónica de personas con discapacidad de Colombia, en la que los sonidos se convierten en música.</p>



<div class="wp-block-buttons is-content-justification-center is-layout-flex wp-container-core-buttons-is-layout-16018d1d wp-block-buttons-is-layout-flex">
<div class="wp-block-button is-style-fill" id="https://librosdeoro.cafam.com.co/libro2020/mujeres-cafam-1989-2019/"><a class="wp-block-button__link has-col-f-9-f-9-f-9-color has-col-a-0-bd-3-f-background-color has-text-color has-background has-link-color wp-element-button" href="https://librosdeoro.cafam.com.co/libro2020/mujeres-cafam-1989-2019/" style="border-radius:16px">Volver</a></div>
</div>
</div>
</div>

<p>Rehabilitación En la Fundación Nuez, creada en 1990, rehabilita cognitiva y físicamente a niños discapacitados a través de la musicoterapia. Creó la primera filarmónica de personas con discapacidad de Colombia, en la que los sonidos se convierten en música.</p>

<!-- This site is optimized with the Yoast SEO plugin v23.1 - https://yoast.com/wordpress/plugins/seo/ -->
<title>Aydee Liliana Meza Henao - Libros de Oro 2020</title>
<meta name="robots" content="index, follow, max-snippet:-1, max-image-preview:large, max-video-preview:-1" />
<link rel="canonical" href="https://librosdeoro.cafam.com.co/libro2020/aydee-liliana-meza-henao/" />
<meta property="og:locale" content="es_ES" />
<meta property="og:type" content="article" />
<meta property="og:title" content="Aydee Liliana Meza Henao - Libros de Oro 2020" />
<meta property="og:description" content="Rehabilitación En la Fundación Nuez, creada en 1990, rehabilita cognitiva y físicamente a niños discapacitados a través de la musicoterapia. Creó la primera filarmónica de personas con discapacidad de Colombia, en la que los sonidos se convierten en música." />
<meta property="og:url" content="https://librosdeoro.cafam.com.co/libro2020/aydee-liliana-meza-henao/" />
<meta property="og:site_name" content="Libros de Oro 2020" />
<meta property="article:modified_time" content="2025-07-09T22:34:20+00:00" />
<meta name="twitter:card" content="summary_large_image" />
<meta name="twitter:label1" content="Tiempo de lectura" />
	<meta name="twitter:data1" content="1 minuto" />
<script type="application/ld+json" class="yoast-schema-graph">{"@context":"https://schema.org","@graph":[{"@type":"WebPage","@id":"https://librosdeoro.cafam.com.co/libro2020/aydee-liliana-meza-henao/","url":"https://librosdeoro.cafam.com.co/libro2020/aydee-liliana-meza-henao/","name":"Aydee Liliana Meza Henao - Libros de Oro 2020","isPartOf":{"@id":"https://librosdeoro.cafam.com.co/libro2020/#website"},"datePublished":"2025-07-09T22:34:19+00:00","dateModified":"2025-07-09T22:34:20+00:00","breadcrumb":{"@id":"https://librosdeoro.cafam.com.co/libro2020/aydee-liliana-meza-henao/#breadcrumb"},"inLanguage":"es-CO","potentialAction":[{"@type":"ReadAction","target":["https://librosdeoro.cafam.com.co/libro2020/aydee-liliana-meza-henao/"]}]},{"@type":"BreadcrumbList","@id":"https://librosdeoro.cafam.com.co/libro2020/aydee-liliana-meza-henao/#breadcrumb","itemListElement":[{"@type":"ListItem","position":1,"name":"Home","item":"https://librosdeoro.cafam.com.co/libro2020/"},{"@type":"ListItem","position":2,"name":"Aydee Liliana Meza Henao"}]},{"@type":"WebSite","@id":"https://librosdeoro.cafam.com.co/libro2020/#website","url":"https://librosdeoro.cafam.com.co/libro2020/","name":"Libros de Oro 2020","description":"","potentialAction":[{"@type":"SearchAction","target":{"@type":"EntryPoint","urlTemplate":"https://librosdeoro.cafam.com.co/libro2020/?s={search_term_string}"},"query-input":"required name=search_term_string"}],"inLanguage":"es-CO"}]}</script>
<!-- / Yoast SEO plugin. -->

Rehabilitación En la Fundación Nuez, creada en 1990, rehabilita cognitiva y físicamente a niños discapacitados a través de la musicoterapia. Creó la primera filarmónica de personas con discapacidad de Colombia, en la que los sonidos se convierten en música.
