{"id":3660,"date":"2025-07-09T22:13:36","date_gmt":"2025-07-09T22:13:36","guid":{"rendered":"https:\/\/librosdeoro.cafam.com.co\/libro2020\/?page_id=3660"},"modified":"2025-07-09T22:13:36","modified_gmt":"2025-07-09T22:13:36","slug":"maria-concepcion-matabanchoy","status":"publish","type":"page","link":"https:\/\/librosdeoro.cafam.com.co\/libro2020\/maria-concepcion-matabanchoy\/","title":{"rendered":"Mar\u00eda Concepci\u00f3n Matabanchoy"},"content":{"rendered":"\n<div class=\"wp-block-columns is-layout-flex wp-container-core-columns-is-layout-9d6595d7 wp-block-columns-is-layout-flex\">\n<div class=\"wp-block-column is-layout-flow wp-block-column-is-layout-flow\" style=\"flex-basis:33.33%\">\n<figure class=\"wp-block-image size-large\"><img loading=\"lazy\" decoding=\"async\" width=\"809\" height=\"1030\" src=\"https:\/\/librosdeoro.cafam.com.co\/libro2020\/wp-content\/uploads\/sites\/9\/2020\/06\/17\u00ba-2005-809x1030.jpg\" alt=\"\" class=\"wp-image-2596\" srcset=\"https:\/\/librosdeoro.cafam.com.co\/libro2020\/wp-content\/uploads\/sites\/9\/2020\/06\/17\u00ba-2005-809x1030.jpg 809w, https:\/\/librosdeoro.cafam.com.co\/libro2020\/wp-content\/uploads\/sites\/9\/2020\/06\/17\u00ba-2005-236x300.jpg 236w, https:\/\/librosdeoro.cafam.com.co\/libro2020\/wp-content\/uploads\/sites\/9\/2020\/06\/17\u00ba-2005-768x978.jpg 768w, https:\/\/librosdeoro.cafam.com.co\/libro2020\/wp-content\/uploads\/sites\/9\/2020\/06\/17\u00ba-2005-554x705.jpg 554w, https:\/\/librosdeoro.cafam.com.co\/libro2020\/wp-content\/uploads\/sites\/9\/2020\/06\/17\u00ba-2005.jpg 1000w\" sizes=\"auto, (max-width: 809px) 100vw, 809px\" \/><\/figure>\n<\/div>\n\n\n\n<div class=\"wp-block-column is-layout-flow wp-block-column-is-layout-flow\" style=\"flex-basis:66.66%\"><h2 class=\"wp-block-post-title\">Mar\u00eda Concepci\u00f3n Matabanchoy<\/h2>\n\n\n<p><strong>Preservaci\u00f3n<\/strong><\/p>\n\n\n\n<p>\u201cLa tierra no es una herencia de mis padres, sino un pr\u00e9stamo de nuestros hijos\u201d, aseveraci\u00f3n que resume su gesti\u00f3n ecol\u00f3gica en defensa de los recursos naturales en Nari\u00f1o y, en particular, para la conservaci\u00f3n de la laguna de la Cocha.<\/p>\n\n\n\n<div class=\"wp-block-buttons is-content-justification-center is-layout-flex wp-container-core-buttons-is-layout-16018d1d wp-block-buttons-is-layout-flex\">\n<div class=\"wp-block-button is-style-fill\" id=\"https:\/\/librosdeoro.cafam.com.co\/libro2020\/mujeres-cafam-1989-2019\/\"><a class=\"wp-block-button__link has-col-f-9-f-9-f-9-color has-col-a-0-bd-3-f-background-color has-text-color has-background has-link-color wp-element-button\" href=\"https:\/\/librosdeoro.cafam.com.co\/libro2020\/mujeres-cafam-1989-2019\/\" style=\"border-radius:16px\">Volver<\/a><\/div>\n<\/div>\n<\/div>\n<\/div>\n","protected":false},"excerpt":{"rendered":"<p>Preservaci\u00f3n \u201cLa tierra no es una herencia de mis padres, sino un pr\u00e9stamo de nuestros hijos\u201d, aseveraci\u00f3n que resume su gesti\u00f3n ecol\u00f3gica en defensa de los recursos naturales en Nari\u00f1o y, en particular, para la conservaci\u00f3n de la laguna de la Cocha.<\/p>\n","protected":false},"author":4,"featured_media":0,"parent":0,"menu_order":0,"comment_status":"closed","ping_status":"closed","template":"","meta":{"footnotes":""},"class_list":["post-3660","page","type-page","status-publish","hentry"],"yoast_head":"<!-- This site is optimized with the Yoast SEO plugin v23.1 - https:\/\/yoast.com\/wordpress\/plugins\/seo\/ -->\n<title>Mar\u00eda Concepci\u00f3n Matabanchoy - Libros de Oro 2020<\/title>\n<meta name=\"robots\" content=\"index, follow, max-snippet:-1, max-image-preview:large, max-video-preview:-1\" \/>\n<link rel=\"canonical\" href=\"https:\/\/librosdeoro.cafam.com.co\/libro2020\/maria-concepcion-matabanchoy\/\" \/>\n<meta property=\"og:locale\" content=\"es_ES\" \/>\n<meta property=\"og:type\" content=\"article\" \/>\n<meta property=\"og:title\" content=\"Mar\u00eda Concepci\u00f3n Matabanchoy - Libros de Oro 2020\" \/>\n<meta property=\"og:description\" content=\"Preservaci\u00f3n \u201cLa tierra no es una herencia de mis padres, sino un pr\u00e9stamo de nuestros hijos\u201d, aseveraci\u00f3n que resume su gesti\u00f3n ecol\u00f3gica en defensa de los recursos naturales en Nari\u00f1o y, en particular, para la conservaci\u00f3n de la laguna de la Cocha.\" \/>\n<meta property=\"og:url\" content=\"https:\/\/librosdeoro.cafam.com.co\/libro2020\/maria-concepcion-matabanchoy\/\" \/>\n<meta property=\"og:site_name\" content=\"Libros de Oro 2020\" \/>\n<meta name=\"twitter:card\" content=\"summary_large_image\" \/>\n<meta name=\"twitter:label1\" content=\"Tiempo de lectura\" \/>\n\t<meta name=\"twitter:data1\" content=\"1 minuto\" \/>\n<script type=\"application\/ld+json\" class=\"yoast-schema-graph\">{\"@context\":\"https:\/\/schema.org\",\"@graph\":[{\"@type\":\"WebPage\",\"@id\":\"https:\/\/librosdeoro.cafam.com.co\/libro2020\/maria-concepcion-matabanchoy\/\",\"url\":\"https:\/\/librosdeoro.cafam.com.co\/libro2020\/maria-concepcion-matabanchoy\/\",\"name\":\"Mar\u00eda Concepci\u00f3n Matabanchoy - Libros de Oro 2020\",\"isPartOf\":{\"@id\":\"https:\/\/librosdeoro.cafam.com.co\/libro2020\/#website\"},\"datePublished\":\"2025-07-09T22:13:36+00:00\",\"dateModified\":\"2025-07-09T22:13:36+00:00\",\"breadcrumb\":{\"@id\":\"https:\/\/librosdeoro.cafam.com.co\/libro2020\/maria-concepcion-matabanchoy\/#breadcrumb\"},\"inLanguage\":\"es-CO\",\"potentialAction\":[{\"@type\":\"ReadAction\",\"target\":[\"https:\/\/librosdeoro.cafam.com.co\/libro2020\/maria-concepcion-matabanchoy\/\"]}]},{\"@type\":\"BreadcrumbList\",\"@id\":\"https:\/\/librosdeoro.cafam.com.co\/libro2020\/maria-concepcion-matabanchoy\/#breadcrumb\",\"itemListElement\":[{\"@type\":\"ListItem\",\"position\":1,\"name\":\"Home\",\"item\":\"https:\/\/librosdeoro.cafam.com.co\/libro2020\/\"},{\"@type\":\"ListItem\",\"position\":2,\"name\":\"Mar\u00eda Concepci\u00f3n Matabanchoy\"}]},{\"@type\":\"WebSite\",\"@id\":\"https:\/\/librosdeoro.cafam.com.co\/libro2020\/#website\",\"url\":\"https:\/\/librosdeoro.cafam.com.co\/libro2020\/\",\"name\":\"Libros de Oro 2020\",\"description\":\"\",\"potentialAction\":[{\"@type\":\"SearchAction\",\"target\":{\"@type\":\"EntryPoint\",\"urlTemplate\":\"https:\/\/librosdeoro.cafam.com.co\/libro2020\/?s={search_term_string}\"},\"query-input\":\"required name=search_term_string\"}],\"inLanguage\":\"es-CO\"}]}<\/script>\n<!-- \/ Yoast SEO plugin. -->","yoast_head_json":{"title":"Mar\u00eda Concepci\u00f3n Matabanchoy - Libros de Oro 2020","robots":{"index":"index","follow":"follow","max-snippet":"max-snippet:-1","max-image-preview":"max-image-preview:large","max-video-preview":"max-video-preview:-1"},"canonical":"https:\/\/librosdeoro.cafam.com.co\/libro2020\/maria-concepcion-matabanchoy\/","og_locale":"es_ES","og_type":"article","og_title":"Mar\u00eda Concepci\u00f3n Matabanchoy - Libros de Oro 2020","og_description":"Preservaci\u00f3n \u201cLa tierra no es una herencia de mis padres, sino un pr\u00e9stamo de nuestros hijos\u201d, aseveraci\u00f3n que resume su gesti\u00f3n ecol\u00f3gica en defensa de los recursos naturales en Nari\u00f1o y, en particular, para la conservaci\u00f3n de la laguna de la Cocha.","og_url":"https:\/\/librosdeoro.cafam.com.co\/libro2020\/maria-concepcion-matabanchoy\/","og_site_name":"Libros de Oro 2020","twitter_card":"summary_large_image","twitter_misc":{"Tiempo de lectura":"1 minuto"},"schema":{"@context":"https:\/\/schema.org","@graph":[{"@type":"WebPage","@id":"https:\/\/librosdeoro.cafam.com.co\/libro2020\/maria-concepcion-matabanchoy\/","url":"https:\/\/librosdeoro.cafam.com.co\/libro2020\/maria-concepcion-matabanchoy\/","name":"Mar\u00eda Concepci\u00f3n Matabanchoy - Libros de Oro 2020","isPartOf":{"@id":"https:\/\/librosdeoro.cafam.com.co\/libro2020\/#website"},"datePublished":"2025-07-09T22:13:36+00:00","dateModified":"2025-07-09T22:13:36+00:00","breadcrumb":{"@id":"https:\/\/librosdeoro.cafam.com.co\/libro2020\/maria-concepcion-matabanchoy\/#breadcrumb"},"inLanguage":"es-CO","potentialAction":[{"@type":"ReadAction","target":["https:\/\/librosdeoro.cafam.com.co\/libro2020\/maria-concepcion-matabanchoy\/"]}]},{"@type":"BreadcrumbList","@id":"https:\/\/librosdeoro.cafam.com.co\/libro2020\/maria-concepcion-matabanchoy\/#breadcrumb","itemListElement":[{"@type":"ListItem","position":1,"name":"Home","item":"https:\/\/librosdeoro.cafam.com.co\/libro2020\/"},{"@type":"ListItem","position":2,"name":"Mar\u00eda Concepci\u00f3n Matabanchoy"}]},{"@type":"WebSite","@id":"https:\/\/librosdeoro.cafam.com.co\/libro2020\/#website","url":"https:\/\/librosdeoro.cafam.com.co\/libro2020\/","name":"Libros de Oro 2020","description":"","potentialAction":[{"@type":"SearchAction","target":{"@type":"EntryPoint","urlTemplate":"https:\/\/librosdeoro.cafam.com.co\/libro2020\/?s={search_term_string}"},"query-input":"required name=search_term_string"}],"inLanguage":"es-CO"}]}},"_links":{"self":[{"href":"https:\/\/librosdeoro.cafam.com.co\/libro2020\/wp-json\/wp\/v2\/pages\/3660","targetHints":{"allow":["GET"]}}],"collection":[{"href":"https:\/\/librosdeoro.cafam.com.co\/libro2020\/wp-json\/wp\/v2\/pages"}],"about":[{"href":"https:\/\/librosdeoro.cafam.com.co\/libro2020\/wp-json\/wp\/v2\/types\/page"}],"author":[{"embeddable":true,"href":"https:\/\/librosdeoro.cafam.com.co\/libro2020\/wp-json\/wp\/v2\/users\/4"}],"replies":[{"embeddable":true,"href":"https:\/\/librosdeoro.cafam.com.co\/libro2020\/wp-json\/wp\/v2\/comments?post=3660"}],"version-history":[{"count":1,"href":"https:\/\/librosdeoro.cafam.com.co\/libro2020\/wp-json\/wp\/v2\/pages\/3660\/revisions"}],"predecessor-version":[{"id":3664,"href":"https:\/\/librosdeoro.cafam.com.co\/libro2020\/wp-json\/wp\/v2\/pages\/3660\/revisions\/3664"}],"wp:attachment":[{"href":"https:\/\/librosdeoro.cafam.com.co\/libro2020\/wp-json\/wp\/v2\/media?parent=3660"}],"curies":[{"name":"wp","href":"https:\/\/api.w.org\/{rel}","templated":true}]}}

María Concepción Matabanchoy

<div class="wp-block-columns is-layout-flex wp-container-core-columns-is-layout-9d6595d7 wp-block-columns-is-layout-flex">
<div class="wp-block-column is-layout-flow wp-block-column-is-layout-flow" style="flex-basis:33.33%">
<figure class="wp-block-image size-large"><img loading="lazy" decoding="async" width="809" height="1030" src="https://librosdeoro.cafam.com.co/libro2020/wp-content/uploads/sites/9/2020/06/17º-2005-809x1030.jpg" alt="" class="wp-image-2596" srcset="https://librosdeoro.cafam.com.co/libro2020/wp-content/uploads/sites/9/2020/06/17º-2005-809x1030.jpg 809w, https://librosdeoro.cafam.com.co/libro2020/wp-content/uploads/sites/9/2020/06/17º-2005-236x300.jpg 236w, https://librosdeoro.cafam.com.co/libro2020/wp-content/uploads/sites/9/2020/06/17º-2005-768x978.jpg 768w, https://librosdeoro.cafam.com.co/libro2020/wp-content/uploads/sites/9/2020/06/17º-2005-554x705.jpg 554w, https://librosdeoro.cafam.com.co/libro2020/wp-content/uploads/sites/9/2020/06/17º-2005.jpg 1000w" sizes="auto, (max-width: 809px) 100vw, 809px" /></figure>
</div>



<div class="wp-block-column is-layout-flow wp-block-column-is-layout-flow" style="flex-basis:66.66%"><h2 class="wp-block-post-title">María Concepción Matabanchoy</h2>


<p><strong>Preservación</strong></p>



<p>“La tierra no es una herencia de mis padres, sino un préstamo de nuestros hijos”, aseveración que resume su gestión ecológica en defensa de los recursos naturales en Nariño y, en particular, para la conservación de la laguna de la Cocha.</p>



<div class="wp-block-buttons is-content-justification-center is-layout-flex wp-container-core-buttons-is-layout-16018d1d wp-block-buttons-is-layout-flex">
<div class="wp-block-button is-style-fill" id="https://librosdeoro.cafam.com.co/libro2020/mujeres-cafam-1989-2019/"><a class="wp-block-button__link has-col-f-9-f-9-f-9-color has-col-a-0-bd-3-f-background-color has-text-color has-background has-link-color wp-element-button" href="https://librosdeoro.cafam.com.co/libro2020/mujeres-cafam-1989-2019/" style="border-radius:16px">Volver</a></div>
</div>
</div>
</div>

<p>Preservación “La tierra no es una herencia de mis padres, sino un préstamo de nuestros hijos”, aseveración que resume su gestión ecológica en defensa de los recursos naturales en Nariño y, en particular, para la conservación de la laguna de la Cocha.</p>

<!-- This site is optimized with the Yoast SEO plugin v23.1 - https://yoast.com/wordpress/plugins/seo/ -->
<title>María Concepción Matabanchoy - Libros de Oro 2020</title>
<meta name="robots" content="index, follow, max-snippet:-1, max-image-preview:large, max-video-preview:-1" />
<link rel="canonical" href="https://librosdeoro.cafam.com.co/libro2020/maria-concepcion-matabanchoy/" />
<meta property="og:locale" content="es_ES" />
<meta property="og:type" content="article" />
<meta property="og:title" content="María Concepción Matabanchoy - Libros de Oro 2020" />
<meta property="og:description" content="Preservación “La tierra no es una herencia de mis padres, sino un préstamo de nuestros hijos”, aseveración que resume su gestión ecológica en defensa de los recursos naturales en Nariño y, en particular, para la conservación de la laguna de la Cocha." />
<meta property="og:url" content="https://librosdeoro.cafam.com.co/libro2020/maria-concepcion-matabanchoy/" />
<meta property="og:site_name" content="Libros de Oro 2020" />
<meta name="twitter:card" content="summary_large_image" />
<meta name="twitter:label1" content="Tiempo de lectura" />
	<meta name="twitter:data1" content="1 minuto" />
<script type="application/ld+json" class="yoast-schema-graph">{"@context":"https://schema.org","@graph":[{"@type":"WebPage","@id":"https://librosdeoro.cafam.com.co/libro2020/maria-concepcion-matabanchoy/","url":"https://librosdeoro.cafam.com.co/libro2020/maria-concepcion-matabanchoy/","name":"María Concepción Matabanchoy - Libros de Oro 2020","isPartOf":{"@id":"https://librosdeoro.cafam.com.co/libro2020/#website"},"datePublished":"2025-07-09T22:13:36+00:00","dateModified":"2025-07-09T22:13:36+00:00","breadcrumb":{"@id":"https://librosdeoro.cafam.com.co/libro2020/maria-concepcion-matabanchoy/#breadcrumb"},"inLanguage":"es-CO","potentialAction":[{"@type":"ReadAction","target":["https://librosdeoro.cafam.com.co/libro2020/maria-concepcion-matabanchoy/"]}]},{"@type":"BreadcrumbList","@id":"https://librosdeoro.cafam.com.co/libro2020/maria-concepcion-matabanchoy/#breadcrumb","itemListElement":[{"@type":"ListItem","position":1,"name":"Home","item":"https://librosdeoro.cafam.com.co/libro2020/"},{"@type":"ListItem","position":2,"name":"María Concepción Matabanchoy"}]},{"@type":"WebSite","@id":"https://librosdeoro.cafam.com.co/libro2020/#website","url":"https://librosdeoro.cafam.com.co/libro2020/","name":"Libros de Oro 2020","description":"","potentialAction":[{"@type":"SearchAction","target":{"@type":"EntryPoint","urlTemplate":"https://librosdeoro.cafam.com.co/libro2020/?s={search_term_string}"},"query-input":"required name=search_term_string"}],"inLanguage":"es-CO"}]}</script>
<!-- / Yoast SEO plugin. -->

María Concepción Matabanchoy - Libros de Oro 2020

Preservación “La tierra no es una herencia de mis padres, sino un préstamo de nuestros hijos”, aseveración que resume su gestión ecológica en defensa de los recursos naturales en Nariño y, en particular, para la conservación de la laguna de la Cocha.
