{"id":3658,"date":"2025-07-09T22:05:02","date_gmt":"2025-07-09T22:05:02","guid":{"rendered":"https:\/\/librosdeoro.cafam.com.co\/libro2020\/?page_id=3658"},"modified":"2025-07-09T22:05:03","modified_gmt":"2025-07-09T22:05:03","slug":"maria-eugenia-zabala-viuda-de-polo","status":"publish","type":"page","link":"https:\/\/librosdeoro.cafam.com.co\/libro2020\/maria-eugenia-zabala-viuda-de-polo\/","title":{"rendered":"Mar\u00eda Eugenia Z\u00e1bala viuda de Polo"},"content":{"rendered":"\n<div class=\"wp-block-columns is-layout-flex wp-container-core-columns-is-layout-9d6595d7 wp-block-columns-is-layout-flex\">\n<div class=\"wp-block-column is-layout-flow wp-block-column-is-layout-flow\" style=\"flex-basis:33.33%\">\n<figure class=\"wp-block-image size-large\"><img loading=\"lazy\" decoding=\"async\" width=\"809\" height=\"1030\" src=\"https:\/\/librosdeoro.cafam.com.co\/libro2020\/wp-content\/uploads\/sites\/9\/2020\/06\/16\u00ba-2004-809x1030.jpg\" alt=\"\" class=\"wp-image-2597\" srcset=\"https:\/\/librosdeoro.cafam.com.co\/libro2020\/wp-content\/uploads\/sites\/9\/2020\/06\/16\u00ba-2004-809x1030.jpg 809w, https:\/\/librosdeoro.cafam.com.co\/libro2020\/wp-content\/uploads\/sites\/9\/2020\/06\/16\u00ba-2004-236x300.jpg 236w, https:\/\/librosdeoro.cafam.com.co\/libro2020\/wp-content\/uploads\/sites\/9\/2020\/06\/16\u00ba-2004-768x978.jpg 768w, https:\/\/librosdeoro.cafam.com.co\/libro2020\/wp-content\/uploads\/sites\/9\/2020\/06\/16\u00ba-2004-554x705.jpg 554w, https:\/\/librosdeoro.cafam.com.co\/libro2020\/wp-content\/uploads\/sites\/9\/2020\/06\/16\u00ba-2004.jpg 1000w\" sizes=\"auto, (max-width: 809px) 100vw, 809px\" \/><\/figure>\n<\/div>\n\n\n\n<div class=\"wp-block-column is-layout-flow wp-block-column-is-layout-flow\" style=\"flex-basis:66.66%\"><h2 class=\"wp-block-post-title\">Mar\u00eda Eugenia Z\u00e1bala viuda de Polo<\/h2>\n\n\n<p><strong>Liderazgo<\/strong><\/p>\n\n\n\n<p>Como v\u00edctima de la violencia tuvo que abandonar su tierra en C\u00f3rdoba, se march\u00f3 a la ciudad de Monter\u00eda donde se capacit\u00f3, despu\u00e9s regres\u00f3 a cultivar la tierra y a liderar a un grupo de mujeres cabeza de familia.<\/p>\n\n\n\n<div class=\"wp-block-buttons is-content-justification-center is-layout-flex wp-container-core-buttons-is-layout-16018d1d wp-block-buttons-is-layout-flex\">\n<div class=\"wp-block-button is-style-fill\" id=\"https:\/\/librosdeoro.cafam.com.co\/libro2020\/mujeres-cafam-1989-2019\/\"><a class=\"wp-block-button__link has-col-f-9-f-9-f-9-color has-col-a-0-bd-3-f-background-color has-text-color has-background has-link-color wp-element-button\" href=\"https:\/\/librosdeoro.cafam.com.co\/libro2020\/mujeres-cafam-1989-2019\/\" style=\"border-radius:16px\">Volver<\/a><\/div>\n<\/div>\n<\/div>\n<\/div>\n","protected":false},"excerpt":{"rendered":"<p>Liderazgo Como v\u00edctima de la violencia tuvo que abandonar su tierra en C\u00f3rdoba, se march\u00f3 a la ciudad de Monter\u00eda donde se capacit\u00f3, despu\u00e9s regres\u00f3 a cultivar la tierra y a liderar a un grupo de mujeres cabeza de familia.<\/p>\n","protected":false},"author":4,"featured_media":0,"parent":0,"menu_order":0,"comment_status":"closed","ping_status":"closed","template":"","meta":{"footnotes":""},"class_list":["post-3658","page","type-page","status-publish","hentry"],"yoast_head":"<!-- This site is optimized with the Yoast SEO plugin v23.1 - https:\/\/yoast.com\/wordpress\/plugins\/seo\/ -->\n<title>Mar\u00eda Eugenia Z\u00e1bala viuda de Polo - Libros de Oro 2020<\/title>\n<meta name=\"robots\" content=\"index, follow, max-snippet:-1, max-image-preview:large, max-video-preview:-1\" \/>\n<link rel=\"canonical\" href=\"https:\/\/librosdeoro.cafam.com.co\/libro2020\/maria-eugenia-zabala-viuda-de-polo\/\" \/>\n<meta property=\"og:locale\" content=\"es_ES\" \/>\n<meta property=\"og:type\" content=\"article\" \/>\n<meta property=\"og:title\" content=\"Mar\u00eda Eugenia Z\u00e1bala viuda de Polo - Libros de Oro 2020\" \/>\n<meta property=\"og:description\" content=\"Liderazgo Como v\u00edctima de la violencia tuvo que abandonar su tierra en C\u00f3rdoba, se march\u00f3 a la ciudad de Monter\u00eda donde se capacit\u00f3, despu\u00e9s regres\u00f3 a cultivar la tierra y a liderar a un grupo de mujeres cabeza de familia.\" \/>\n<meta property=\"og:url\" content=\"https:\/\/librosdeoro.cafam.com.co\/libro2020\/maria-eugenia-zabala-viuda-de-polo\/\" \/>\n<meta property=\"og:site_name\" content=\"Libros de Oro 2020\" \/>\n<meta property=\"article:modified_time\" content=\"2025-07-09T22:05:03+00:00\" \/>\n<meta name=\"twitter:card\" content=\"summary_large_image\" \/>\n<meta name=\"twitter:label1\" content=\"Tiempo de lectura\" \/>\n\t<meta name=\"twitter:data1\" content=\"1 minuto\" \/>\n<script type=\"application\/ld+json\" class=\"yoast-schema-graph\">{\"@context\":\"https:\/\/schema.org\",\"@graph\":[{\"@type\":\"WebPage\",\"@id\":\"https:\/\/librosdeoro.cafam.com.co\/libro2020\/maria-eugenia-zabala-viuda-de-polo\/\",\"url\":\"https:\/\/librosdeoro.cafam.com.co\/libro2020\/maria-eugenia-zabala-viuda-de-polo\/\",\"name\":\"Mar\u00eda Eugenia Z\u00e1bala viuda de Polo - Libros de Oro 2020\",\"isPartOf\":{\"@id\":\"https:\/\/librosdeoro.cafam.com.co\/libro2020\/#website\"},\"datePublished\":\"2025-07-09T22:05:02+00:00\",\"dateModified\":\"2025-07-09T22:05:03+00:00\",\"breadcrumb\":{\"@id\":\"https:\/\/librosdeoro.cafam.com.co\/libro2020\/maria-eugenia-zabala-viuda-de-polo\/#breadcrumb\"},\"inLanguage\":\"es-CO\",\"potentialAction\":[{\"@type\":\"ReadAction\",\"target\":[\"https:\/\/librosdeoro.cafam.com.co\/libro2020\/maria-eugenia-zabala-viuda-de-polo\/\"]}]},{\"@type\":\"BreadcrumbList\",\"@id\":\"https:\/\/librosdeoro.cafam.com.co\/libro2020\/maria-eugenia-zabala-viuda-de-polo\/#breadcrumb\",\"itemListElement\":[{\"@type\":\"ListItem\",\"position\":1,\"name\":\"Home\",\"item\":\"https:\/\/librosdeoro.cafam.com.co\/libro2020\/\"},{\"@type\":\"ListItem\",\"position\":2,\"name\":\"Mar\u00eda Eugenia Z\u00e1bala viuda de Polo\"}]},{\"@type\":\"WebSite\",\"@id\":\"https:\/\/librosdeoro.cafam.com.co\/libro2020\/#website\",\"url\":\"https:\/\/librosdeoro.cafam.com.co\/libro2020\/\",\"name\":\"Libros de Oro 2020\",\"description\":\"\",\"potentialAction\":[{\"@type\":\"SearchAction\",\"target\":{\"@type\":\"EntryPoint\",\"urlTemplate\":\"https:\/\/librosdeoro.cafam.com.co\/libro2020\/?s={search_term_string}\"},\"query-input\":\"required name=search_term_string\"}],\"inLanguage\":\"es-CO\"}]}<\/script>\n<!-- \/ Yoast SEO plugin. -->","yoast_head_json":{"title":"Mar\u00eda Eugenia Z\u00e1bala viuda de Polo - Libros de Oro 2020","robots":{"index":"index","follow":"follow","max-snippet":"max-snippet:-1","max-image-preview":"max-image-preview:large","max-video-preview":"max-video-preview:-1"},"canonical":"https:\/\/librosdeoro.cafam.com.co\/libro2020\/maria-eugenia-zabala-viuda-de-polo\/","og_locale":"es_ES","og_type":"article","og_title":"Mar\u00eda Eugenia Z\u00e1bala viuda de Polo - Libros de Oro 2020","og_description":"Liderazgo Como v\u00edctima de la violencia tuvo que abandonar su tierra en C\u00f3rdoba, se march\u00f3 a la ciudad de Monter\u00eda donde se capacit\u00f3, despu\u00e9s regres\u00f3 a cultivar la tierra y a liderar a un grupo de mujeres cabeza de familia.","og_url":"https:\/\/librosdeoro.cafam.com.co\/libro2020\/maria-eugenia-zabala-viuda-de-polo\/","og_site_name":"Libros de Oro 2020","article_modified_time":"2025-07-09T22:05:03+00:00","twitter_card":"summary_large_image","twitter_misc":{"Tiempo de lectura":"1 minuto"},"schema":{"@context":"https:\/\/schema.org","@graph":[{"@type":"WebPage","@id":"https:\/\/librosdeoro.cafam.com.co\/libro2020\/maria-eugenia-zabala-viuda-de-polo\/","url":"https:\/\/librosdeoro.cafam.com.co\/libro2020\/maria-eugenia-zabala-viuda-de-polo\/","name":"Mar\u00eda Eugenia Z\u00e1bala viuda de Polo - Libros de Oro 2020","isPartOf":{"@id":"https:\/\/librosdeoro.cafam.com.co\/libro2020\/#website"},"datePublished":"2025-07-09T22:05:02+00:00","dateModified":"2025-07-09T22:05:03+00:00","breadcrumb":{"@id":"https:\/\/librosdeoro.cafam.com.co\/libro2020\/maria-eugenia-zabala-viuda-de-polo\/#breadcrumb"},"inLanguage":"es-CO","potentialAction":[{"@type":"ReadAction","target":["https:\/\/librosdeoro.cafam.com.co\/libro2020\/maria-eugenia-zabala-viuda-de-polo\/"]}]},{"@type":"BreadcrumbList","@id":"https:\/\/librosdeoro.cafam.com.co\/libro2020\/maria-eugenia-zabala-viuda-de-polo\/#breadcrumb","itemListElement":[{"@type":"ListItem","position":1,"name":"Home","item":"https:\/\/librosdeoro.cafam.com.co\/libro2020\/"},{"@type":"ListItem","position":2,"name":"Mar\u00eda Eugenia Z\u00e1bala viuda de Polo"}]},{"@type":"WebSite","@id":"https:\/\/librosdeoro.cafam.com.co\/libro2020\/#website","url":"https:\/\/librosdeoro.cafam.com.co\/libro2020\/","name":"Libros de Oro 2020","description":"","potentialAction":[{"@type":"SearchAction","target":{"@type":"EntryPoint","urlTemplate":"https:\/\/librosdeoro.cafam.com.co\/libro2020\/?s={search_term_string}"},"query-input":"required name=search_term_string"}],"inLanguage":"es-CO"}]}},"_links":{"self":[{"href":"https:\/\/librosdeoro.cafam.com.co\/libro2020\/wp-json\/wp\/v2\/pages\/3658","targetHints":{"allow":["GET"]}}],"collection":[{"href":"https:\/\/librosdeoro.cafam.com.co\/libro2020\/wp-json\/wp\/v2\/pages"}],"about":[{"href":"https:\/\/librosdeoro.cafam.com.co\/libro2020\/wp-json\/wp\/v2\/types\/page"}],"author":[{"embeddable":true,"href":"https:\/\/librosdeoro.cafam.com.co\/libro2020\/wp-json\/wp\/v2\/users\/4"}],"replies":[{"embeddable":true,"href":"https:\/\/librosdeoro.cafam.com.co\/libro2020\/wp-json\/wp\/v2\/comments?post=3658"}],"version-history":[{"count":1,"href":"https:\/\/librosdeoro.cafam.com.co\/libro2020\/wp-json\/wp\/v2\/pages\/3658\/revisions"}],"predecessor-version":[{"id":3659,"href":"https:\/\/librosdeoro.cafam.com.co\/libro2020\/wp-json\/wp\/v2\/pages\/3658\/revisions\/3659"}],"wp:attachment":[{"href":"https:\/\/librosdeoro.cafam.com.co\/libro2020\/wp-json\/wp\/v2\/media?parent=3658"}],"curies":[{"name":"wp","href":"https:\/\/api.w.org\/{rel}","templated":true}]}}

María Eugenia Zábala viuda de Polo

<div class="wp-block-columns is-layout-flex wp-container-core-columns-is-layout-9d6595d7 wp-block-columns-is-layout-flex">
<div class="wp-block-column is-layout-flow wp-block-column-is-layout-flow" style="flex-basis:33.33%">
<figure class="wp-block-image size-large"><img loading="lazy" decoding="async" width="809" height="1030" src="https://librosdeoro.cafam.com.co/libro2020/wp-content/uploads/sites/9/2020/06/16º-2004-809x1030.jpg" alt="" class="wp-image-2597" srcset="https://librosdeoro.cafam.com.co/libro2020/wp-content/uploads/sites/9/2020/06/16º-2004-809x1030.jpg 809w, https://librosdeoro.cafam.com.co/libro2020/wp-content/uploads/sites/9/2020/06/16º-2004-236x300.jpg 236w, https://librosdeoro.cafam.com.co/libro2020/wp-content/uploads/sites/9/2020/06/16º-2004-768x978.jpg 768w, https://librosdeoro.cafam.com.co/libro2020/wp-content/uploads/sites/9/2020/06/16º-2004-554x705.jpg 554w, https://librosdeoro.cafam.com.co/libro2020/wp-content/uploads/sites/9/2020/06/16º-2004.jpg 1000w" sizes="auto, (max-width: 809px) 100vw, 809px" /></figure>
</div>



<div class="wp-block-column is-layout-flow wp-block-column-is-layout-flow" style="flex-basis:66.66%"><h2 class="wp-block-post-title">María Eugenia Zábala viuda de Polo</h2>


<p><strong>Liderazgo</strong></p>



<p>Como víctima de la violencia tuvo que abandonar su tierra en Córdoba, se marchó a la ciudad de Montería donde se capacitó, después regresó a cultivar la tierra y a liderar a un grupo de mujeres cabeza de familia.</p>



<div class="wp-block-buttons is-content-justification-center is-layout-flex wp-container-core-buttons-is-layout-16018d1d wp-block-buttons-is-layout-flex">
<div class="wp-block-button is-style-fill" id="https://librosdeoro.cafam.com.co/libro2020/mujeres-cafam-1989-2019/"><a class="wp-block-button__link has-col-f-9-f-9-f-9-color has-col-a-0-bd-3-f-background-color has-text-color has-background has-link-color wp-element-button" href="https://librosdeoro.cafam.com.co/libro2020/mujeres-cafam-1989-2019/" style="border-radius:16px">Volver</a></div>
</div>
</div>
</div>

<p>Liderazgo Como víctima de la violencia tuvo que abandonar su tierra en Córdoba, se marchó a la ciudad de Montería donde se capacitó, después regresó a cultivar la tierra y a liderar a un grupo de mujeres cabeza de familia.</p>

<!-- This site is optimized with the Yoast SEO plugin v23.1 - https://yoast.com/wordpress/plugins/seo/ -->
<title>María Eugenia Zábala viuda de Polo - Libros de Oro 2020</title>
<meta name="robots" content="index, follow, max-snippet:-1, max-image-preview:large, max-video-preview:-1" />
<link rel="canonical" href="https://librosdeoro.cafam.com.co/libro2020/maria-eugenia-zabala-viuda-de-polo/" />
<meta property="og:locale" content="es_ES" />
<meta property="og:type" content="article" />
<meta property="og:title" content="María Eugenia Zábala viuda de Polo - Libros de Oro 2020" />
<meta property="og:description" content="Liderazgo Como víctima de la violencia tuvo que abandonar su tierra en Córdoba, se marchó a la ciudad de Montería donde se capacitó, después regresó a cultivar la tierra y a liderar a un grupo de mujeres cabeza de familia." />
<meta property="og:url" content="https://librosdeoro.cafam.com.co/libro2020/maria-eugenia-zabala-viuda-de-polo/" />
<meta property="og:site_name" content="Libros de Oro 2020" />
<meta property="article:modified_time" content="2025-07-09T22:05:03+00:00" />
<meta name="twitter:card" content="summary_large_image" />
<meta name="twitter:label1" content="Tiempo de lectura" />
	<meta name="twitter:data1" content="1 minuto" />
<script type="application/ld+json" class="yoast-schema-graph">{"@context":"https://schema.org","@graph":[{"@type":"WebPage","@id":"https://librosdeoro.cafam.com.co/libro2020/maria-eugenia-zabala-viuda-de-polo/","url":"https://librosdeoro.cafam.com.co/libro2020/maria-eugenia-zabala-viuda-de-polo/","name":"María Eugenia Zábala viuda de Polo - Libros de Oro 2020","isPartOf":{"@id":"https://librosdeoro.cafam.com.co/libro2020/#website"},"datePublished":"2025-07-09T22:05:02+00:00","dateModified":"2025-07-09T22:05:03+00:00","breadcrumb":{"@id":"https://librosdeoro.cafam.com.co/libro2020/maria-eugenia-zabala-viuda-de-polo/#breadcrumb"},"inLanguage":"es-CO","potentialAction":[{"@type":"ReadAction","target":["https://librosdeoro.cafam.com.co/libro2020/maria-eugenia-zabala-viuda-de-polo/"]}]},{"@type":"BreadcrumbList","@id":"https://librosdeoro.cafam.com.co/libro2020/maria-eugenia-zabala-viuda-de-polo/#breadcrumb","itemListElement":[{"@type":"ListItem","position":1,"name":"Home","item":"https://librosdeoro.cafam.com.co/libro2020/"},{"@type":"ListItem","position":2,"name":"María Eugenia Zábala viuda de Polo"}]},{"@type":"WebSite","@id":"https://librosdeoro.cafam.com.co/libro2020/#website","url":"https://librosdeoro.cafam.com.co/libro2020/","name":"Libros de Oro 2020","description":"","potentialAction":[{"@type":"SearchAction","target":{"@type":"EntryPoint","urlTemplate":"https://librosdeoro.cafam.com.co/libro2020/?s={search_term_string}"},"query-input":"required name=search_term_string"}],"inLanguage":"es-CO"}]}</script>
<!-- / Yoast SEO plugin. -->

María Eugenia Zábala viuda de Polo - Libros de Oro 2020

Liderazgo Como víctima de la violencia tuvo que abandonar su tierra en Córdoba, se marchó a la ciudad de Montería donde se capacitó, después regresó a cultivar la tierra y a liderar a un grupo de mujeres cabeza de familia.
