{"id":3632,"date":"2025-07-09T16:36:32","date_gmt":"2025-07-09T16:36:32","guid":{"rendered":"https:\/\/librosdeoro.cafam.com.co\/libro2020\/?page_id=3632"},"modified":"2025-07-09T16:36:32","modified_gmt":"2025-07-09T16:36:32","slug":"hermana-susana-rodriguez-pena-q-e-p-d","status":"publish","type":"page","link":"https:\/\/librosdeoro.cafam.com.co\/libro2020\/hermana-susana-rodriguez-pena-q-e-p-d\/","title":{"rendered":"Hermana Susana Rodr\u00edguez Pe\u00f1a (q.e.p.d.)"},"content":{"rendered":"\n<div class=\"wp-block-columns is-layout-flex wp-container-core-columns-is-layout-9d6595d7 wp-block-columns-is-layout-flex\">\n<div class=\"wp-block-column is-layout-flow wp-block-column-is-layout-flow\" style=\"flex-basis:33.33%\">\n<figure class=\"wp-block-image size-large\"><img loading=\"lazy\" decoding=\"async\" width=\"809\" height=\"1030\" src=\"https:\/\/librosdeoro.cafam.com.co\/libro2020\/wp-content\/uploads\/sites\/9\/2020\/06\/3\u00ba-1991-1-809x1030.jpg\" alt=\"\" class=\"wp-image-2571\" srcset=\"https:\/\/librosdeoro.cafam.com.co\/libro2020\/wp-content\/uploads\/sites\/9\/2020\/06\/3\u00ba-1991-1-809x1030.jpg 809w, https:\/\/librosdeoro.cafam.com.co\/libro2020\/wp-content\/uploads\/sites\/9\/2020\/06\/3\u00ba-1991-1-236x300.jpg 236w, https:\/\/librosdeoro.cafam.com.co\/libro2020\/wp-content\/uploads\/sites\/9\/2020\/06\/3\u00ba-1991-1-768x978.jpg 768w, https:\/\/librosdeoro.cafam.com.co\/libro2020\/wp-content\/uploads\/sites\/9\/2020\/06\/3\u00ba-1991-1-554x705.jpg 554w, https:\/\/librosdeoro.cafam.com.co\/libro2020\/wp-content\/uploads\/sites\/9\/2020\/06\/3\u00ba-1991-1.jpg 1000w\" sizes=\"auto, (max-width: 809px) 100vw, 809px\" \/><\/figure>\n<\/div>\n\n\n\n<div class=\"wp-block-column is-layout-flow wp-block-column-is-layout-flow\" style=\"flex-basis:66.66%\"><h2 class=\"wp-block-post-title\">Hermana Susana Rodr\u00edguez Pe\u00f1a (q.e.p.d.)<\/h2>\n\n\n<p><strong>Est\u00edmulo<\/strong><\/p>\n\n\n\n<p>Era invidente, pero su esp\u00edritu siempre irradi\u00f3 luz. A trav\u00e9s de la radio motiv\u00f3 a la solidaridad y estimul\u00f3 la vida de ancianos, enfermos y limitados f\u00edsicos. Su obra, Camisur, Corporaci\u00f3n de Misioneros, agrupa a enfermos cr\u00f3nicos y f\u00edsicamente limitados.<\/p>\n\n\n\n<div class=\"wp-block-buttons is-content-justification-center is-layout-flex wp-container-core-buttons-is-layout-16018d1d wp-block-buttons-is-layout-flex\">\n<div class=\"wp-block-button is-style-fill\" id=\"https:\/\/librosdeoro.cafam.com.co\/libro2020\/mujeres-cafam-1989-2019\/\"><a class=\"wp-block-button__link has-col-f-9-f-9-f-9-color has-col-a-0-bd-3-f-background-color has-text-color has-background has-link-color wp-element-button\" href=\"https:\/\/librosdeoro.cafam.com.co\/libro2020\/mujeres-cafam-1989-2019\/\" style=\"border-radius:16px\">Volver<\/a><\/div>\n<\/div>\n<\/div>\n<\/div>\n","protected":false},"excerpt":{"rendered":"<p>Est\u00edmulo Era invidente, pero su esp\u00edritu siempre irradi\u00f3 luz. A trav\u00e9s de la radio motiv\u00f3 a la solidaridad y estimul\u00f3 la vida de ancianos, enfermos y limitados f\u00edsicos. Su obra, Camisur, Corporaci\u00f3n de Misioneros, agrupa a enfermos cr\u00f3nicos y f\u00edsicamente limitados.<\/p>\n","protected":false},"author":4,"featured_media":0,"parent":0,"menu_order":0,"comment_status":"closed","ping_status":"closed","template":"","meta":{"footnotes":""},"class_list":["post-3632","page","type-page","status-publish","hentry"],"yoast_head":"<!-- This site is optimized with the Yoast SEO plugin v23.1 - https:\/\/yoast.com\/wordpress\/plugins\/seo\/ -->\n<title>Hermana Susana Rodr\u00edguez Pe\u00f1a (q.e.p.d.) - Libros de Oro 2020<\/title>\n<meta name=\"robots\" content=\"index, follow, max-snippet:-1, max-image-preview:large, max-video-preview:-1\" \/>\n<link rel=\"canonical\" href=\"https:\/\/librosdeoro.cafam.com.co\/libro2020\/hermana-susana-rodriguez-pena-q-e-p-d\/\" \/>\n<meta property=\"og:locale\" content=\"es_ES\" \/>\n<meta property=\"og:type\" content=\"article\" \/>\n<meta property=\"og:title\" content=\"Hermana Susana Rodr\u00edguez Pe\u00f1a (q.e.p.d.) - Libros de Oro 2020\" \/>\n<meta property=\"og:description\" content=\"Est\u00edmulo Era invidente, pero su esp\u00edritu siempre irradi\u00f3 luz. A trav\u00e9s de la radio motiv\u00f3 a la solidaridad y estimul\u00f3 la vida de ancianos, enfermos y limitados f\u00edsicos. Su obra, Camisur, Corporaci\u00f3n de Misioneros, agrupa a enfermos cr\u00f3nicos y f\u00edsicamente limitados.\" \/>\n<meta property=\"og:url\" content=\"https:\/\/librosdeoro.cafam.com.co\/libro2020\/hermana-susana-rodriguez-pena-q-e-p-d\/\" \/>\n<meta property=\"og:site_name\" content=\"Libros de Oro 2020\" \/>\n<meta name=\"twitter:card\" content=\"summary_large_image\" \/>\n<meta name=\"twitter:label1\" content=\"Tiempo de lectura\" \/>\n\t<meta name=\"twitter:data1\" content=\"1 minuto\" \/>\n<script type=\"application\/ld+json\" class=\"yoast-schema-graph\">{\"@context\":\"https:\/\/schema.org\",\"@graph\":[{\"@type\":\"WebPage\",\"@id\":\"https:\/\/librosdeoro.cafam.com.co\/libro2020\/hermana-susana-rodriguez-pena-q-e-p-d\/\",\"url\":\"https:\/\/librosdeoro.cafam.com.co\/libro2020\/hermana-susana-rodriguez-pena-q-e-p-d\/\",\"name\":\"Hermana Susana Rodr\u00edguez Pe\u00f1a (q.e.p.d.) - Libros de Oro 2020\",\"isPartOf\":{\"@id\":\"https:\/\/librosdeoro.cafam.com.co\/libro2020\/#website\"},\"datePublished\":\"2025-07-09T16:36:32+00:00\",\"dateModified\":\"2025-07-09T16:36:32+00:00\",\"breadcrumb\":{\"@id\":\"https:\/\/librosdeoro.cafam.com.co\/libro2020\/hermana-susana-rodriguez-pena-q-e-p-d\/#breadcrumb\"},\"inLanguage\":\"es-CO\",\"potentialAction\":[{\"@type\":\"ReadAction\",\"target\":[\"https:\/\/librosdeoro.cafam.com.co\/libro2020\/hermana-susana-rodriguez-pena-q-e-p-d\/\"]}]},{\"@type\":\"BreadcrumbList\",\"@id\":\"https:\/\/librosdeoro.cafam.com.co\/libro2020\/hermana-susana-rodriguez-pena-q-e-p-d\/#breadcrumb\",\"itemListElement\":[{\"@type\":\"ListItem\",\"position\":1,\"name\":\"Home\",\"item\":\"https:\/\/librosdeoro.cafam.com.co\/libro2020\/\"},{\"@type\":\"ListItem\",\"position\":2,\"name\":\"Hermana Susana Rodr\u00edguez Pe\u00f1a (q.e.p.d.)\"}]},{\"@type\":\"WebSite\",\"@id\":\"https:\/\/librosdeoro.cafam.com.co\/libro2020\/#website\",\"url\":\"https:\/\/librosdeoro.cafam.com.co\/libro2020\/\",\"name\":\"Libros de Oro 2020\",\"description\":\"\",\"potentialAction\":[{\"@type\":\"SearchAction\",\"target\":{\"@type\":\"EntryPoint\",\"urlTemplate\":\"https:\/\/librosdeoro.cafam.com.co\/libro2020\/?s={search_term_string}\"},\"query-input\":\"required name=search_term_string\"}],\"inLanguage\":\"es-CO\"}]}<\/script>\n<!-- \/ Yoast SEO plugin. -->","yoast_head_json":{"title":"Hermana Susana Rodr\u00edguez Pe\u00f1a (q.e.p.d.) - Libros de Oro 2020","robots":{"index":"index","follow":"follow","max-snippet":"max-snippet:-1","max-image-preview":"max-image-preview:large","max-video-preview":"max-video-preview:-1"},"canonical":"https:\/\/librosdeoro.cafam.com.co\/libro2020\/hermana-susana-rodriguez-pena-q-e-p-d\/","og_locale":"es_ES","og_type":"article","og_title":"Hermana Susana Rodr\u00edguez Pe\u00f1a (q.e.p.d.) - Libros de Oro 2020","og_description":"Est\u00edmulo Era invidente, pero su esp\u00edritu siempre irradi\u00f3 luz. A trav\u00e9s de la radio motiv\u00f3 a la solidaridad y estimul\u00f3 la vida de ancianos, enfermos y limitados f\u00edsicos. Su obra, Camisur, Corporaci\u00f3n de Misioneros, agrupa a enfermos cr\u00f3nicos y f\u00edsicamente limitados.","og_url":"https:\/\/librosdeoro.cafam.com.co\/libro2020\/hermana-susana-rodriguez-pena-q-e-p-d\/","og_site_name":"Libros de Oro 2020","twitter_card":"summary_large_image","twitter_misc":{"Tiempo de lectura":"1 minuto"},"schema":{"@context":"https:\/\/schema.org","@graph":[{"@type":"WebPage","@id":"https:\/\/librosdeoro.cafam.com.co\/libro2020\/hermana-susana-rodriguez-pena-q-e-p-d\/","url":"https:\/\/librosdeoro.cafam.com.co\/libro2020\/hermana-susana-rodriguez-pena-q-e-p-d\/","name":"Hermana Susana Rodr\u00edguez Pe\u00f1a (q.e.p.d.) - Libros de Oro 2020","isPartOf":{"@id":"https:\/\/librosdeoro.cafam.com.co\/libro2020\/#website"},"datePublished":"2025-07-09T16:36:32+00:00","dateModified":"2025-07-09T16:36:32+00:00","breadcrumb":{"@id":"https:\/\/librosdeoro.cafam.com.co\/libro2020\/hermana-susana-rodriguez-pena-q-e-p-d\/#breadcrumb"},"inLanguage":"es-CO","potentialAction":[{"@type":"ReadAction","target":["https:\/\/librosdeoro.cafam.com.co\/libro2020\/hermana-susana-rodriguez-pena-q-e-p-d\/"]}]},{"@type":"BreadcrumbList","@id":"https:\/\/librosdeoro.cafam.com.co\/libro2020\/hermana-susana-rodriguez-pena-q-e-p-d\/#breadcrumb","itemListElement":[{"@type":"ListItem","position":1,"name":"Home","item":"https:\/\/librosdeoro.cafam.com.co\/libro2020\/"},{"@type":"ListItem","position":2,"name":"Hermana Susana Rodr\u00edguez Pe\u00f1a (q.e.p.d.)"}]},{"@type":"WebSite","@id":"https:\/\/librosdeoro.cafam.com.co\/libro2020\/#website","url":"https:\/\/librosdeoro.cafam.com.co\/libro2020\/","name":"Libros de Oro 2020","description":"","potentialAction":[{"@type":"SearchAction","target":{"@type":"EntryPoint","urlTemplate":"https:\/\/librosdeoro.cafam.com.co\/libro2020\/?s={search_term_string}"},"query-input":"required name=search_term_string"}],"inLanguage":"es-CO"}]}},"_links":{"self":[{"href":"https:\/\/librosdeoro.cafam.com.co\/libro2020\/wp-json\/wp\/v2\/pages\/3632","targetHints":{"allow":["GET"]}}],"collection":[{"href":"https:\/\/librosdeoro.cafam.com.co\/libro2020\/wp-json\/wp\/v2\/pages"}],"about":[{"href":"https:\/\/librosdeoro.cafam.com.co\/libro2020\/wp-json\/wp\/v2\/types\/page"}],"author":[{"embeddable":true,"href":"https:\/\/librosdeoro.cafam.com.co\/libro2020\/wp-json\/wp\/v2\/users\/4"}],"replies":[{"embeddable":true,"href":"https:\/\/librosdeoro.cafam.com.co\/libro2020\/wp-json\/wp\/v2\/comments?post=3632"}],"version-history":[{"count":1,"href":"https:\/\/librosdeoro.cafam.com.co\/libro2020\/wp-json\/wp\/v2\/pages\/3632\/revisions"}],"predecessor-version":[{"id":3633,"href":"https:\/\/librosdeoro.cafam.com.co\/libro2020\/wp-json\/wp\/v2\/pages\/3632\/revisions\/3633"}],"wp:attachment":[{"href":"https:\/\/librosdeoro.cafam.com.co\/libro2020\/wp-json\/wp\/v2\/media?parent=3632"}],"curies":[{"name":"wp","href":"https:\/\/api.w.org\/{rel}","templated":true}]}}