{"id":3283,"date":"2020-09-03T19:48:26","date_gmt":"2020-09-03T19:48:26","guid":{"rendered":"https:\/\/librosdeoro.cafam.com.co\/libro2020\/?page_id=3283"},"modified":"2020-09-16T00:23:47","modified_gmt":"2020-09-16T00:23:47","slug":"acta-n-01-de-2020","status":"publish","type":"page","link":"https:\/\/librosdeoro.cafam.com.co\/libro2020\/acta-n-01-de-2020\/","title":{"rendered":"Acta N\u00b0. 01 de 2020"},"content":{"rendered":"<div id='av_section_1'  class='avia-section main_color avia-section-default avia-no-border-styling  avia-bg-style-scroll  avia-builder-el-0  avia-builder-el-no-sibling   container_wrap sidebar_right' style='background-repeat: no-repeat; background-image: url(https:\/\/librosdeoro.cafam.com.co\/libro2020\/wp-content\/uploads\/sites\/9\/2020\/09\/Mesa-de-trabajo-5-1.png);background-attachment: scroll; background-position: top left;  '  data-section-bg-repeat='no-repeat'><div class='container' ><main  role=\"main\" itemprop=\"mainContentOfPage\"  class='template-page content  av-content-small alpha units'><div class='post-entry post-entry-type-page post-entry-3283'><div class='entry-content-wrapper clearfix'>\n<div  style='padding-bottom:10px; ' class='av-special-heading av-special-heading-h1  blockquote modern-quote modern-centered  avia-builder-el-1  el_before_av_one_half  avia-builder-el-first  '><h1 class='av-special-heading-tag '  itemprop=\"headline\"  >Acta Jurado<\/h1><div class='special-heading-border'><div class='special-heading-inner-border' ><\/div><\/div><\/div>\n<div class=\"flex_column av_one_half  flex_column_div av-zero-column-padding first  avia-builder-el-2  el_after_av_heading  el_before_av_one_half  \" style='border-radius:0px; '><section class=\"av_textblock_section \"  itemscope=\"itemscope\" itemtype=\"https:\/\/schema.org\/CreativeWork\" ><div class='avia_textblock  '   itemprop=\"text\" ><p style=\"text-align: justify;\">En Bogot\u00e1 D.C., a los 4 d\u00edas del mes de febrero del a\u00f1o 2020, en el Centro de Convenciones Cafam Floresta de la Caja de Compensaci\u00f3n Familiar Cafam, se reuni\u00f3 el Jurado Nacional del <strong>32\u00b0. Premio Cafam a la Mujer<\/strong>, integrado por:<\/p>\n<p style=\"text-align: justify;\">Mar\u00eda Luisa Mesa Zuleta, Mar\u00eda Teresa Peresson de Ria\u00f1o, Juan Lozano Ram\u00edrez, Germ\u00e1n Santamar\u00eda Barrag\u00e1n y el Padre Joaqu\u00edn S\u00e1nchez Garc\u00eda.<\/p>\n<p style=\"text-align: justify;\">Por Cafam asistieron el Director Administrativo, Dr. Luis Gonzalo Giraldo Mar\u00edn; la se\u00f1ora Martha Luc\u00eda Merch\u00e1n Sierra, Coordinadora del Premio Cafam a la Mujer y Adriana Mar\u00eda Vega Zarama, en calidad de secretaria <em>ad hoc<\/em>, de esta reuni\u00f3n.<\/p>\n<p style=\"text-align: justify;\">Siendo las 4:33 p.m. se inici\u00f3 la reuni\u00f3n con el prop\u00f3sito de elegir a las ganadoras de la trig\u00e9sima segunda edici\u00f3n del Premio.<\/p>\n<p style=\"text-align: justify;\">De acuerdo con la potestad del Jurado Nacional, consagrada en el Reglamento del Premio, en primera instancia se eligi\u00f3 a la finalista por Bogot\u00e1 D.C.; despu\u00e9s de observar los videos, considerar las entrevistas y analizar detenidamente la obra de cada una de las mujeres postuladas, el Jurado Nacional por mayor\u00eda eligi\u00f3 a JOHANA CAROLINA BAHAMON G\u00d3MEZ.<\/p>\n<p style=\"text-align: justify;\">As\u00ed mismo, se eligi\u00f3 a la finalista por el departamento del Tolima, pues para esta edici\u00f3n se cont\u00f3 con la participaci\u00f3n de las tres Cajas de Compensaci\u00f3n, present\u00e1ndose una representante por cada Caja: Cafasur, Comfenalco Tolima y Comfatolima. Despu\u00e9s de observar los videos, considerar las entrevistas y analizar detenidamente la obra de cada una de las mujeres postuladas, el Jurado Nacional por mayor\u00eda eligi\u00f3 a DIANA ROC\u00cdO PINEDA CA\u00d1\u00d3N.<\/p>\n<p><strong>\u00a0<\/strong><\/p>\n<\/div><\/section><\/div><div class=\"flex_column av_one_half  flex_column_div av-zero-column-padding   avia-builder-el-4  el_after_av_one_half  el_before_av_textblock  \" style='border-radius:0px; '><section class=\"av_textblock_section \"  itemscope=\"itemscope\" itemtype=\"https:\/\/schema.org\/CreativeWork\" ><div class='avia_textblock  '   itemprop=\"text\" ><p style=\"text-align: justify;\">Cada uno de los miembros del Jurado Nacional seleccion\u00f3 entre las 34 candidatas postuladas por los Jurados Regionales y Bogot\u00e1, finalistas, que, a su juicio, merecen ser ganadoras del Premio y de las dos menciones.<\/p>\n<p style=\"text-align: justify;\">De acuerdo con la votaci\u00f3n de todos los miembros del Jurado, las finalistas con mayor votaci\u00f3n fueron: Bogot\u00e1, Risaralda y Boyac\u00e1. El resultado final, es el siguiente:<\/p>\n<p style=\"text-align: justify;\"><strong>GANADORA del 32\u00ba Premio Cafam a la Mujer<\/strong>, JOHANA CAROLINA BAHAMON G\u00d3MEZ, finalista por el departamento de BOGOT\u00c1, postulada por LUZ ADRIANA C\u00d3MBITA MORENO.<\/p>\n<p style=\"text-align: justify;\"><strong>PRIMERA MENCI\u00d3N DE HONOR<\/strong>, MARCELA PINEDA ARANGO, finalista por el departamento de RISARALDA postulada por M\u00d3NICA MAR\u00cdA MAR\u00cdN GONZ\u00c1LEZ a trav\u00e9s de la Caja de Compensaci\u00f3n Familiar de Risaralda Comfamiliar Risaralda.<\/p>\n<p style=\"text-align: justify;\"><strong>SEGUNDA MENCI\u00d3N DE HONOR<\/strong>, OLGA YANETH BOCAREJO BUITRAGO, finalista por el Departamento de BOYAC\u00c1, postulada por ALEJANDRA CALDER\u00d3N MERCH\u00c1N.<\/p>\n<p style=\"text-align: justify;\">De acuerdo con el Reglamento, la entrega del 32\u00ba Premio Cafam a la Mujer y de las Menciones de Honor, se cumplir\u00e1 en acto especial en el Teatro Cafam, el d\u00eda jueves 5 de marzo de 2020, a partir de las 9:00 a. m.<\/p>\n<p style=\"text-align: justify;\">Siendo las 4:54 p. m. y cumpliendo con su objetivo, se dio por terminada la reuni\u00f3n.<\/p>\n<\/div><\/section><\/div><section class=\"av_textblock_section \"  itemscope=\"itemscope\" itemtype=\"https:\/\/schema.org\/CreativeWork\" ><div class='avia_textblock  '   itemprop=\"text\" ><p style=\"text-align: center;\"><strong>MAR\u00cdA LUISA MESA ZULETA <\/strong><\/p>\n<p style=\"text-align: center;\"><strong>MAR\u00cdA TERESA PERESSON DE RIA\u00d1O<\/strong><\/p>\n<p style=\"text-align: center;\"><strong>JUAN LOZANO RAM\u00cdREZ\u00a0 <\/strong><\/p>\n<p style=\"text-align: center;\"><strong>GERM\u00c1N SANTAMAR\u00cdA<\/strong><\/p>\n<p style=\"text-align: center;\"><strong>JOAQU\u00cdN S\u00c1NCHEZ GARC\u00cdA <\/strong><\/p>\n<p style=\"text-align: center;\"><strong>\u00a0<\/strong><strong>ADRIANA MAR\u00cdA VEGA ZARAMA <\/strong><\/p>\n<p style=\"text-align: center;\"><strong>Secretaria <em>ad hoc<\/em><\/strong><\/p>\n<p style=\"text-align: center;\"><strong>\u00a0<\/strong><\/p>\n<p style=\"text-align: center;\">Bogot\u00e1, 5 de febrero de 2020<\/p>\n<\/div><\/section>\n<\/div><\/div><\/main><!-- close content main element --><\/div><\/div><div id='after_section_1'  class='main_color av_default_container_wrap container_wrap sidebar_right' style=' '  ><div class='container' ><div class='template-page content  av-content-small alpha units'><div class='post-entry post-entry-type-page post-entry-3283'><div class='entry-content-wrapper clearfix'>\n","protected":false},"excerpt":{"rendered":"","protected":false},"author":2,"featured_media":0,"parent":0,"menu_order":0,"comment_status":"closed","ping_status":"closed","template":"","meta":{"footnotes":""},"class_list":["post-3283","page","type-page","status-publish","hentry"],"yoast_head":"<!-- This site is optimized with the Yoast SEO plugin v23.1 - https:\/\/yoast.com\/wordpress\/plugins\/seo\/ -->\n<title>Acta N\u00b0. 01 de 2020 - Libros de Oro 2020<\/title>\n<meta name=\"robots\" content=\"index, follow, max-snippet:-1, max-image-preview:large, max-video-preview:-1\" \/>\n<link rel=\"canonical\" href=\"https:\/\/librosdeoro.cafam.com.co\/libro2020\/acta-n-01-de-2020\/\" \/>\n<meta property=\"og:locale\" content=\"es_ES\" \/>\n<meta property=\"og:type\" content=\"article\" \/>\n<meta property=\"og:title\" content=\"Acta N\u00b0. 01 de 2020 - Libros de Oro 2020\" \/>\n<meta property=\"og:url\" content=\"https:\/\/librosdeoro.cafam.com.co\/libro2020\/acta-n-01-de-2020\/\" \/>\n<meta property=\"og:site_name\" content=\"Libros de Oro 2020\" \/>\n<meta property=\"article:modified_time\" content=\"2020-09-16T00:23:47+00:00\" \/>\n<meta name=\"twitter:card\" content=\"summary_large_image\" \/>\n<meta name=\"twitter:label1\" content=\"Tiempo de lectura\" \/>\n\t<meta name=\"twitter:data1\" content=\"5 minutos\" \/>\n<script type=\"application\/ld+json\" class=\"yoast-schema-graph\">{\"@context\":\"https:\/\/schema.org\",\"@graph\":[{\"@type\":\"WebPage\",\"@id\":\"https:\/\/librosdeoro.cafam.com.co\/libro2020\/acta-n-01-de-2020\/\",\"url\":\"https:\/\/librosdeoro.cafam.com.co\/libro2020\/acta-n-01-de-2020\/\",\"name\":\"Acta N\u00b0. 01 de 2020 - Libros de Oro 2020\",\"isPartOf\":{\"@id\":\"https:\/\/librosdeoro.cafam.com.co\/libro2020\/#website\"},\"datePublished\":\"2020-09-03T19:48:26+00:00\",\"dateModified\":\"2020-09-16T00:23:47+00:00\",\"breadcrumb\":{\"@id\":\"https:\/\/librosdeoro.cafam.com.co\/libro2020\/acta-n-01-de-2020\/#breadcrumb\"},\"inLanguage\":\"es-CO\",\"potentialAction\":[{\"@type\":\"ReadAction\",\"target\":[\"https:\/\/librosdeoro.cafam.com.co\/libro2020\/acta-n-01-de-2020\/\"]}]},{\"@type\":\"BreadcrumbList\",\"@id\":\"https:\/\/librosdeoro.cafam.com.co\/libro2020\/acta-n-01-de-2020\/#breadcrumb\",\"itemListElement\":[{\"@type\":\"ListItem\",\"position\":1,\"name\":\"Home\",\"item\":\"https:\/\/librosdeoro.cafam.com.co\/libro2020\/\"},{\"@type\":\"ListItem\",\"position\":2,\"name\":\"Acta N\u00b0. 01 de 2020\"}]},{\"@type\":\"WebSite\",\"@id\":\"https:\/\/librosdeoro.cafam.com.co\/libro2020\/#website\",\"url\":\"https:\/\/librosdeoro.cafam.com.co\/libro2020\/\",\"name\":\"Libros de Oro 2020\",\"description\":\"\",\"potentialAction\":[{\"@type\":\"SearchAction\",\"target\":{\"@type\":\"EntryPoint\",\"urlTemplate\":\"https:\/\/librosdeoro.cafam.com.co\/libro2020\/?s={search_term_string}\"},\"query-input\":\"required name=search_term_string\"}],\"inLanguage\":\"es-CO\"}]}<\/script>\n<!-- \/ Yoast SEO plugin. -->","yoast_head_json":{"title":"Acta N\u00b0. 01 de 2020 - Libros de Oro 2020","robots":{"index":"index","follow":"follow","max-snippet":"max-snippet:-1","max-image-preview":"max-image-preview:large","max-video-preview":"max-video-preview:-1"},"canonical":"https:\/\/librosdeoro.cafam.com.co\/libro2020\/acta-n-01-de-2020\/","og_locale":"es_ES","og_type":"article","og_title":"Acta N\u00b0. 01 de 2020 - Libros de Oro 2020","og_url":"https:\/\/librosdeoro.cafam.com.co\/libro2020\/acta-n-01-de-2020\/","og_site_name":"Libros de Oro 2020","article_modified_time":"2020-09-16T00:23:47+00:00","twitter_card":"summary_large_image","twitter_misc":{"Tiempo de lectura":"5 minutos"},"schema":{"@context":"https:\/\/schema.org","@graph":[{"@type":"WebPage","@id":"https:\/\/librosdeoro.cafam.com.co\/libro2020\/acta-n-01-de-2020\/","url":"https:\/\/librosdeoro.cafam.com.co\/libro2020\/acta-n-01-de-2020\/","name":"Acta N\u00b0. 01 de 2020 - Libros de Oro 2020","isPartOf":{"@id":"https:\/\/librosdeoro.cafam.com.co\/libro2020\/#website"},"datePublished":"2020-09-03T19:48:26+00:00","dateModified":"2020-09-16T00:23:47+00:00","breadcrumb":{"@id":"https:\/\/librosdeoro.cafam.com.co\/libro2020\/acta-n-01-de-2020\/#breadcrumb"},"inLanguage":"es-CO","potentialAction":[{"@type":"ReadAction","target":["https:\/\/librosdeoro.cafam.com.co\/libro2020\/acta-n-01-de-2020\/"]}]},{"@type":"BreadcrumbList","@id":"https:\/\/librosdeoro.cafam.com.co\/libro2020\/acta-n-01-de-2020\/#breadcrumb","itemListElement":[{"@type":"ListItem","position":1,"name":"Home","item":"https:\/\/librosdeoro.cafam.com.co\/libro2020\/"},{"@type":"ListItem","position":2,"name":"Acta N\u00b0. 01 de 2020"}]},{"@type":"WebSite","@id":"https:\/\/librosdeoro.cafam.com.co\/libro2020\/#website","url":"https:\/\/librosdeoro.cafam.com.co\/libro2020\/","name":"Libros de Oro 2020","description":"","potentialAction":[{"@type":"SearchAction","target":{"@type":"EntryPoint","urlTemplate":"https:\/\/librosdeoro.cafam.com.co\/libro2020\/?s={search_term_string}"},"query-input":"required name=search_term_string"}],"inLanguage":"es-CO"}]}},"_links":{"self":[{"href":"https:\/\/librosdeoro.cafam.com.co\/libro2020\/wp-json\/wp\/v2\/pages\/3283","targetHints":{"allow":["GET"]}}],"collection":[{"href":"https:\/\/librosdeoro.cafam.com.co\/libro2020\/wp-json\/wp\/v2\/pages"}],"about":[{"href":"https:\/\/librosdeoro.cafam.com.co\/libro2020\/wp-json\/wp\/v2\/types\/page"}],"author":[{"embeddable":true,"href":"https:\/\/librosdeoro.cafam.com.co\/libro2020\/wp-json\/wp\/v2\/users\/2"}],"replies":[{"embeddable":true,"href":"https:\/\/librosdeoro.cafam.com.co\/libro2020\/wp-json\/wp\/v2\/comments?post=3283"}],"version-history":[{"count":5,"href":"https:\/\/librosdeoro.cafam.com.co\/libro2020\/wp-json\/wp\/v2\/pages\/3283\/revisions"}],"predecessor-version":[{"id":3854,"href":"https:\/\/librosdeoro.cafam.com.co\/libro2020\/wp-json\/wp\/v2\/pages\/3283\/revisions\/3854"}],"wp:attachment":[{"href":"https:\/\/librosdeoro.cafam.com.co\/libro2020\/wp-json\/wp\/v2\/media?parent=3283"}],"curies":[{"name":"wp","href":"https:\/\/api.w.org\/{rel}","templated":true}]}}