{"version":"1.0","provider_name":"Libros de Oro 2020","provider_url":"https:\/\/librosdeoro.cafam.com.co\/libro2020","author_name":"Libros de Oro 2020","author_url":"https:\/\/librosdeoro.cafam.com.co\/libro2020","title":"Mar\u00eda Concepci\u00f3n Matabanchoy - Libros de Oro 2020","type":"rich","width":600,"height":338,"html":"<blockquote class=\"wp-embedded-content\" data-secret=\"qwJL5QtAlJ\"><a href=\"https:\/\/librosdeoro.cafam.com.co\/libro2020\/maria-concepcion-matabanchoy\/\">Mar\u00eda Concepci\u00f3n Matabanchoy<\/a><\/blockquote><iframe sandbox=\"allow-scripts\" security=\"restricted\" src=\"https:\/\/librosdeoro.cafam.com.co\/libro2020\/maria-concepcion-matabanchoy\/embed\/#?secret=qwJL5QtAlJ\" width=\"600\" height=\"338\" title=\"&#8220;Mar\u00eda Concepci\u00f3n Matabanchoy&#8221; &#8212; Libros de Oro 2020\" data-secret=\"qwJL5QtAlJ\" frameborder=\"0\" marginwidth=\"0\" marginheight=\"0\" scrolling=\"no\" class=\"wp-embedded-content\"><\/iframe><script type=\"text\/javascript\">\n\/* <![CDATA[ *\/\n\/*! This file is auto-generated *\/\n!function(d,l){\"use strict\";l.querySelector&&d.addEventListener&&\"undefined\"!=typeof URL&&(d.wp=d.wp||{},d.wp.receiveEmbedMessage||(d.wp.receiveEmbedMessage=function(e){var t=e.data;if((t||t.secret||t.message||t.value)&&!\/[^a-zA-Z0-9]\/.test(t.secret)){for(var s,r,n,a=l.querySelectorAll('iframe[data-secret=\"'+t.secret+'\"]'),o=l.querySelectorAll('blockquote[data-secret=\"'+t.secret+'\"]'),c=new RegExp(\"^https?:$\",\"i\"),i=0;i<o.length;i++)o[i].style.display=\"none\";for(i=0;i<a.length;i++)s=a[i],e.source===s.contentWindow&&(s.removeAttribute(\"style\"),\"height\"===t.message?(1e3<(r=parseInt(t.value,10))?r=1e3:~~r<200&&(r=200),s.height=r):\"link\"===t.message&&(r=new URL(s.getAttribute(\"src\")),n=new URL(t.value),c.test(n.protocol))&&n.host===r.host&&l.activeElement===s&&(d.top.location.href=t.value))}},d.addEventListener(\"message\",d.wp.receiveEmbedMessage,!1),l.addEventListener(\"DOMContentLoaded\",function(){for(var e,t,s=l.querySelectorAll(\"iframe.wp-embedded-content\"),r=0;r<s.length;r++)(t=(e=s[r]).getAttribute(\"data-secret\"))||(t=Math.random().toString(36).substring(2,12),e.src+=\"#?secret=\"+t,e.setAttribute(\"data-secret\",t)),e.contentWindow.postMessage({message:\"ready\",secret:t},\"*\")},!1)))}(window,document);\n\/* ]]> *\/\n<\/script>\n","description":"Preservaci\u00f3n \u201cLa tierra no es una herencia de mis padres, sino un pr\u00e9stamo de nuestros hijos\u201d, aseveraci\u00f3n que resume su gesti\u00f3n ecol\u00f3gica en defensa de los recursos naturales en Nari\u00f1o y, en particular, para la conservaci\u00f3n de la laguna de la Cocha."}

María Concepción Matabanchoy - Libros de Oro 2020

<blockquote class="wp-embedded-content" data-secret="qwJL5QtAlJ"><a href="https://librosdeoro.cafam.com.co/libro2020/maria-concepcion-matabanchoy/">María Concepción Matabanchoy</a></blockquote><iframe sandbox="allow-scripts" security="restricted" src="https://librosdeoro.cafam.com.co/libro2020/maria-concepcion-matabanchoy/embed/#?secret=qwJL5QtAlJ" width="600" height="338" title="&#8220;María Concepción Matabanchoy&#8221; &#8212; Libros de Oro 2020" data-secret="qwJL5QtAlJ" frameborder="0" marginwidth="0" marginheight="0" scrolling="no" class="wp-embedded-content"></iframe><script type="text/javascript">
/* <![CDATA[ */
/*! This file is auto-generated */
!function(d,l){"use strict";l.querySelector&&d.addEventListener&&"undefined"!=typeof URL&&(d.wp=d.wp||{},d.wp.receiveEmbedMessage||(d.wp.receiveEmbedMessage=function(e){var t=e.data;if((t||t.secret||t.message||t.value)&&!/[^a-zA-Z0-9]/.test(t.secret)){for(var s,r,n,a=l.querySelectorAll('iframe[data-secret="'+t.secret+'"]'),o=l.querySelectorAll('blockquote[data-secret="'+t.secret+'"]'),c=new RegExp("^https?:$","i"),i=0;i<o.length;i++)o[i].style.display="none";for(i=0;i<a.length;i++)s=a[i],e.source===s.contentWindow&&(s.removeAttribute("style"),"height"===t.message?(1e3<(r=parseInt(t.value,10))?r=1e3:~~r<200&&(r=200),s.height=r):"link"===t.message&&(r=new URL(s.getAttribute("src")),n=new URL(t.value),c.test(n.protocol))&&n.host===r.host&&l.activeElement===s&&(d.top.location.href=t.value))}},d.addEventListener("message",d.wp.receiveEmbedMessage,!1),l.addEventListener("DOMContentLoaded",function(){for(var e,t,s=l.querySelectorAll("iframe.wp-embedded-content"),r=0;r<s.length;r++)(t=(e=s[r]).getAttribute("data-secret"))||(t=Math.random().toString(36).substring(2,12),e.src+="#?secret="+t,e.setAttribute("data-secret",t)),e.contentWindow.postMessage({message:"ready",secret:t},"*")},!1)))}(window,document);
/* ]]> */
</script>

Preservación “La tierra no es una herencia de mis padres, sino un préstamo de nuestros hijos”, aseveración que resume su gestión ecológica en defensa de los recursos naturales en Nariño y, en particular, para la conservación de la laguna de la Cocha.
